-- Adminer 4.3.1 MySQL dump

SET foreign_key_checks = 0;
SET sql_mode = 'NO_AUTO_VALUE_ON_ZERO';

CREATE TABLE `account` (
  `id` varchar(30) NOT NULL,
  `type` int(11) NOT NULL,
  `username` varchar(30) NOT NULL,
  `password` varchar(60) NOT NULL,
  `email` varchar(100) DEFAULT NULL,
  `full_name` varchar(100) DEFAULT NULL,
  `phone` varchar(30) DEFAULT NULL,
  `address` text,
  `role` tinyint(1) NOT NULL,
  `shopId` int(11) DEFAULT NULL,
  `status` tinyint(1) DEFAULT NULL,
  `preferences` varchar(500) NOT NULL,
  `favorite_shops` varchar(500) NOT NULL,
  `favorite_products` varchar(500) NOT NULL,
  `city` varchar(200) NOT NULL,
  `zip_code` varchar(200) NOT NULL,
  `subscription_type` int(1) NOT NULL,
  `isCannotSendRequest` int(1) DEFAULT '0',
  PRIMARY KEY (`id`)
) ENGINE=InnoDB DEFAULT CHARSET=utf8;

INSERT INTO `account` (`id`, `type`, `username`, `password`, `email`, `full_name`, `phone`, `address`, `role`, `shopId`, `status`, `preferences`, `favorite_shops`, `favorite_products`, `city`, `zip_code`, `subscription_type`, `isCannotSendRequest`) VALUES
('1397811111',	0,	'shopowner',	'd033e22ae348aeb5660fc2140aec35850c4da997',	'shopowner@gmail.com',	'Johnny',	'0123756789 1',	'12 King Street',	1,	0,	1,	'{\"cityID\":\"\",\"categoryId\":\"14\",\"type\":\"PRODUCT\",\"status\":\"ALL\",\"sortType\":\"asc\",\"sortBy\":\"name\",\"distance\":\"10.0\"}',	'',	',1,',	'Bangalore',	'100000',	1,	0),
('1414741099',	0,	'harryac',	'a993f9456c54fd6c1de7deb0ef01def416fcbddc',	'hicom.harry@gmail.com',	'Harry',	'0123456789',	'PO Box 668132, Charlotte, NC',	0,	0,	1,	'',	'',	'',	'',	'',	0,	0),
('1432348471',	0,	'storekeeper ',	'd033e22ae348aeb5660fc2140aec35850c4da997',	'storekeeper @gmail.com',	'Store Keeper ',	'123456789',	'123 King Street',	3,	39,	1,	'',	'',	'',	'Melbourne',	'210000',	0,	0),
('1432968757',	0,	'tester',	'd033e22ae348aeb5660fc2140aec35850c4da997',	'drimhomzteam@gmail.com',	'صثق',	'255657685268',	'PO Box 668132, Charlotte, NC',	1,	0,	1,	'{\"cityID\":\"\",\"categoryId\":\"\",\"type\":\"PRODUCT\",\"status\":\"OPEN\",\"sortType\":\"asc\",\"sortBy\":\"name\",\"distance\":\"0.0\"}',	',44,39,41,51,40,57,',	'2,7,65,24,1,5,35,20,',	'charlotte',	'2551',	1,	0),
('1481529010',	0,	'tonyhi',	'7c4a8d09ca3762af61e59520943dc26494f8941b',	'hicomtony@gmail.com',	'Tony',	'424620505',	'Blackburn Road',	0,	NULL,	1,	'',	'',	',13,',	'Blackburn Melbourne',	'500000',	0,	0),
('1481612156',	0,	'thomasshop',	'7c4a8d09ca3762af61e59520943dc26494f8941b',	'hicomthomas@gmail.com',	'Thomas',	'+61424620505',	'Unit 2/66, Blackburn Road, Blackburn',	1,	NULL,	1,	'',	'',	'',	'Melbourne',	'3130',	0,	0),
('1481615705',	0,	'zanass',	'7c4a8d09ca3762af61e59520943dc26494f8941b',	'lindahii@gmail.com',	'Nana',	'+61424620505',	'Unit 5/66, Blackburn Road, Blackburn',	1,	NULL,	1,	'',	'',	'',	'Melbourne',	'3130',	0,	0),
('1481616699',	0,	'katarina',	'7c4a8d09ca3762af61e59520943dc26494f8941b',	'katarinahii@gmail.com',	'Katarina',	'+61424620505',	'68 Blackburn Road',	1,	NULL,	1,	'',	'',	'',	'Melbourne',	'3130',	1,	0),
('1481623122',	0,	'lindahii',	'7c4a8d09ca3762af61e59520943dc26494f8941b',	'hi.comtim@gmail.com',	'Linda',	'4242620505',	'68 Blackburn Road',	1,	NULL,	1,	'',	'',	'',	'Melbourne',	'3130',	0,	0),
('1481625244',	0,	'davidhii',	'7c4a8d09ca3762af61e59520943dc26494f8941b',	'hicomdavid@gmail.com',	'David',	'620505666',	'132 Blackburn',	0,	NULL,	1,	'',	'',	'',	'Melbourne',	'3130',	0,	0),
('1484715193',	1,	'buingocha6789@gmail.com',	'3ffcb6d9af75145a3c89f0044c40323afc710167',	'buingocha6789@gmail.com',	'Ha',	'0123123123',	'dan phuong',	0,	NULL,	1,	'',	'',	',21,22,',	'ha noi',	'10000',	0,	0),
('1484721722',	1,	'habn2017@gmail.com',	'99098ee73466e2ee6aacadc08a234769ee98eca1',	'habn2017@gmail.com',	'Ha Ha',	'',	'',	0,	NULL,	1,	'',	'',	'',	'',	'',	0,	0),
('1484723103',	0,	'hahaha123',	'601f1889667efaebb33b8c12572835da3f027f78',	'habn@gmail.com',	'Ha',	'123123123',	'123123',	0,	NULL,	1,	'',	'',	'',	'123123',	'123123',	0,	0),
('1487932296',	0,	'james',	'd033e22ae348aeb5660fc2140aec35850c4da997',	'gdd@gbf.com',	'james',	'5885',	'dfgg',	0,	NULL,	1,	'',	'',	'',	'dcgg',	'75566',	0,	0),
('1487932831',	1,	'fruity.minhtuan@gmail.com',	'3f04a307f861f2cc27d1e09bd4fb7e12f7d3911f',	'fruity.minhtuan@gmail.com',	'Doan Minh Doan Minh',	'',	'',	0,	NULL,	1,	'',	'',	'',	'',	'',	0,	0),
('1488016012',	1,	'huybkaptech@gmail.com',	'1ab991266e763180a31631b5b3d7583fabf32f7a',	'huybkaptech@gmail.com',	'Huy Huy',	'',	'',	0,	NULL,	1,	'',	'',	'',	'',	'',	0,	0),
('1488016126',	0,	'tester1987',	'7c4a8d09ca3762af61e59520943dc26494f8941b',	'tester123@gmail.com',	'david pham',	'097686464',	'Dong Ngac',	0,	NULL,	1,	'',	'',	'',	'Ha Noi',	'10000',	0,	0),
('1488452667',	1,	'hicom.register@gmail.com',	'9ad3be45862db15956117b04d70724083ffa63cf',	'hicom.register@gmail.com',	'John Pham',	'',	'',	0,	NULL,	1,	'{\"cityID\":\"\",\"categoryId\":\"13\",\"type\":\"SHOP\",\"status\":\"ALL\",\"sortType\":\"asc\",\"sortBy\":\"name\",\"distance\":\"0\"}',	'',	',5,',	'',	'',	0,	0),
('1488505808',	0,	'hicomdavid',	'7c4a8d09ca3762af61e59520943dc26494f8941b',	'hicom.david@gmail.com',	'Hicom David',	'8797646454',	'Address',	0,	NULL,	1,	'',	'',	'',	'City',	'10000',	0,	0),
('1488516592',	1,	'phamvandiep93@yahoo.com',	'bd996746b8417c2702cad812ebf8be071fbc6308',	'phamvandiep93@yahoo.com',	'Phạm Điệp',	'849464545',	'address',	1,	NULL,	1,	'{\"cityID\":\"\",\"status\":\"ALL\",\"sortBy\":\"name\",\"distance\":\"0.0\",\"sortType\":\"asc\",\"categoryId\":\"\",\"type\":\"SHOP\"}',	'',	'',	'Bangalore',	'10000',	0,	0),
('1492576113',	0,	'alfredo',	'9288c32c5b731f34bc29b0f57ffae6d0fe2f4650',	'troncosodiaza@gmail.com',	'Troncoso ',	'333333333',	'333',	1,	NULL,	1,	'',	'',	'',	'333',	'333',	0,	0),
('1493275818',	0,	'perlatroncoso22',	'06fb5b51b5849c42c5457731d55c0e97b29ea55c',	'perla.td@gmail.com',	'Perla Troncoso',	'6182104756',	'Bvld. Durango 116',	1,	NULL,	1,	'',	'',	'',	'Durango',	'34116',	0,	1),
('1493385143',	0,	'shopowner1',	'47fdab4d1568ae4946045dbf6fa3cd4a21b1e740',	'shopowner@shopowner.com',	'shopowner',	'shopowner',	'shopowner',	0,	NULL,	1,	'',	'',	'',	'shopowner',	'shopowner',	0,	0),
('1494497660',	1,	'pham_cuong95@yahoo.com',	'156c936b7866436c1ee59b83f7991230803902e1',	'pham_cuong95@yahoo.com',	'Cuong Pham Manh',	'',	'',	0,	NULL,	1,	'',	'',	'',	'',	'',	0,	0),
('1495008909',	0,	'hicom.logan',	'd033e22ae348aeb5660fc2140aec35850c4da997',	'hicom.logan@gmail.com',	'Logan',	'123456789',	'Hicom',	0,	NULL,	1,	'{\"cityID\":\"\",\"status\":\"ALL\",\"sortBy\":\"name\",\"distance\":\"6.4\",\"sortType\":\"asc\",\"categoryId\":\"13\",\"type\":\"SHOP\"}',	',38,',	',1,',	'Ncnx',	'2445649',	0,	0),
('1495009925',	1,	'comdt.vcu@gmail.com',	'957e360c931ae01163cba472abab994b8c63949d',	'comdt.vcu@gmail.com',	'Mai Anh',	'',	'',	0,	NULL,	1,	'',	'',	'',	'',	'',	0,	0),
('1495526744',	0,	'logan',	'd033e22ae348aeb5660fc2140aec35850c4da997',	'logan@gmail.com',	'Logan',	'123456',	'Hm',	0,	NULL,	1,	'',	'',	'',	'Hn',	'12345',	0,	0),
('1495684720',	0,	'xfbsfg',	'7c222fb2927d828af22f592134e8932480637c0d',	'gzdgaegae@gmzil.com',	'dfbsrgb',	'468915465165915',	'dbgrbgbrg',	0,	NULL,	1,	'',	'',	'',	'efbrbgrbg',	'1837373',	0,	0),
('1495775393',	0,	'Lwifunyo',	'547943022f6887f56587eaceb478936f34bf868a',	'lmangula@yahoo.com',	'Lwifunyo Mangula',	'0657685268',	'Dar es Salaam, Salasala',	1,	NULL,	1,	'',	'',	'',	'Bangalore',	'255',	1,	0),
('1495781643',	0,	'John',	'0391a070bac3c6ef502eac282e4e997e2dcc33df',	'lwifunyomangula@gmail.com',	'John Festo',	'0753011750',	'Dar es Salaam',	4,	57,	1,	'',	'',	'',	'Dar es Salaam',	'255',	0,	0),
('1497509662',	1,	'logan.hicom@gmail.com',	'f139f189f7cd7bb8caa1762849c8c6547853a777',	'logan.hicom@gmail.com',	'Hicom Logan',	'',	'',	0,	NULL,	1,	'',	'',	'',	'',	'',	0,	0),
('1497515994',	0,	'testerbx',	'68d8093a74fd52a94a73727f435a4341d3a821d5',	'djleftmp3@gmail.com',	'Ty Harris',	'3477777777',	'1049 Over There Street',	0,	NULL,	1,	'',	'',	',',	'Bronx',	'10459',	0,	0),
('1498710985',	1,	'nhacchotop@gmail.com',	'ca419c8bfecb418d3ff5a5e6671efb7d129dc243',	'nhacchotop@gmail.com',	'Mai Anh',	'',	'',	0,	NULL,	1,	'',	'',	'',	'Bangalore',	'100000',	0,	0),
('1500395280',	0,	'tactics',	'7c4a8d09ca3762af61e59520943dc26494f8941b',	'dd@dog.con',	'Pp',	'23565566',	'Tygy',	0,	NULL,	1,	'',	',',	'',	'Rgh',	'222',	0,	0),
('1500488240',	0,	'Philippe',	'40bd001563085fc35165329ea1ff5c5ecbdbbeef',	'pierrejphilippe@gmail.com',	'Philippe',	'38067930',	'23, Village Septembre rte de frere',	0,	NULL,	1,	'{\"cityID\":\"28\",\"categoryId\":\"\",\"type\":\"SHOP\",\"status\":\"OPEN\",\"sortType\":\"asc\",\"sortBy\":\"name\",\"distance\":\"10.0\"}',	'',	'',	'Paup',	'HT6120',	0,	0),
('1500488406',	0,	'haproadmin',	'7c4a8d09ca3762af61e59520943dc26494f8941b',	'fdugue@icloud.com',	'jean-philip',	'',	'pv',	1,	NULL,	1,	'',	'',	'',	'Port-au-Prince',	'509',	0,	0),
('1500495019',	0,	'carlhens017',	'82379017a05706e4f8b0ea9a4f000825675b4a65',	'carlhens017@gmail.com',	'Carl-Hens Fievre',	'+50931504040',	'Delmas',	1,	NULL,	1,	'',	'',	'',	'Port-au-Prince',	'3131',	0,	0),
('1500518661',	0,	'bi',	'bf3bb6cc709abb8df7b330a15c6e19d8ef49d6d2',	'bi@gmail.com',	'Bi',	'0984545',	'Gaga',	0,	NULL,	1,	'{\"distance\":\"0.0\",\"type\":\"PRODUCT\",\"cityID\":\"\",\"categoryId\":\"\",\"sortBy\":\"name\",\"status\":\"ALL\",\"sortType\":\"asc\"}',	'',	'',	'Vav',	'10000',	0,	0),
('1500518951',	1,	'leekimtan78@gmail.com',	'452c3c615ca10d20ab841149ec3733b24cc199b1',	'leekimtan78@gmail.com',	'Tan Kim',	'',	'',	0,	NULL,	1,	'',	'',	'',	'',	'',	0,	0),
('1500519236',	0,	'ba',	'7c4a8d09ca3762af61e59520943dc26494f8941b',	'ba@gmail.com',	'Ba',	'09124545',	'Hgs',	0,	NULL,	1,	'',	'',	'',	'Hsh',	'646',	0,	0),
('1500519473',	0,	'bibi',	'3d4f2bf07dc1be38b20cd6e46949a1071f9d0e3d',	'bibi@gmail.com',	'Bibi',	'09422454',	'Hshgsg',	0,	NULL,	1,	'',	'',	'',	'Hag',	'545',	0,	0),
('1500535542',	1,	'when.love1@yahoo.com.vn',	'd7291dace86dc61ec03d7d1598d1f0dab9af493e',	'when.love1@yahoo.com.vn',	'Hoang Hoang',	'',	'',	0,	NULL,	1,	'{\"cityID\":\"\",\"categoryId\":\"\",\"type\":\"SHOP\",\"status\":\"OPEN\",\"sortType\":\"asc\",\"sortBy\":\"name\",\"distance\":\"4.5\"}',	'',	',19,',	'',	'',	0,	0),
('1501583711',	1,	'truongnv1292@gmail.com',	'7c4a8d09ca3762af61e59520943dc26494f8941b',	'truongnv1292@gmail.com',	'Truong',	'0213549486',	'hanoi',	0,	NULL,	1,	'',	',40,',	',21,',	'hanoi',	'15366',	0,	0),
('1501835257',	0,	'bi123',	'7c4a8d09ca3762af61e59520943dc26494f8941b',	'bi123@gmail.com',	'Bi',	'0975788',	'Gag',	0,	NULL,	1,	'',	'',	'',	'Agg',	'1243',	0,	0),
('1501859994',	1,	'xion_eternal@hotmail.com',	'b3c2a9c55e06db3eadd7ecc640f944fc41257745',	'xion_eternal@hotmail.com',	'Jose Luis Escamilla Cuevas',	'',	'',	0,	NULL,	1,	'{\"cityID\":\"1\",\"status\":\"OPEN\",\"sortBy\":\"name\",\"distance\":\"0.0\",\"sortType\":\"desc\",\"categoryId\":\"\",\"type\":\"SHOP\"}',	',38,',	',1,',	'',	'',	0,	0),
('1501889333',	0,	'demo',	'7c4a8d09ca3762af61e59520943dc26494f8941b',	'joseescamilla18@gmail.com',	'Jose',	'0864531329',	'Melipilla',	0,	NULL,	0,	'{\"cityID\":\"\",\"status\":\"ALL\",\"sortBy\":\"rate\",\"distance\":\"0.0\",\"sortType\":\"desc\",\"categoryId\":\"\",\"type\":\"PRODUCT\"}',	'',	',3,13,',	'Melipilla',	'00002',	0,	0),
('1502266717',	1,	'josdoankiem@gmail.com',	'171652586b9eb20be3381c0c4c51bf3bfa70172f',	'josdoankiem@gmail.com',	'James James',	'123456789',	'32 Box 1, Vic 3200',	0,	NULL,	1,	'',	'',	'',	'Victoria',	'879000',	0,	0),
('1502434255',	0,	'truongnv1292',	'0525e6deaf3d04748310ec45be0db89038bde8ef',	'truongnv129@gmail.com',	'truong',	'0123456786',	'hanoi',	0,	NULL,	1,	'',	'',	'',	'hanoi',	'122738',	0,	0),
('1502848852',	0,	'sonhoang',	'7c222fb2927d828af22f592134e8932480637c0d',	'sonhoang.ithubt@gmail.com',	'Son Hoang',	'5466664',	'abciiiw',	1,	NULL,	1,	'',	'',	'',	'Bangalore',	'18884',	0,	0),
('1502940999',	0,	'cliente',	'7c4a8d09ca3762af61e59520943dc26494f8941b',	'jescamilla@oneduc.cl',	'ejemplo',	'8736457',	'dirección de ejmplo',	1,	NULL,	0,	'',	'',	'',	'Banjul',	'00009',	0,	0),
('1502956208',	1,	'adi_psimonly@yahoo.com',	'03673bf49a82730655e75df49279b2d2d6bf5c5f',	'adi_psimonly@yahoo.com',	'Himawan Himawan',	'',	'',	0,	NULL,	1,	'',	'',	'',	'',	'',	0,	0),
('1502975195',	0,	'zorojo',	'92f9469bd545b694eaafccc4f6eeaf9f53ed03d3',	'zorojo@gmail.com',	'zorojo',	'995484522',	'address',	0,	NULL,	1,	'',	'',	'',	'city',	'61',	0,	0),
('1503292478',	0,	'vanny',	'92f9469bd545b694eaafccc4f6eeaf9f53ed03d3',	'vmejiah@gmail.com',	'Vanny Mejia',	'6458884',	'calle 2 jesus maria',	0,	NULL,	1,	'',	',38,',	'',	'lima',	'51',	0,	0),
('1503785886',	1,	'amir.samadaghaei@gmail.com',	'46e5fc1af09305f7a2ac931d9d36ca35f06d8a05',	'amir.samadaghaei@gmail.com',	'Amir Amir',	'',	'',	0,	NULL,	1,	'',	'',	'',	'',	'',	0,	0),
('1504016666',	1,	'fajarbangko@gmail.com',	'c4531a5203b61a31723854a437d8d01761b21e4b',	'fajarbangko@gmail.com',	'FajarID',	'082246197193',	'jln_jendral_sudirman km.1',	0,	NULL,	1,	'',	'',	'',	'bangko',	'37314',	0,	0),
('1504019059',	0,	'pascal',	'601c310501812439c18d9fbd05e97282ea542f0e',	'pascaldxp@gmail.com',	'pascal',	'3467156200',	'771 w Butler',	0,	NULL,	1,	'',	'',	'',	'Mauldin',	'29662',	0,	0),
('1504151352',	0,	'Johnb',	'9ca805b95c285877d9105ab24dae7ca76e500143',	'johnbabysg@yahoo.com',	'John Baby',	'9199069100',	'singapore',	0,	NULL,	0,	'',	'',	'',	'Banjul',	'650103',	0,	0),
('1505191624',	0,	'bibi123',	'7c4a8d09ca3762af61e59520943dc26494f8941b',	'bibi123@gmail.com',	'Bibi123',	'087841',	'Viet Nam',	0,	NULL,	1,	'',	'',	'',	'Ha Noi',	'20000',	0,	0),
('1505229411',	1,	'tinderella7654@gmail.com',	'459fc0353275135fe5e443d0fcc5e89f66359639',	'tinderella7654@gmail.com',	'Ella Trind',	'',	'',	0,	NULL,	1,	'',	'',	'',	'',	'',	0,	0),
('1505503851',	0,	'hellboy',	'd52a2645f39d08a63779abff922d4e16db132474',	'boy@hotmail.com',	'hell',	'123456789',	'rt 3 gfbnb',	0,	NULL,	1,	'',	'',	'',	'goga',	'00000',	0,	0),
('1505677354',	1,	'flyflyerson4@gmail.com',	'1b1c6c7e592f7d794d30121c83fed15682fd6190',	'flyflyerson4@gmail.com',	'John Teslie',	'',	'',	0,	NULL,	1,	'',	'',	'',	'',	'',	0,	0),
('1505805629',	0,	'ebeano',	'7c4a1717b49e14830c06371d0cbc1ce63047741f',	'ebeano@gmail.com',	'ebeano',	'2147635409',	'ebeano',	0,	NULL,	1,	'{\"cityID\":\"\",\"categoryId\":\"\",\"type\":\"SHOP\",\"status\":\"ALL\",\"sortType\":\"asc\",\"sortBy\":\"name\",\"distance\":\"0\"}',	'',	',21,',	'Banjul',	'33333',	0,	0),
('1505936462',	0,	'lamin',	'b669759e8b443558d08940fb0851d660a8dac8e0',	'lamin@gmail.com',	'Lamin',	'07005552452',	'12 street',	0,	NULL,	1,	'{\"cityID\":\"1\",\"categoryId\":\"\",\"type\":\"SHOP\",\"status\":\"ALL\",\"sortType\":\"asc\",\"sortBy\":\"name\",\"distance\":\"0\"}',	'',	'',	'London',	'123565',	0,	0),
('1508585783',	0,	'anil',	'7c4a8d09ca3762af61e59520943dc26494f8941b',	'anilckt@gmail.com',	'anil',	'9876543210',	'hfgh',	0,	NULL,	1,	'{\"cityID\":\"25\",\"categoryId\":\"\",\"type\":\"SHOP\",\"status\":\"ALL\",\"sortType\":\"asc\",\"sortBy\":\"name\",\"distance\":\"0\"}',	'',	'',	'Banjul',	'245678',	0,	0),
('1508907358',	1,	'coinspower@gmail.com',	'ce2364551da48dee5bf20fd062e7ee52561c950b',	'coinspower@gmail.com',	'Coins Coins',	'9911501009',	'patiyali sidhpura road, Hathauravan, Kasganj',	0,	NULL,	1,	'',	'',	'',	'Kasganj',	'207243',	0,	0),
('1510589062',	0,	'jedo',	'cffe6493764f568f6fde921ea916d1c599c50474',	'jedo145@gmail.com',	'jedo',	'123',	'jedo',	0,	NULL,	1,	'',	'',	',1,',	'jedi',	'123',	0,	0),
('1510686701',	1,	'woollarda55@gmail.com',	'e1b335bce0b68af6a403950eb7ca84d6c25556d5',	'woollarda55@gmail.com',	'Paul Woollard',	'',	'',	0,	NULL,	1,	'',	'',	'',	'',	'',	0,	0),
('1511583827',	1,	'changcodonmai84@yahoo.com',	'3d7e0c3469652d5792ed719a6dd6d7275be4c6a4',	'changcodonmai84@yahoo.com',	'Lâm Lâm',	'',	'',	0,	NULL,	1,	'',	',40,38,',	',5,',	'',	'',	0,	0),
('1512502161',	0,	'Angela',	'b25aa50b30b41fe5e0ec12aa493705c9481d8d2c',	'a.kew@talk21.com',	'angiekew',	'7568309060',	'11 Roxburghe Dale',	1,	NULL,	1,	'',	'',	'',	'leeds',	'wf6 1ul',	0,	0),
('1513403137',	1,	'sanaullah.bdasia@gmail.com',	'3be63ce69499d69d3f827fd8e22d43cd53b85ea6',	'sanaullah.bdasia@gmail.com',	'Sanaullah Sanaullah',	'',	'',	0,	NULL,	1,	'',	'',	'',	'',	'',	0,	0),
('1514426618',	0,	'yahoo',	'7c222fb2927d828af22f592134e8932480637c0d',	'awlagi@yahoo.com',	'Yahooq',	'2325223555',	'hcm',	0,	NULL,	1,	'{\"cityID\":\"16\",\"categoryId\":\"10\",\"type\":\"SHOP\",\"status\":\"OPEN\",\"sortType\":\"asc\",\"sortBy\":\"name\",\"distance\":\"0\"}',	'',	'',	'Banjul',	'7000000',	0,	0),
('1515714397',	1,	'wedge.06@gmail.com',	'5e2b5dd950e183440d2d603e76fd05b63581e2a7',	'wedge.06@gmail.com',	'Wedge Wedge',	'',	'',	0,	NULL,	1,	'',	'',	'',	'',	'',	0,	0),
('1516590208',	1,	'minhtoan.hypro@gmail.com',	'b23053e492ed6e9316189fde11827039640ef98d',	'minhtoan.hypro@gmail.com',	'Minh Minh',	'',	'',	0,	NULL,	1,	'',	'',	'',	'',	'',	0,	0),
('1516817117',	1,	'muchombaf@gmail.com',	'05c14d08bac86f00f607a46d181c0ed7bafa24ac',	'muchombaf@gmail.com',	'Fredie Fredie',	'',	'',	0,	NULL,	1,	'',	'',	'',	'',	'',	0,	0),
('1517033397',	1,	'ishmael.amoahene@gmail.com',	'0eac1c5e242c3e03a82165ae089b2b87125579c3',	'ishmael.amoahene@gmail.com',	'Ishmael Ishmael',	'',	'',	0,	NULL,	1,	'',	'',	'',	'',	'',	0,	0),
('1518019446',	0,	'timbojr',	'cd7d9a07980acccb72289e54a1ca23791cb0f015',	'chodsmoker@gmail.com',	'Ralph',	'6144417999',	'1720 Worthington Run ',	0,	NULL,	1,	'',	'',	'',	'Columbus',	'43235',	0,	0),
('1518081847',	0,	'redzlabel',	'58837a2fece84c5bfec6b1f96e1516262e384b8a',	'redz.label@gmail.com',	'irwan',	'0816217112',	'Klaten Jawa tengah',	0,	NULL,	1,	'{\"cityID\":\"\",\"categoryId\":\"13\",\"type\":\"PRODUCT\",\"status\":\"OPEN\",\"sortType\":\"asc\",\"sortBy\":\"name\",\"distance\":\"0\"}',	'',	'',	'Klaten',	'57461',	0,	0),
('1518622903',	1,	'fadyazz@hotmail.com',	'9e6e12f36b8bbc2dc993312b674fe1d89ef55217',	'fadyazz@hotmail.com',	'Fady Fady',	'',	'',	0,	NULL,	1,	'',	'',	'',	'',	'',	0,	0),
('1519039880',	0,	'gurwinder',	'502b7dfff6fb4dc619b4933e1cb122df34605430',	'mocgurwinder@gmail.com',	'gurwinder',	'9646008775',	'hno 1494 ,sec 17,mohali',	0,	NULL,	1,	'{\"cityID\":\"\",\"categoryId\":\"\",\"type\":\"SHOP\",\"status\":\"ALL\",\"sortType\":\"asc\",\"sortBy\":\"name\",\"distance\":\"7.7\"}',	'',	'',	'amritsar',	'143001',	0,	0),
('1519166848',	0,	'username',	'5baa61e4c9b93f3f0682250b6cf8331b7ee68fd8',	'email@gmail.com',	'Name',	'00252613334455',	'Zmnab',	0,	NULL,	1,	'',	'',	',3,',	'Melbourne',	'00252',	0,	0),
('1519249218',	1,	'ankushgaikwad7@gmail.com',	'7a8dfde24a716d778835681c096b3fc17dcd6b18',	'ankushgaikwad7@gmail.com',	'Ankush Ankush',	'',	'',	0,	NULL,	1,	'',	'',	'',	'',	'',	0,	0),
('1519288393',	0,	'rsn',	'7c4a8d09ca3762af61e59520943dc26494f8941b',	'raja.s.naveed@outlook.com',	'vjgkfjgi',	'08555555',	'gjfjfufufjgj',	0,	NULL,	0,	'',	'',	'',	'vkgkgkgj',	'21332',	0,	0),
('1520342922',	0,	'marciobco',	'9517e94a9ce85c606a00ffeb02123639b6b71c13',	'fanoid@hotmail.com',	'marcio',	'5511948466648',	'Rua itrapoa 24',	0,	NULL,	1,	'',	'',	'',	'São Paulo',	'04950 140',	0,	0),
('1520436462',	1,	'lubinrobinson@gmail.com',	'1abbf1ce7c22dfdbc8d9f2e5bfec41accd74f4a0',	'lubinrobinson@gmail.com',	'Pierrot Roby',	'',	'',	0,	NULL,	1,	'',	'',	'',	'',	'',	0,	0),
('1520579257',	1,	'arganfoodoil@gmail.com',	'c9e84ddecacae8645a8dad450422f4496f551ded',	'arganfoodoil@gmail.com',	'Hanane Ben',	'',	'',	0,	NULL,	1,	'',	'',	'',	'',	'',	0,	0),
('1520836363',	0,	'kaka',	'40bd001563085fc35165329ea1ff5c5ecbdbbeef',	'kaka@gmail.com',	'kaka nguyen',	'0123456987',	'a d..d..d',	0,	NULL,	1,	'',	',60,',	',22,',	'Vn',	'84',	0,	0),
('1520858240',	0,	'jig',	'7c4a8d09ca3762af61e59520943dc26494f8941b',	'jigiskandar313@gmail.com',	'jig',	'8888888888',	'mt home',	0,	NULL,	1,	'',	'',	'',	'my city',	'881000',	0,	0),
('1521640385',	0,	'Sadrack 87',	'af033d423818e539c90e6e98e6d5cedad3b50e2d',	'Sadrackeliassaint87@gmail.com',	'Sadrack Eliassaint ',	'6194962256',	'12409 E 22ND ST ',	0,	NULL,	1,	'',	'',	'',	'Tulsa Ok',	'74129',	0,	0),
('1522241711',	1,	'anjosdogo@gmail.com',	'b7aa97b9afdfc5976e33e8e69466d68e9595ba30',	'anjosdogo@gmail.com',	'Kaua Kaua',	'2369852',	'nihtg',	0,	NULL,	1,	'',	'',	'',	'rio de Janeiro',	'22000000',	0,	0),
('1523504835',	1,	'trungnv@vtc.vn',	'24c612d4898dd0108963a493789b2fe503aa0768',	'trungnv@vtc.vn',	'Trung Ngo',	'',	'',	0,	NULL,	1,	'',	'',	'',	'',	'',	0,	0),
('1523842055',	0,	'jaime santos',	'912f49aac1bad4b27a0e5e610b037836eb8d698b',	'jaimefsantos61@hotmail.com',	'Jaime',	'3232041297',	'1158 N Mariposa Av ',	0,	NULL,	1,	'',	'',	'',	'Los Angeles ',	'90029',	0,	0),
('1523845448',	1,	'ncimenian@yahoo.com',	'bdecec441772e6f1f2affc87215151d5489f995c',	'ncimenian@yahoo.com',	'Noah Cimenian',	'',	'',	0,	NULL,	1,	'',	'',	'',	'',	'',	0,	0),
('1524427945',	0,	'rseizeme234@gmail.com',	'cec91a35d803f1531fa68e126aa4fec113d3ce82',	'rseizeme234@gmail.com',	'Riche Seizeme ',	'9786019834',	'422 High St Apartment 18 ',	0,	NULL,	1,	'{\"cityID\":\"\",\"status\":\"ALL\",\"sortBy\":\"name\",\"distance\":\"0.0\",\"sortType\":\"asc\",\"categoryId\":\"10\",\"type\":\"PRODUCT\"}',	'',	'',	'Medford ',	'02155',	0,	0),
('1524837738',	0,	'Melissa4701',	'7e72c56214afd6b9d1b9a102a600c9431ace3ca7',	'christanah.adesanya@gmail.com',	'Mellisa Johnson ',	'+1 484-212-0557',	'353 Wesier Street ',	0,	NULL,	1,	'',	'',	'',	'Readily ',	'19602',	0,	0),
('1526149354',	0,	'gamaliel',	'0f13708b67461804d0fcbcc56c229cf2ea732df5',	'carlosgamalielsosa@Yahoo.com',	'Carlos Sosa',	'5628410408',	'700 E Rosecrans ',	0,	NULL,	1,	'',	'',	'',	'Compton',	'90221',	0,	0),
('1527981487',	1,	'kelliemcguire@yahoo.com',	'87aac8181297b43cb59ec976bde15f936beffa15',	'kelliemcguire@yahoo.com',	'Kellie Mcguire',	'',	'',	0,	NULL,	1,	'',	'',	'',	'',	'',	0,	0),
('1529458016',	0,	'Robyn Graves',	'c12102901e914fff56741d8f8c7377307641c478',	'blackforest666@yahoo.com',	'Derrick',	'9259975803',	'8620 southwick dr',	0,	NULL,	1,	'{\"cityID\":\"31\",\"categoryId\":\"39\",\"type\":\"SHOP\",\"status\":\"OPEN\",\"sortType\":\"desc\",\"sortBy\":\"date\",\"distance\":\"5.2\"}',	'',	'',	'Dublin',	'94568',	0,	0),
('1530094812',	1,	'rmendes61@hotmail.com',	'0e8e55df4444741c62933ebf1a2f272ae6987e2c',	'rmendes61@hotmail.com',	'Itaiguara Itaiguara',	'',	'',	0,	NULL,	1,	'{\"cityID\":\"1\",\"categoryId\":\"28\",\"type\":\"SHOP\",\"status\":\"ALL\",\"sortType\":\"asc\",\"sortBy\":\"name\",\"distance\":\"5.0\"}',	'',	'',	'',	'',	0,	0),
('1530385751',	1,	'ivan_ufc@yahoo.com.br',	'619c685e9a12bddd097ecdd310d905df5ad65cb4',	'ivan_ufc@yahoo.com.br',	'Ivan oliveira',	'65949465638',	'rua xyz',	0,	NULL,	1,	'',	'',	',19,',	'fortal',	'6000p',	0,	0),
('1531277698',	0,	'wallywood',	'e3a096aacc1901f71e3adf732a8497c67c88a81d',	'wallywoodapex@gmail.com',	'Wally wood',	'9199802156',	'122 N Salem Street',	0,	NULL,	1,	'',	'',	'',	'Apex ',	'27502',	0,	0),
('1531302107',	0,	'raed',	'8cb2237d0679ca88db6464eac60da96345513964',	'raed.sabri70@gmail.com',	'Raed',	' 962788890388',	'Sweifieh',	0,	NULL,	1,	'',	'',	'',	'Amman',	'12345',	0,	0),
('1531746828',	1,	'atekatek1@hotmail.com',	'6171ac13d19f20996060c4c8589a6ac145755fe3',	'atekatek1@hotmail.com',	'Fatih Fatih',	'',	'',	0,	NULL,	1,	'',	'',	'',	'',	'',	0,	0),
('1536740904',	1,	'hicom.james@gmail.com',	'd1422c33292ed72e9e6b7cbcb14f614a6b329c26',	'hicom.james@gmail.com',	'Hicom Hicom',	'',	'',	0,	NULL,	1,	'',	'',	'',	'',	'',	0,	0),
('1538522638',	0,	'thanos',	'7c4a8d09ca3762af61e59520943dc26494f8941b',	'thanos@blackorder.mcu',	'Thanos',	'999',	'haha',	0,	NULL,	1,	'',	'',	'',	'New York',	'10000',	0,	0),
('1538642736',	0,	'qqqqqq',	'fa6977c99b809db68e1c56888ec38bd004719b39',	'as@gmail.com',	'Jh Gnhg',	'3142562',	'Gsgsghs',	0,	NULL,	1,	'',	'',	'',	'Hbshsdjd',	'jdjdjdj',	0,	0),
('1538987728',	0,	'mon',	'd033e22ae348aeb5660fc2140aec35850c4da997',	'trung.nv248899@gmail.com',	'mon',	'09754449797',	'gGba',	0,	NULL,	1,	'',	'',	'',	'Banjul',	'gGzg',	0,	0),
('1553500214',	0,	'kevin',	'd033e22ae348aeb5660fc2140aec35850c4da997',	'lvhuy1102@gmail.com',	'صثق',	'235698774',	'Hicom',	0,	NULL,	1,	'',	'',	'',	'Banjul',	'999',	0,	0),
('1553500257',	0,	'aloha',	'd033e22ae348aeb5660fc2140aec35850c4da997',	'trung.nv24881@gmail.com',	'Aloha',	'369258147',	'Hicom',	1,	NULL,	1,	'',	'',	'',	'Banjul',	'2356',	1,	0),
('1553596624',	0,	'Mohamed',	'7c4a8d09ca3762af61e59520943dc26494f8941b',	'dt_mohamed@yahoo.com',	'Mohamed ',	'123456',	'22Rathlyon park',	1,	NULL,	1,	'',	'',	'',	'Banjul',	'123',	1,	0),
('1554540701',	0,	'test1',	'7c4a8d09ca3762af61e59520943dc26494f8941b',	'test@test.com',	'New User',	'123456',	'Ff',	0,	NULL,	1,	'',	'',	'',	'Banjul',	'218',	0,	0),
('1554780949',	1,	'ngovantrung21@yahoo.com.vn',	'78b279927470cf644d94944be3398a59ab9f0e85',	'ngovantrung21@yahoo.com.vn',	'Van Trung Ngo',	'',	'',	0,	NULL,	1,	'',	'',	'',	'',	'',	0,	0),
('1554821678',	0,	'gamal',	'7c4a8d09ca3762af61e59520943dc26494f8941b',	'dt_mohamed@yahoo2.comm',	'Gamal',	'123456',	'22 Rathlyon Park',	0,	NULL,	1,	'',	'',	'',	'Dublin',	'123',	0,	0),
('1555364216',	0,	'admin',	'd033e22ae348aeb5660fc2140aec35850c4da997',	'hicomsolution@gmail.com',	'Stephen',	'9942048657',	'12 thong nhat',	2,	0,	1,	'{\"cityID\":\"\",\"categoryId\":\"\",\"type\":\"PRODUCT\",\"status\":\"ALL\",\"sortType\":\"asc\",\"sortBy\":\"name\",\"distance\":\"0\"}',	',',	',1,',	'vung tau',	'3467',	0,	0),
('1555364252',	0,	'Salim',	'7c4a8d09ca3762af61e59520943dc26494f8941b',	'mohamed@gmil.con',	'Ali Ahmed',	'123456',	'شارع الرشيد ',	0,	NULL,	1,	'',	'',	'',	'Banjul',	'123',	0,	0),
('1556376529',	0,	'x001122',	'7c4a8d09ca3762af61e59520943dc26494f8941b',	'test2@test.com',	'Ali Ahmed',	'8855',	'Bv',	0,	NULL,	1,	'',	'',	'',	'Benghazi ',	'218',	0,	0),
('1556376653',	0,	'x123456',	'7c4a8d09ca3762af61e59520943dc26494f8941b',	'test3@test.com',	'New Account ',	'1238874',	'Ggf',	0,	NULL,	1,	'',	'',	'',	'Benghazi ',	'218',	0,	0),
('1556376747',	0,	'x22222',	'7c4a8d09ca3762af61e59520943dc26494f8941b',	'test5@test.com',	'علي احمد',	'288558',	'للعتت',	0,	NULL,	1,	'',	'',	'',	'Banjul',	'218',	0,	0),
('1556377591',	0,	'تجريب',	'7c4a8d09ca3762af61e59520943dc26494f8941b',	'test7@test.com',	'Ema',	'5558',	'Bbhh',	0,	NULL,	1,	'',	'',	'',	'Banjul',	'218',	0,	0),
('1556416138',	0,	'Ahmed 1',	'7c4a8d09ca3762af61e59520943dc26494f8941b',	'Ahmed1@Ahmed1.com',	'احمد',	'123456',	'123456',	0,	NULL,	1,	'',	'',	'',	'Banjul',	'123456',	0,	0),
('1557230723',	0,	'2تجريب',	'7c4a8d09ca3762af61e59520943dc26494f8941b',	'mmm2@mmm.mm',	'Ema',	'123456',	'22rathloyn',	0,	NULL,	1,	'',	'',	'',	'Banjul',	'123',	0,	0),
('1557230872',	0,	'محمد',	'7c4a8d09ca3762af61e59520943dc26494f8941b',	'mmm3@mmm.mm',	'محمد جمال',	'123456',	'22rathloyn',	0,	NULL,	1,	'',	'',	'',	'Banjul',	'123',	0,	0),
('1557231865',	0,	'Ema',	'7c4a8d09ca3762af61e59520943dc26494f8941b',	'moh3@g00000mail.com',	'Ema Mohamed',	'123456',	'22rathloyn',	1,	NULL,	1,	'',	'',	'',	'Banjul',	'123',	0,	1),
('1557252164',	0,	'jhon',	'7c4a8d09ca3762af61e59520943dc26494f8941b',	'am1@aamm.am',	'منير',	'123456',	'22rathloyn',	0,	NULL,	1,	'',	'',	'',	'Banjul',	'123',	0,	0),
('1557252252',	0,	'Baset',	'7c4a8d09ca3762af61e59520943dc26494f8941b',	'mohammed.dt1983@gmtail.com',	'ربيع احمد',	'123456',	'22rathloyn',	1,	NULL,	1,	'',	'',	'',	'Banjul',	'123',	0,	0),
('1557252316',	0,	'حسام',	'7c4a8d09ca3762af61e59520943dc26494f8941b',	'am3@aamm.am',	'علي يوسف',	'123456',	'22rathloyn',	1,	NULL,	1,	'',	'',	'',	'Banjul',	'123',	0,	0),
('1557252562',	0,	'Dive',	'7c4a8d09ca3762af61e59520943dc26494f8941b',	'am4@aamm.am',	'Dive',	'123456',	'22rathloyn',	0,	NULL,	1,	'',	'',	'',	'Banjul',	'123',	0,	0),
('1557254765',	0,	'منير',	'7c4a8d09ca3762af61e59520943dc26494f8941b',	'am5@aamm.am',	'rame ahmed',	'123456',	'22rathloyn',	1,	NULL,	1,	'',	'',	'',	'Banjul',	'123',	0,	0),
('1559097053',	0,	'Soso',	'7f29a6b6887288b81ba5c0c14f23c1d2a4baa092',	'liloderna@gmail.com',	'Lilo',	'0916234569',	'Libya',	0,	NULL,	1,	'',	'',	'',	'Derna',	'063',	0,	0),
('1559153925',	1,	'beirhoff13@hotmail.com',	'aca252d6dd6d072a668be54f9785308d1f39cb48',	'beirhoff13@hotmail.com',	'Abdullah Elbasir',	'',	'',	0,	NULL,	1,	'',	'',	'',	'',	'',	0,	0),
('1559286283',	0,	'thomas123',	'd033e22ae348aeb5660fc2140aec35850c4da997',	'thomas123@gmail.com',	'Thomas',	'123456',	'London',	0,	NULL,	1,	'',	'',	'',	'Thomas',	'12345',	0,	0),
('1559286614',	0,	'james123',	'd033e22ae348aeb5660fc2140aec35850c4da997',	'devtrluan@gmail.com',	'James',	'123456',	'London',	0,	NULL,	1,	'',	'',	'',	'London',	'1234',	0,	0),
('1563414537',	0,	'lulu',	'7c4a8d09ca3762af61e59520943dc26494f8941b',	'hoabnfood@gmail.com',	'Trinh Luan',	'989132774',	'307 pham van dong , xuan dinh,bac tu liem',	1,	NULL,	0,	'',	'',	'',	'Ha noi',	'11908',	0,	0),
('1563415542',	0,	'hicomdev',	'7c4a8d09ca3762af61e59520943dc26494f8941b',	'hicomdev@gmail.com',	'hicomdev',	'123456789',	'sydney, sydney',	1,	NULL,	1,	'',	'',	'',	'Sydney',	'2000',	1,	0),
('1563791517',	0,	'luan',	'7c4a8d09ca3762af61e59520943dc26494f8941b',	'luan@gmail.com',	'LU',	'lllll',	'sss',	1,	NULL,	1,	'',	'',	'',	's',	'200',	0,	0),
('1564469547',	0,	'hicom',	'7c4a8d09ca3762af61e59520943dc26494f8941b',	'hicom@gmail.com',	'Hicom solution',	'hicom@gmail.com',	'sydney',	1,	NULL,	1,	'',	'',	'',	'sydney',	'2000',	0,	0),
('1565688072',	0,	'Salim10',	'7c4a8d09ca3762af61e59520943dc26494f8941b',	'mohamedalbasir83@gmail.com',	'Mohamed Salim',	'+353874413795',	'22 Rathlyon Park ,Ballycullen, Dublin 24',	1,	NULL,	1,	'',	'',	'',	'Banjul',	'D24Y2HY',	0,	0),
('1568083060',	0,	'kaikai',	'7c4a8d09ca3762af61e59520943dc26494f8941b',	'kai@gmail.com',	'kaikai',	'1112223334',	'tokyo',	0,	NULL,	1,	'',	'',	'',	'Banjul',	'1111',	0,	1),
('1570109651',	0,	'gege',	'7c4a8d09ca3762af61e59520943dc26494f8941b',	'gege@geegee.geege',	'Gege Ahmed ',	'123456',	'33Apt February ',	1,	NULL,	1,	'',	'',	'',	'Bangaze',	'123',	0,	0),
('1570610807',	0,	'bruce',	'd033e22ae348aeb5660fc2140aec35850c4da997',	'hicom.bruce@gmail.com',	'Hicom Bruce',	'0987654321',	'Hicom',	1,	NULL,	1,	'',	'',	'',	'Hicom',	'123456789',	0,	0),
('1570694668',	0,	'KaiKai1',	'7c4a8d09ca3762af61e59520943dc26494f8941b',	'kai1@gmail.com',	'KaiKai1',	'123456789',	'djjs',	1,	NULL,	1,	'',	'',	'',	'jsisi',	'6565',	0,	0),
('1570695049',	0,	'KaiKai2',	'7c4a8d09ca3762af61e59520943dc26494f8941b',	'jdjdid@gmail.com',	'jdjjdkf',	'989565',	'hdj',	1,	NULL,	1,	'',	'',	'',	'hdjd',	'9868',	0,	0),
('1571019883',	0,	'Kai1',	'7c4a8d09ca3762af61e59520943dc26494f8941b',	'doankiem2807@gmail.com',	'dudy',	'565',	'jfififi',	0,	NULL,	1,	'',	'',	'',	'Banjul',	'685',	0,	0),
('1571026157',	0,	'Kai3',	'7c4a8d09ca3762af61e59520943dc26494f8941b',	'a@gmail.com',	'ooooo',	'1223456',	'qwer',	1,	NULL,	1,	'',	'',	'',	'Banjul',	'556',	0,	0),
('1571026654',	0,	'Kai4',	'7c4a8d09ca3762af61e59520943dc26494f8941b',	'ndjd@gmail.com',	'jaja',	'68656',	'hdhdh',	1,	NULL,	1,	'',	'',	'',	'Banjul',	'6565',	0,	0),
('1571026891',	0,	'Kai5',	'7c4a8d09ca3762af61e59520943dc26494f8941b',	'hdjd@gmail.com',	'hdjdjdj',	'656565',	'hdhdh',	1,	NULL,	1,	'',	'',	'',	'Banjul',	'6565',	0,	0),
('1571027708',	0,	'Kai6',	'7c4a8d09ca3762af61e59520943dc26494f8941b',	'sfggg@gmail.com',	'qwterrwr',	'4555',	'sfgh',	0,	NULL,	1,	'',	'',	'',	'Banjul',	'556646',	0,	1),
('1571300266',	0,	'bruce1',	'd033e22ae348aeb5660fc2140aec35850c4da997',	'dppdpdp@gmail.com',	'Ppppppdp',	'046454649',	'Pfpf',	1,	NULL,	1,	'',	'',	'',	'Dlld',	'56866',	0,	0),
('1571728657',	0,	'KaiTest',	'7c4a8d09ca3762af61e59520943dc26494f8941b',	'nguyendinhdoanjdk@gmail.com',	'Kai. Tesy',	'0395616595',	'aa',	0,	NULL,	1,	'',	'',	'',	'aa',	'123456',	0,	0),
('1571742116',	0,	'Ali',	'7c4a8d09ca3762af61e59520943dc26494f8941b',	'ali.albasir2018@gmail.com',	'Ali Mohamed',	'123456',	'22 Rathloyn ',	1,	NULL,	1,	'',	'',	'',	'Banjul',	'123',	0,	0),
('1571743035',	0,	'nosa',	'7c4a8d09ca3762af61e59520943dc26494f8941b',	'nesrineshebli85@gmail.com',	'Nosa Mohamed',	'123456',	'22 Rathloyn ',	1,	NULL,	1,	'',	'',	'',	'Banjul',	'123',	0,	0),
('1571827162',	0,	'aloha1',	'd033e22ae348aeb5660fc2140aec35850c4da997',	'trung.nv2488@gmail.com',	'Aloha',	'33669',	'Pppp',	0,	NULL,	1,	'',	'',	'',	'Banjul',	'369',	0,	1),
('1571827499',	0,	'aloha2',	'd033e22ae348aeb5660fc2140aec35850c4da997',	'pppppp@gmail.com',	'Lpopp',	'369228147',	'Opopp',	1,	NULL,	1,	'',	'',	'',	'Popp',	'369258',	0,	1),
('1571838756',	0,	'Emma',	'7c4a8d09ca3762af61e59520943dc26494f8941b',	'mohammed.dt1983@gmail.com',	'Emma',	'123456',	'22 emma',	0,	NULL,	1,	'',	'',	'',	'Banjul',	'123',	0,	1),
('1571861035',	0,	'Mode',	'7c4a8d09ca3762af61e59520943dc26494f8941b',	'Mode@Mode.Mode',	'Mode Mo',	'123456',	'Mode',	0,	NULL,	1,	'',	'',	'',	'Mode ',	'123',	0,	0),
('1571861134',	0,	'Rode',	'7c4a8d09ca3762af61e59520943dc26494f8941b',	'Rode@Rode.Rode',	'Rode',	'123456',	'Rode',	0,	NULL,	1,	'',	'',	'',	'Banjul',	'123',	0,	0),
('1572042258',	0,	'Bayan',	'7c4a8d09ca3762af61e59520943dc26494f8941b',	'Bayan@bayan.com',	'Mohamed Salim ',	'0874413795',	'22 Rathlyon Park ,Ballycullen, Dublin 24',	4,	63,	1,	'',	'',	'',	'',	'',	0,	0),
('1572044934',	0,	'bayan2',	'7c4a8d09ca3762af61e59520943dc26494f8941b',	'bayan2@bayan.com',	'bayan mohamed',	'123456',	'bayan',	0,	NULL,	1,	'',	'',	'',	'bayan',	'123',	0,	0),
('1572435029',	0,	'bayan3',	'7c4a8d09ca3762af61e59520943dc26494f8941b',	'bayan3@bayan.com',	'bayan Ema',	'123456',	'bayan2',	0,	NULL,	1,	'',	'',	'',	'bayan2',	'123',	0,	0);

CREATE TABLE `analytic` (
  `id` int(11) NOT NULL AUTO_INCREMENT,
  `type` int(1) NOT NULL,
  `shop_id` int(11) NOT NULL,
  `count` int(11) NOT NULL,
  `date` varchar(500) NOT NULL,
  PRIMARY KEY (`id`)
) ENGINE=InnoDB DEFAULT CHARSET=utf8;

INSERT INTO `analytic` (`id`, `type`, `shop_id`, `count`, `date`) VALUES
(1,	1,	7,	2,	'2016-08-27'),
(2,	1,	1,	1,	'2016-08-27'),
(3,	1,	12,	8,	'2016-09-17'),
(4,	1,	5,	12,	'2016-09-17'),
(5,	1,	13,	1,	'2016-09-17'),
(6,	1,	5,	10,	'2016-10-01'),
(7,	1,	12,	5,	'2016-10-01'),
(8,	1,	1,	1,	'2016-10-05'),
(9,	1,	7,	1,	'2016-10-05'),
(10,	1,	6,	1,	'2016-10-05'),
(11,	1,	5,	1,	'2016-10-06'),
(12,	1,	7,	1,	'2016-10-11'),
(13,	1,	1,	1,	'2016-10-11'),
(14,	1,	13,	2,	'2016-10-12'),
(15,	1,	6,	1,	'2016-10-15'),
(16,	1,	7,	2,	'2016-10-29'),
(17,	1,	8,	1,	'2016-10-29'),
(18,	1,	12,	1,	'2016-10-29'),
(19,	1,	3,	1,	'2016-10-29'),
(20,	1,	1,	1,	'2016-10-29'),
(21,	1,	1,	3,	'2016-11-12'),
(22,	1,	6,	1,	'2016-11-12'),
(23,	1,	7,	1,	'2016-11-26'),
(24,	1,	3,	1,	'2016-11-26'),
(25,	1,	15,	1,	'2016-11-26'),
(26,	1,	14,	1,	'2016-11-26'),
(27,	1,	5,	1,	'2016-11-26'),
(28,	1,	1,	1,	'2016-12-01'),
(29,	1,	3,	1,	'2016-12-06'),
(30,	1,	13,	1,	'2016-12-12'),
(31,	1,	21,	2,	'2017-01-18'),
(32,	1,	22,	1,	'2017-01-18'),
(33,	1,	1,	1,	'2017-05-17'),
(34,	1,	24,	1,	'2017-05-25'),
(35,	1,	1,	2,	'2017-05-25'),
(36,	1,	5,	1,	'2017-05-25'),
(37,	1,	35,	2,	'2017-05-26'),
(38,	1,	24,	1,	'2017-06-15'),
(39,	1,	21,	1,	'2017-08-01'),
(40,	1,	3,	1,	'2017-08-05'),
(41,	1,	13,	1,	'2017-08-05'),
(42,	1,	1,	1,	'2017-08-10'),
(43,	1,	5,	1,	'2017-08-11'),
(44,	1,	3,	1,	'2017-08-15'),
(45,	1,	19,	1,	'2017-08-16'),
(46,	1,	21,	1,	'2017-09-19'),
(47,	1,	1,	1,	'2017-11-13'),
(48,	1,	5,	2,	'2017-11-25'),
(49,	1,	1,	1,	'2018-01-13'),
(50,	1,	20,	1,	'2018-01-16'),
(51,	1,	3,	1,	'2018-02-21'),
(52,	1,	22,	1,	'2018-03-13'),
(53,	1,	19,	1,	'2018-07-01');

CREATE TABLE `banner` (
  `bannerId` int(11) NOT NULL AUTO_INCREMENT,
  `bannerName` text CHARACTER SET utf8 NOT NULL,
  `bannerImage` text CHARACTER SET utf8 NOT NULL,
  `shopId` int(11) NOT NULL,
  `status` tinyint(1) DEFAULT '1',
  PRIMARY KEY (`bannerId`)
) ENGINE=InnoDB DEFAULT CHARSET=latin1;

INSERT INTO `banner` (`bannerId`, `bannerName`, `bannerImage`, `shopId`, `status`) VALUES
(1,	'1',	'1453536067.jpg',	38,	1),
(2,	'23',	'1453536081.jpg',	38,	1),
(3,	'TestBanner',	'1453536424.jpg',	41,	1),
(4,	'Banner2',	'1453536392.jpg',	41,	1),
(5,	'Banner1',	'1453535823.JPG',	40,	1),
(6,	'Banner2',	'1453536085.png',	40,	1),
(7,	'Banner3',	'1453535922.JPG',	40,	1),
(8,	'BannerElectronic1',	'1453535607.jpeg',	42,	1),
(9,	'bannberelect2',	'1453535701.jpg',	42,	1),
(10,	'First',	'1480989754.jpg',	39,	1),
(11,	'birthday banner',	'1481623882.jpg',	51,	1),
(12,	'Banner',	'1487847942.jpg',	54,	1),
(13,	'Banner',	'1487848046.jpg',	53,	1),
(14,	'banner1',	'1487848061.jpg',	53,	1),
(15,	'Banner',	'1487848079.jpg',	52,	1),
(16,	'B1',	'1493269320.png',	55,	1),
(17,	'B2',	'1493269366.jpg',	55,	1),
(18,	'dallascars',	'1557340130.jpg',	63,	1),
(19,	'مطعم مشويات	مطعم مشويات	مطعم مشويات	مطعم مشويات	مطعم مشويات مطعم مشويات	مطعم مشويات	مطعم مشويات	مطعم مشويات	مطمطعم مشويات	مطعم مشويات	مطعم مشويات مطعم مشويات	مطمطعم مشويات	مطعم مشويات	مطعم مشويات	مطعم مشويات مطzxzمطعم مشويات	مطعم مشويات مطعم مشويات	مطعم مشويات مطxxxمطعم مشويات	مطعم مشويات مطعم مشويات	مطعم مشويات	مطمطعم مشويات	مطعم مشويات	مطعم مشويات مطعم	',	'1543201935.jpg',	52,	1),
(20,	'banner',	'1543203875.jpg',	60,	1),
(22,	'banner',	'1557341050.jpg',	62,	1),
(24,	'banner',	'1557341072.jpg',	62,	1),
(25,	'1',	'1557278609.jpg',	64,	1),
(26,	'1',	'1557278630.jpg',	64,	1),
(27,	'2',	'1557278651.jpg',	64,	1),
(28,	'2',	'1557340173.jpg',	63,	1),
(30,	'4',	'1557341091.jpg',	62,	1),
(31,	'1',	'1557342598.jpg',	61,	1),
(32,	'3',	'1557342618.jpg',	61,	1),
(33,	'4',	'1557342648.png',	61,	1),
(34,	'1',	'1557352297.jpg',	59,	1),
(35,	'2',	'1557352313.jpg',	59,	1),
(36,	'3',	'1557352331.jpg',	59,	1),
(37,	'1',	'1557353989.jpg',	58,	1),
(38,	'2',	'1557354000.jpg',	58,	1),
(39,	'3',	'1557354137.jpg',	58,	1),
(40,	'4',	'1557358246.jpg',	64,	1),
(41,	'0',	'156454803067.png',	66,	1),
(54,	'0',	'156455672317.jpg',	66,	1),
(55,	'1',	'156455672378.jpg',	66,	1),
(56,	'2',	'156455672386.jpg',	66,	1),
(57,	'0',	'156455687556.jpg',	66,	1),
(58,	'1',	'156455687560.jpg',	66,	1),
(59,	'2',	'15645568759.jpg',	66,	1),
(61,	'0',	'156464308518.png',	70,	1),
(62,	'0',	'156498040854.png',	69,	1),
(63,	'1',	'156498040818.png',	69,	1),
(64,	'0',	'156515058340.jpg',	69,	1),
(65,	'0',	'156560368714.jpg',	71,	1),
(66,	'1',	'156560368797.jpg',	71,	1),
(67,	'2',	'156560368767.jpg',	71,	1),
(68,	'0',	'156560372869.jpg',	71,	1),
(69,	'1',	'156560372827.jpg',	71,	1),
(70,	'0',	'156566277681.jpg',	72,	1),
(71,	'1',	'156566277646.jpg',	72,	1),
(72,	'0',	'15656636047.jpg',	73,	1),
(73,	'0',	'156566798658.png',	74,	1),
(74,	'1',	'156566798614.jpg',	74,	1),
(75,	'0',	'156566799186.png',	75,	1),
(76,	'1',	'156566799164.jpg',	75,	1),
(77,	'0',	'156566810085.jpg',	76,	1),
(78,	'0',	'156566837594.png',	77,	1),
(79,	'1',	'156566837570.jpg',	77,	1),
(80,	'0',	'156568895771.jpg',	64,	1),
(91,	'2',	'156983688268.jpg',	81,	1),
(92,	'3',	'156983688279.jpg',	81,	1),
(101,	'0',	'157007209435.jpg',	84,	1),
(102,	'1',	'157007209470.jpg',	84,	1),
(103,	'0',	'15700725259.jpg',	85,	1),
(104,	'1',	'157007252595.jpg',	85,	1),
(105,	'0',	'15701033593.jpg',	65,	1),
(106,	'1',	'157010335914.jpg',	65,	1),
(107,	'0',	'157010600620.jpg',	65,	1),
(113,	'0',	'157014657974.jpg',	87,	1),
(114,	'1',	'157014658088.jpg',	87,	1),
(115,	'0',	'157052031872.jpg',	84,	1),
(116,	'0',	'157052053068.jpg',	88,	1),
(117,	'0',	'157149790353.jpg',	63,	1),
(118,	'0',	'157156791379.jpg',	63,	1),
(119,	'0',	'157156877474.jpg',	89,	1),
(121,	'0',	'157158983455.jpg',	89,	1),
(122,	'0',	'157173240790.jpg',	63,	1),
(123,	'0',	'157174516539.jpg',	89,	1);

CREATE TABLE `city` (
  `cityId` int(11) NOT NULL AUTO_INCREMENT,
  `cityPostCode` varchar(20) CHARACTER SET utf8 NOT NULL,
  `cityName` varchar(100) CHARACTER SET utf8 NOT NULL,
  PRIMARY KEY (`cityId`)
) ENGINE=InnoDB DEFAULT CHARSET=latin1;

INSERT INTO `city` (`cityId`, `cityPostCode`, `cityName`) VALUES
(1,	'560',	'Banjul'),
(16,	'AZ1',	'Serrekunda'),
(17,	'230',	'Bakau'),
(24,	'C51',	'Ramat Gan'),
(25,	'122018',	'Gurgaon'),
(26,	'3130',	'Melbourne'),
(27,	'572105',	'Karnataka'),
(28,	'509',	'Port-au-Prince'),
(29,	'75071',	'Mckinney'),
(30,	'75243',	'Dallas'),
(32,	'S35',	'Sydney'),
(33,	'V1',	'Ha Noi'),
(34,	'V2',	'Ho Chi Minh'),
(35,	'V3',	'Da Nang'),
(36,	'H1',	'Soul'),
(37,	'H2',	'GwangJu'),
(38,	'TQ1',	'ShangHai');

CREATE TABLE `comment` (
  `id` int(11) NOT NULL AUTO_INCREMENT,
  `location_id` int(11) NOT NULL,
  `food_id` int(11) NOT NULL,
  `account_id` varchar(30) CHARACTER SET utf8 NOT NULL,
  `title` varchar(200) CHARACTER SET utf8 NOT NULL,
  `content` varchar(500) CHARACTER SET utf8 NOT NULL,
  `rate` float(4,2) NOT NULL,
  `type` int(1) DEFAULT NULL,
  `created` datetime NOT NULL,
  PRIMARY KEY (`id`)
) ENGINE=InnoDB DEFAULT CHARSET=utf8 COLLATE=utf8_unicode_ci;

INSERT INTO `comment` (`id`, `location_id`, `food_id`, `account_id`, `title`, `content`, `rate`, `type`, `created`) VALUES
(2,	51,	24,	'tester',	'dummy',	'ab',	10.00,	NULL,	'2017-05-25 11:09:02'),
(3,	38,	3,	'tester',	'dummy',	'safi',	10.00,	NULL,	'2017-05-25 18:57:21'),
(4,	38,	3,	'tester',	'dummy',	'safi',	10.00,	NULL,	'2017-05-25 18:57:23'),
(5,	57,	35,	'tester',	'dummy',	'safi',	8.00,	NULL,	'2017-05-26 12:43:46'),
(6,	0,	-1,	'tester',	'dummy',	'safisana',	10.00,	NULL,	'2017-05-26 13:16:51'),
(7,	0,	-1,	'tester',	'dummy',	'safisana',	10.00,	NULL,	'2017-05-26 13:16:54'),
(8,	0,	-1,	'tester',	'dummy',	'safisana',	10.00,	NULL,	'2017-05-26 13:16:58'),
(9,	0,	-1,	'tester',	'dummy',	'kazi nzuri',	10.00,	NULL,	'2017-05-26 13:17:17'),
(10,	0,	-1,	'tester',	'dummy',	'kazi nzuri',	10.00,	NULL,	'2017-05-26 13:17:20'),
(11,	57,	35,	'tester',	'dummy',	'kazi njema',	10.00,	NULL,	'2017-05-26 13:18:04'),
(12,	57,	35,	'tester',	'dummy',	'kazi njema',	10.00,	NULL,	'2017-05-26 13:18:06'),
(13,	57,	35,	'tester',	'dummy',	'great',	4.00,	NULL,	'2017-05-26 13:49:12'),
(16,	40,	13,	'hicom.register@gmail.com',	'dummy',	'để y',	10.00,	NULL,	'2017-08-11 13:37:26'),
(17,	40,	13,	'hicom.register@gmail.com',	'dummy',	'để y',	10.00,	NULL,	'2017-08-11 13:37:27'),
(18,	38,	3,	'when.love1@yahoo.com.vn',	'dummy',	'hello',	10.00,	NULL,	'2017-08-15 16:28:47'),
(19,	38,	19,	'when.love1@yahoo.com.vn',	'dummy',	'ngã',	10.00,	NULL,	'2017-08-15 16:31:53'),
(20,	38,	19,	'when.love1@yahoo.com.vn',	'dummy',	'ngã',	10.00,	NULL,	'2017-08-15 16:31:54'),
(21,	0,	-1,	'vanny',	'dummy',	'cáñamo Félix',	8.00,	NULL,	'2017-08-21 12:16:19'),
(22,	0,	-1,	'vanny',	'dummy',	'cáñamo Félix',	8.00,	NULL,	'2017-08-21 12:16:22'),
(23,	0,	-1,	'vanny',	'dummy',	'cáñamo Félix',	8.00,	NULL,	'2017-08-21 12:16:27'),
(24,	0,	-1,	'vanny',	'dummy',	'cáñamo Félix',	8.00,	NULL,	'2017-08-21 12:16:30'),
(25,	0,	-1,	'vanny',	'dummy',	'cáñamo',	8.00,	NULL,	'2017-08-21 12:16:31'),
(26,	0,	-1,	'vanny',	'dummy',	'cáñamo',	8.00,	NULL,	'2017-08-21 12:16:33'),
(27,	0,	-1,	'vanny',	'dummy',	'cáñamo',	8.00,	NULL,	'2017-08-21 12:16:33'),
(28,	0,	-1,	'vanny',	'dummy',	'cáñamo',	8.00,	NULL,	'2017-08-21 12:16:33'),
(29,	0,	-1,	'vanny',	'dummy',	'engañisimo',	8.00,	NULL,	'2017-08-21 12:16:40'),
(30,	0,	-1,	'vanny',	'dummy',	'engañisimo',	8.00,	NULL,	'2017-08-21 12:16:43'),
(31,	0,	-1,	'vanny',	'dummy',	'engañisimo',	8.00,	NULL,	'2017-08-21 12:16:43'),
(32,	0,	-1,	'vanny',	'dummy',	'engañisimo',	8.00,	NULL,	'2017-08-21 12:16:43'),
(33,	0,	-1,	'vanny',	'dummy',	'engañisimo',	8.00,	NULL,	'2017-08-21 12:16:43'),
(34,	0,	-1,	'vanny',	'dummy',	'engañisimo',	8.00,	NULL,	'2017-08-21 12:16:46'),
(35,	0,	-1,	'vanny',	'dummy',	'engañisimo',	8.00,	NULL,	'2017-08-21 12:16:46'),
(36,	0,	-1,	'vanny',	'dummy',	'engañisimo',	8.00,	NULL,	'2017-08-21 12:16:46'),
(37,	0,	-1,	'vanny',	'dummy',	'engañisimo',	8.00,	NULL,	'2017-08-21 12:16:46'),
(38,	0,	-1,	'vanny',	'dummy',	'engañisimo',	8.00,	NULL,	'2017-08-21 12:16:49'),
(39,	0,	-1,	'vanny',	'dummy',	'engañisimo',	8.00,	NULL,	'2017-08-21 12:16:49'),
(40,	0,	-1,	'vanny',	'dummy',	'engañisimo',	8.00,	NULL,	'2017-08-21 12:16:49'),
(41,	0,	-1,	'vanny',	'dummy',	'engañisimo',	8.00,	NULL,	'2017-08-21 12:16:49'),
(42,	0,	-1,	'vanny',	'dummy',	'engañisimo',	8.00,	NULL,	'2017-08-21 12:16:52'),
(43,	38,	20,	'vanny',	'dummy',	'información',	10.00,	NULL,	'2017-08-21 12:30:13'),
(44,	38,	20,	'vanny',	'dummy',	'información',	10.00,	NULL,	'2017-08-21 12:30:15'),
(45,	38,	20,	'vanny',	'dummy',	'engaño',	10.00,	NULL,	'2017-08-21 12:30:32'),
(46,	38,	1,	'jedo',	'dummy',	'good',	10.00,	NULL,	'2017-11-13 23:06:13'),
(47,	38,	1,	'jedo',	'dummy',	'good',	10.00,	NULL,	'2017-11-13 23:06:15'),
(48,	38,	20,	'tester',	'dummy',	'best',	8.00,	NULL,	'2018-01-16 12:38:40'),
(49,	38,	3,	'username',	'dummy',	'Worst watch I have ever',	4.00,	NULL,	'2018-02-21 05:52:07'),
(50,	38,	3,	'username',	'dummy',	'Worst watch I have ever',	4.00,	NULL,	'2018-02-21 05:52:10'),
(51,	38,	3,	'rsn',	'dummy',	'hj',	2.00,	NULL,	'2018-02-22 16:59:24'),
(52,	38,	3,	'rsn',	'dummy',	'hj',	2.00,	NULL,	'2018-02-22 16:59:26'),
(53,	0,	-1,	'kaka',	'dummy',	'hello',	10.00,	NULL,	'2018-03-13 06:30:21'),
(54,	0,	-1,	'kaka',	'dummy',	'hello',	8.00,	NULL,	'2018-03-13 06:30:32'),
(55,	0,	-1,	'kaka',	'dummy',	'hello',	8.00,	NULL,	'2018-03-13 06:30:33'),
(56,	0,	-1,	'kaka',	'dummy',	'hello ndjlm',	8.00,	NULL,	'2018-03-13 06:30:42'),
(57,	0,	-1,	'kaka',	'dummy',	'hello ndjlm',	8.00,	NULL,	'2018-03-13 06:30:43'),
(58,	38,	19,	'ivan_ufc@yahoo.com.br',	'dummy',	'very nice!',	10.00,	NULL,	'2018-07-01 02:11:27'),
(59,	38,	19,	'ivan_ufc@yahoo.com.br',	'dummy',	'very nice!',	10.00,	NULL,	'2018-07-01 02:11:29'),
(60,	38,	3,	'huy',	'dummy',	'y',	20.00,	1,	'2018-11-22 16:01:13'),
(61,	38,	3,	'huy',	'dummy',	'',	20.00,	1,	'2018-11-22 16:31:48'),
(62,	38,	3,	'mon',	'dummy',	'test',	20.00,	1,	'2018-11-22 16:48:26'),
(63,	38,	3,	'mon',	'dummy',	'he\'s\nas\nSee\nLINE',	20.00,	1,	'2018-11-22 16:59:34'),
(64,	40,	5,	'mon',	'dummy',	'',	20.00,	1,	'2018-11-23 08:30:31'),
(65,	59,	47,	'aloha',	'dummy',	'delicous',	18.00,	1,	'2019-03-25 16:05:37'),
(66,	55,	34,	'tester',	'dummy',	'dekicous',	20.00,	1,	'2019-03-25 17:08:02'),
(67,	55,	34,	'tester',	'dummy',	'good',	20.00,	1,	'2019-03-25 17:08:14'),
(68,	55,	34,	'Aloha',	'',	'Hdxhccc',	10.00,	1,	'2019-03-26 10:05:15'),
(69,	55,	34,	'Aloha',	'',	'Zggxxhxhxhh',	10.00,	1,	'2019-03-26 10:05:23'),
(70,	55,	34,	'Aloha',	'',	'Dgcuivkvgg',	10.00,	1,	'2019-03-26 10:06:05'),
(71,	55,	34,	'Aloha',	'',	'Xghhxhchcjcjcjvvgihoo',	10.00,	1,	'2019-03-26 10:06:14'),
(72,	55,	34,	'Aloha',	'',	'Uddxhxjcbb gf',	10.00,	1,	'2019-03-26 10:06:31'),
(73,	55,	34,	'Aloha',	'',	'Ddddd',	10.00,	1,	'2019-03-26 10:06:37'),
(74,	55,	34,	'Aloha',	'',	'Ffff',	10.00,	1,	'2019-03-26 10:06:43'),
(75,	55,	34,	'Aloha',	'',	'Fffgggg',	10.00,	1,	'2019-03-26 10:06:51'),
(76,	55,	34,	'Aloha',	'',	'Huy',	10.00,	1,	'2019-03-26 10:07:05'),
(77,	55,	34,	'Aloha',	'',	'Hoangf',	10.00,	1,	'2019-03-26 10:07:15'),
(78,	55,	34,	'Aloha',	'',	'Lol',	10.00,	1,	'2019-03-26 10:07:22'),
(79,	63,	57,	'Aloha',	'',	'Hhahahah',	10.00,	1,	'2019-03-26 14:27:53'),
(80,	63,	57,	'Aloha',	'',	'Hello',	10.00,	1,	'2019-03-26 14:28:01'),
(81,	63,	57,	'Aloha',	'',	'Tesst',	10.00,	1,	'2019-03-26 14:28:09'),
(82,	51,	23,	'Mohamed',	'',	'',	10.00,	1,	'2019-03-26 18:35:30'),
(83,	64,	69,	'Mohamed',	'',	'',	10.00,	1,	'2019-04-03 14:32:04'),
(84,	50,	22,	'Mohamed',	'',	'',	10.00,	1,	'2019-04-03 15:01:36'),
(85,	64,	69,	'Test',	'',	'',	10.00,	1,	'2019-04-06 10:53:25'),
(86,	64,	69,	'Mohamed',	'dummy',	'',	20.00,	1,	'2019-04-09 12:55:20'),
(87,	64,	69,	'Gamal',	'',	'جميلة جدا اعجبتني كثيرا',	10.00,	1,	'2019-04-15 22:38:12'),
(88,	64,	75,	'Ali Ahmed',	'',	'',	10.00,	1,	'2019-05-11 00:25:39'),
(89,	61,	42,	'Mohamed ',	'',	'',	10.00,	1,	'2019-09-20 02:40:50'),
(90,	61,	42,	'Mohamed ',	'',	'',	10.00,	1,	'2019-09-20 02:41:04'),
(91,	61,	42,	'Mohamed ',	'',	'',	6.00,	1,	'2019-09-20 02:41:23'),
(92,	63,	59,	'Mohamed ',	'',	'',	10.00,	1,	'2019-09-22 14:07:07'),
(93,	63,	59,	'Mohamed ',	'',	'',	10.00,	1,	'2019-09-22 14:07:21'),
(94,	63,	59,	'Mohamed ',	'',	'Nice',	10.00,	1,	'2019-09-22 14:16:32'),
(95,	78,	95,	'Mohamed ',	'',	'',	10.00,	1,	'2019-09-25 13:32:15'),
(96,	61,	78,	'Mohamed ',	'',	'',	10.00,	1,	'2019-09-26 02:53:33'),
(97,	78,	95,	'Mohamed ',	'',	'Njj',	10.00,	1,	'2019-10-05 14:42:59'),
(98,	78,	95,	'Mohamed ',	'',	'Yes',	10.00,	1,	'2019-10-05 14:43:06'),
(99,	87,	97,	'Mohamed ',	'',	'',	10.00,	1,	'2019-10-05 14:43:07'),
(100,	87,	97,	'Mohamed ',	'',	'',	10.00,	1,	'2019-10-05 14:43:09'),
(101,	87,	97,	'Mohamed ',	'',	'',	10.00,	1,	'2019-10-05 14:43:11'),
(102,	87,	97,	'Mohamed ',	'',	'',	10.00,	1,	'2019-10-05 14:43:14'),
(103,	87,	97,	'Mohamed ',	'',	'',	10.00,	1,	'2019-10-05 14:43:20'),
(104,	87,	97,	'Mohamed ',	'',	'',	10.00,	1,	'2019-10-05 14:43:22'),
(105,	63,	68,	'Mohamed ',	'',	'',	10.00,	1,	'2019-10-10 01:11:16'),
(106,	63,	59,	'Gege Ahmed ',	'',	'',	10.00,	1,	'2019-10-11 11:55:13'),
(107,	63,	58,	'Mohamed ',	'',	'',	10.00,	1,	'2019-10-17 11:30:00'),
(108,	62,	39,	'Mohamed ',	'',	'Very good quality ',	10.00,	1,	'2019-10-20 13:59:58'),
(110,	63,	105,	'aloha',	'dummy',	'',	16.00,	1,	'2019-10-21 12:45:42'),
(111,	63,	105,	'aloha',	'dummy',	'',	10.00,	1,	'2019-10-21 12:45:57'),
(112,	63,	105,	'aloha',	'dummy',	'',	10.00,	1,	'2019-10-21 12:52:18'),
(113,	81,	96,	'aloha',	'dummy',	'',	16.00,	1,	'2019-10-22 01:07:32'),
(114,	81,	96,	'aloha',	'dummy',	'',	12.00,	1,	'2019-10-22 03:46:17'),
(115,	78,	93,	'Mohamed ',	'',	'',	10.00,	1,	'2019-10-22 14:13:45'),
(116,	60,	38,	'Mohamed ',	'',	'',	10.00,	1,	'2019-10-23 02:51:22');

CREATE TABLE `datetb` (
  `dateId` int(11) NOT NULL AUTO_INCREMENT,
  `dateName` varchar(20) CHARACTER SET utf8 DEFAULT NULL,
  `fullDateName` varchar(20) CHARACTER SET utf8 DEFAULT NULL,
  PRIMARY KEY (`dateId`)
) ENGINE=InnoDB DEFAULT CHARSET=latin1;

INSERT INTO `datetb` (`dateId`, `dateName`, `fullDateName`) VALUES
(1,	'mon',	'Monday'),
(2,	'tue',	'Tuesday'),
(3,	'wed',	'Wednesday'),
(4,	'thu',	'Thusday'),
(5,	'fri',	'Friday'),
(6,	'sat',	'Saturday'),
(7,	'sun',	'Sunday');


CREATE TABLE `device` (
  `id` int(11) NOT NULL AUTO_INCREMENT,
  `user_id` varchar(11) CHARACTER SET utf8 DEFAULT NULL,
  `ime` varchar(255) CHARACTER SET utf8 NOT NULL,
  `gcm_id` mediumtext CHARACTER SET utf8 NOT NULL,
  `type` int(1) NOT NULL,
  `status` int(1) NOT NULL,
  `badge` int(10) DEFAULT '0',
  PRIMARY KEY (`id`)
) ENGINE=InnoDB DEFAULT CHARSET=utf8mb4;

INSERT INTO `device` (`id`, `user_id`, `ime`, `gcm_id`, `type`, `status`, `badge`) VALUES
(60,	'1553500257',	'354216100078223',	'fuy7b4O9RP0:APA91bGuROpKDANW1yvzBWF-YyxdJnpF2V8oBHHHBZN9FQ5NI-oy6rPPojq1T3KFVCBsA9n-SsmLHzhpgVgxH0W9A_l8j-3UYCTI9YlfiLQdjj_MuvKK5pNEWxf9RzBV4AraX-IB0vNH',	1,	1,	0),
(61,	'1568083060',	'357623082280825',	'dpD8zxhwFIE:APA91bGYn1dotGbu1q_p4aCgJRyZcgqoeb5sfKlIltcbj6jXQYQQKQnm9SfzG5qWi5qKnRfzdu7h20VYBGpwBmROqSGMID2HB290KgFROscptI86Rq2LeqNLxcaXlokEF36OXklIcsi4',	1,	1,	0),
(63,	'1553500257',	'357623082280825',	'ezBVfLiepcA:APA91bFekUdWlptQm0gLOejGUuyMX8Nxv7BW7XaZTfGR2JZLpFtr6Tf91N0tjdRL1cVVEyyf99mVLO0s1appTXBGpedTNRQuPJgAKmQbKPSBaZRFwrXBWMZA9py4mBPXht4z86dbjUl7',	1,	1,	0),
(64,	'1568083060',	'354216100078223',	'fkzwnPWr-OM:APA91bE7r3daxPPCTQZETY89HSRRq-sReiDPOMhdmFj4XVks1r77n5mLF-GSnwMp6kvoqHyGdJYlzkxhrzwCnRnFj7As26t1CULd74x2aCOj5y2QPlwE41zapVITZI7ePqxyU8aoFbhA',	1,	1,	0),
(67,	'1570109651',	'357330075372524',	'cGykuEkAvao:APA91bH3p4eEmR_poK_PIzUmcj3yWL4zcOtXS3fDhPVu3-guDMiaHD49buqhm-bOns29wji-AMFQPeGgdZDU7rVFNJeoPgdyA2hgXb364dHgoeorxtzsZRFkaXia2KeKU-HH04ax0YyF',	1,	1,	0),
(68,	'1571026891',	'354216100078223',	'dUhkwCcpBiQ:APA91bGHWFLsBgLlBOY-4WjXALJt_5vIUJB0Rf9X-1bG182JfG8w2hLoAKww9KkAThmMW3E2E2-9kriUgzH_v8uYgb2hZgHnaGngbTmqX5PRKFyovfNAKIFTPwActeGOYKcBbp4ZQ-89',	1,	1,	0),
(70,	'1571728657',	'354216100078223',	'dIuC-jGkXKs:APA91bHLIe4RVSDy2E758uljaajxMlFmXfFFsXU6lLzcuJXDcgAMxLp32ht83So615S0-OelkjfwR1PdmdkC6sY6AehBqvZ9Nn_4bFk8FHuVbzFCUInq9D6MElejlMn6ZiWtlJPO-jM6',	1,	1,	0),
(71,	'1553500257',	'357623082280825',	'e-p3YnW_n4A:APA91bHuTlkKVrnvqmvHLabqq-zvEPED4a_EK61eIh5JsJkxBbLKTP_HBEZ63ZejLeeKAspp7HNhki2-NkQRIoOOALUixfGKuNU3OC2IUy8tbSJDJZznBWZgFv1JyXJR1ZZG3m1HxKeC',	1,	1,	0),
(73,	'1570109651',	'357330075372524',	'c11SAyLcKOE:APA91bGYfSPBoZp85wP0KKkmOUjW-pjcsCyg-Xxq2fcq8fLbLz2yuLOLSfNyWkQTQ6jJWzqCgASIBI-eDVe7bRHDnMrC2Nslsg2B97ipi_fd5-0DcqKVNDO0DULAGouQIrDJqw3mZ7ih',	1,	1,	0),
(74,	'1571027708',	'357623082280825',	'diW52n6spdk:APA91bE87uMJE6528qpRUZ5Z_uanEAniNai4BkomweAf2U3Dz3wkUa92STy93QQ_kVoCcyx5a-O5JGy7-cmbplytqtiDc6uePnxgIfGw3yBk91dYZS-dgQc4btJWvqzYztwta4UyKZZ_',	1,	1,	0),
(75,	'1571027708',	'357623082280825',	'cj-AMM_mxik:APA91bFuEtKbF2Bwj4TtZnxSFVXs1qlVQj-4_I6Q9-3wqYvmylfMhxtIkDN70s4Cw5z7rojd_mWDvPFcn6TuvQUPg6xrYzKBPwrZSLxzWtdyU-1qGRiPfXdOWAsXMp4ctYbANUOElK9G',	1,	1,	0),
(76,	'1571027708',	'357623082280825',	'eSrM2H37RoQ:APA91bF-3ysJ3xjHsyanglLSBOtRddnXUYzkpwX12VeCNCwJ95XYL5L3cPB_6mEyECcfmr8df641WMPGmXguEcoHta_9VPXjuN7KIAEobq81kw5nip3I5PibfAQClTvS93u9zddZL6Xr',	1,	1,	0),
(77,	'1571027708',	'357623082280825',	'dFCPocbeG5A:APA91bGJ7KVGjZa48uH9nQS9v2vcIcb2OPmfTtxk8BmS4Ovu7yhRIKn6K6DD5e6Hps5kPsQl4cLCT2RIyUnw79IadkQH9hiDFL1BbLdWYobEVgszqwTzrcsUrycpemKmyGf1hx6CH8CQ',	1,	1,	0),
(78,	'1568083060',	'357623082280825',	'fxcAebDkrNI:APA91bFKH3ZfDinVzxknnOwcq659KgoOh5y93i0SZ__TdGnmZHeFPl-bsP9XyiN58xNY24RRenTkEaM7uu5rl4wgyhyn3lVCWHBAqWsySMsKPT2BgOBXwcVbKdx7Arhe6bMeEMfr9dDI',	1,	1,	0),
(79,	'1568083060',	'357623082280825',	'fIIZW1IytHU:APA91bH1bErvjR6vIds_5DzlgRJ8OOQZPDxjdxMzbZlegpeQlcQHq2ygrka1sIt1tM1fCLFxJrbUjaPoUz8-Ur_1UQPg1t2AZIJ2g1hxjA2wadkNJPx2Gq_6NxcPJF-oKZukU1lxRil8',	1,	1,	0),
(80,	'1553500257',	'357623082280825',	'e5qaMnDCUFw:APA91bHOWVJWCI2JqqDRGc53vJ9WDUwm85QsHbfcI8XzCR8Im2rRBgT1P2XawtwW6lISDI-X5yVyDXW4d9p4FJ0I8_uKRMFUtKm0Kp1fj85JY0yUhOmw00eHbIpsoq3Q7km7-IIw3apq',	1,	1,	0),
(81,	'1553500257',	'357623082280825',	'coRIP0r3VJI:APA91bF9Xx_p-2DVAPgPVVt2qMKG2NhRPTfvBC6foljDDxCRx6sMe7VzAWeOipDMATgxcFr9PR_MBWGos-a0VHxJOXhxcSlzds4LN7iEeKE4IZL2cW4lZzQJ-k8f1_fRiN1w2suXhyWR',	1,	1,	0),
(82,	'1553500257',	'357623082280825',	'eNEsdg4tYdE:APA91bEBN0cBZ_oMmkh8aWf8ipsqyQCJIuW1ZGJVZsLnKPAyobn8Tr-apwR8QC9iK5Ocy_ve64sWSFpSjZt0CgcVamyUX9s3hYI3qhN87BdtJPduDa4GDobiUaOmgSa8Q0ciJPKMUgE_',	1,	1,	0),
(83,	'1568083060',	'357623082280825',	'duatWCiNLqw:APA91bGjPGUkn6JaEU_7pfJgYAIJj1bssKuWvGdf0ZaZRRRrgxTMRMRFNakUhq_Uhnai7xhEi4pRIXR9JUQCOkn3eLyv2f_nbe04-SDqZ67J5QsBZoqDPCxXSWgoWU6-UO13Y8kkLAus',	1,	1,	0),
(84,	'1568083060',	'357623082280825',	'ePjtRV5tqR0:APA91bGIQqa37-cK1LIW4iqUR46hindNndtiw4n4-n6PwGEVcHinCYjgYk6j9eFXr0L0A387rxxapumbDbCMgK0OaI7GV6N0WVKW8_xHXKHQ94FYvWLoYs9LmvbgjLkQfmJnfPGE91X5',	1,	1,	0),
(85,	'1553500257',	'357623082280825',	'e4ILgmMK9E0:APA91bF-LNo0lTYKM40oXqHa6MXyvPrOb8FsCybTGesCePF142hbYsMJdaa9jL7M3-kVAQccJ_zZGRGoj0jUyp9HVvoqw3PfPsjPBM0k-8-5V0Bx3JUTU6Iv_g-dYKmNOmv3iYkmNxm6',	1,	1,	0),
(86,	'1553500257',	'357623082280825',	'dAeHIodDxgA:APA91bE3qun-VnEmI7sERzpUwzR_PVqnr9Z9bFjZcEX-7Ixfr_o6zU6xUtUbSL311F8Y-ViT17DdhweWjCOnoXpJ8fSR4I6_po1kkjB2lJiRgCpQG3spE0p_FoNuiT9wFI72WxGEr-Hx',	1,	1,	0),
(88,	'1553500257',	'354216100078223',	'eKXGdYDHquM:APA91bGp9HFmtRvdVx3JIrbZOghv7k81qc4orT15nbU5uAMaCdRMOf6I5zxXls_Wm4i9AV08FnmZjMs54NQRfTwj3IbVEwxDmzyzvwa6RpWt3NSuhwsl9XGLStdXOhrglno_b0xOO7Zo',	1,	1,	0),
(90,	'1571742116',	'357330075372524',	'dpB8tLFJ8cY:APA91bElJYylCY3wyWTw0km5z2raVjtNg5i50YcDY7KCH45mB3Wyd_iE5q7lrNhlcMVoGQ93KFbLJRG0G8_IVjFDeqNDqRgUJNrDUzz4CnhDKUbU11PN6hU2XHkAL8y0um0eoEvVwjSx',	1,	1,	0),
(94,	'1553500257',	'357623082280825',	'dI6yDDmiQlM:APA91bHxRSEifk7XJoYPXUTgzVUPqhyNwPWbl-CZxqE8UChDlehe8ZeFEbFwTrjrM8Y5m_1l23QA8uiGJ0yQf1QkYhSCbUWi2luBZhrfzpgujwdutQp-DQvT587Uzg1qVU9gWnRJP-EQ',	1,	1,	0),
(97,	'1553500257',	'357623082280825',	'eumuW0H_o8U:APA91bEK-wTFtD6iN2KkbOMvNQ__l0oY4p9xqITL56inv3D-bFHMpncOBlyfrqsEzxeku1kSMNUgqTI5M04H-2Fi3wFtVTeT7v727zlKREqdsPmL5aIb0YAe4LsrZqw2xWY1mKmGWiPT',	1,	1,	0),
(98,	'1553596624',	'357330075372524',	'esJpRUMEZsk:APA91bHQ42MMfCY_cIrZ12iGbe9M5GAoq9hh6WJtln9a5qVxlYytEIA152bgQu18ZIFxjbWE7A8UE7DEf9YZ9oVvIYSPFSuPYjwiLNJsYYyGK6uO5OZ_CWiS_v2aozvFS02S1ZsVM7sd',	1,	1,	0),
(99,	'1553596624',	'357330075372524',	'ej8-Yw-RKf0:APA91bFtgvJH7lrc7mVGL8zbQSMqPZ34FTry8Q1C-NKJTmbz07TOchMP9BNyd19BvRf1CljpCZrWFP7hGv5UEJ9m9jrkpJwG3bXywYmuMdneGTQk8Oeju4CLL35pmIz8pCp1zustEY6x',	1,	1,	0),
(103,	'1553500257',	'357623082280825',	'dDzoe3ZOjMc:APA91bFbreMYupmsOS65_om6uZQMVuOkBhD4DZ72290Y21tkrW60QZUogYYJRZvBBBoBViRVJ_w0guj17Yd3BwZoc2qKxMwOSIdps1CVW1l5uKsbVrrn1wnEDUY_gF5QahELlshBGtPh',	1,	1,	0),
(104,	'1553596624',	'357330075372524',	'd6ujt-MrC2M:APA91bEsJOlVEaAQCE_OpNG0EuKszJgZn-zCYZVdJIryx1WV4DowHUqggJXre2r2RS-90Va1lg3HNbpL_rQRxb7jOC_lC3bf5ybwa07R9VZx03MOXuemzhxiRLxl79vVqXP-8k8q2fWz',	1,	1,	0),
(105,	'1553596624',	'357330075372524',	'dqSGhQA8fck:APA91bEecdGjKNO6H82ZFRm81wSzJU8xNxztyzjNxh1qd1591jxQI6WEFSNZtLeD9_dw1w922QZsYyKH8i1EnpkzTfbrH3HHUAODn3_3m9bnx3_u0h78EgnLG1T8CuiG0s_tmmKPbhOh',	1,	1,	0),
(106,	'1553596624',	'357330075372524',	'dkaGiQbjg_E:APA91bF7uKXvVNYG0pl_1G4Le5Ucp9-fH7z0NHhaNAT6z2wN3FsTUnPu6sNKhGEZcwI1uAapMkB_MB6FBBKCDzDfLTnen-tCpO9N-j4B6pAsznquB8m0j5VagMOKdsTzLhrBDkLUWw48',	1,	1,	0),
(109,	'1553596624',	'b81b3ed60310d56441c25a2efca1320e7737cf8bfff1b03a34bdaafba8b146ce',	'b81b3ed60310d56441c25a2efca1320e7737cf8bfff1b03a34bdaafba8b146ce',	2,	1,	0),
(110,	'1553596624',	'357330075372524',	'd0YI3JeevlI:APA91bHGAods47Zng6LivTRmyXPUSDkGUqlzd9fhIHv2RoxVlO9rMd23KO9c-ME4_Z0tY4dtRUXevFxEnLsksCz51Gcoyvqiz0c9q9evgYb55gY5-grmkXx6mkwZaZq49vYNOO-Utl1I',	1,	1,	0),
(111,	'1557231865',	'025bdf6255b763e2bd61c966e8dc2de4c2753d6309ff925e0ad65c4f8fe2fc01',	'025bdf6255b763e2bd61c966e8dc2de4c2753d6309ff925e0ad65c4f8fe2fc01',	2,	1,	0),
(112,	'1553500257',	'358240051111110',	'dApW3f-437E:APA91bFiRN3t85JVdeC03jafpz2iqtqXZEecAWswf0BbMIrAZUb1aBv_xTaorulNA6mZMeueuAkEplsybUfzMoocrP4hnJ6OtTsu5VGj1jS7yeXMFpfYSzCKlXlVjarsLCIoNrVR2oep',	1,	1,	0),
(113,	'1553596624',	'aee6c715e73fc2585917e5ba29b337fbf71dc6d4802ef417f402c439d3f27dd8',	'aee6c715e73fc2585917e5ba29b337fbf71dc6d4802ef417f402c439d3f27dd8',	2,	1,	0);

CREATE TABLE `extra_option` (
  `id` int(11) NOT NULL AUTO_INCREMENT,
  `name` varchar(255) CHARACTER SET utf8 NOT NULL,
  `parentId` int(11) NOT NULL DEFAULT '0',
  `status` int(11) NOT NULL DEFAULT '1',
  `desc` varchar(255) CHARACTER SET utf8 DEFAULT NULL,
  PRIMARY KEY (`id`)
) ENGINE=InnoDB DEFAULT CHARSET=utf8mb4 COLLATE=utf8mb4_unicode_ci;

INSERT INTO `extra_option` (`id`, `name`, `parentId`, `status`, `desc`) VALUES
(1,	'Size',	0,	1,	'(30,31,32,33)'),
(4,	'29',	1,	1,	''),
(5,	'30',	1,	1,	''),
(6,	'31',	1,	1,	''),
(7,	'32',	1,	1,	''),
(8,	'33',	1,	1,	''),
(9,	'Color',	0,	1,	''),
(10,	'Red',	9,	1,	''),
(11,	'Blue',	9,	1,	''),
(12,	'Green',	9,	1,	''),
(13,	'Pink',	9,	1,	''),
(14,	'Gray',	9,	1,	''),
(18,	'Quality',	0,	1,	''),
(19,	'99%',	18,	1,	''),
(20,	'98%',	18,	1,	''),
(24,	'Other',	0,	1,	''),
(25,	'Anything 1',	24,	1,	''),
(26,	'Anything 2',	24,	1,	''),
(28,	'المقاسات',	0,	1,	NULL),
(30,	'صغير',	28,	1,	NULL),
(31,	'الانواع',	0,	1,	NULL),
(32,	'متوسط',	28,	1,	NULL),
(33,	'كبير',	28,	1,	NULL),
(34,	'الالوان',	0,	1,	NULL),
(35,	'احمر',	34,	1,	NULL),
(36,	'ازرق',	34,	1,	NULL),
(37,	'اصفر',	34,	1,	NULL),
(39,	'الجودة',	0,	1,	NULL),
(40,	'عالية',	39,	1,	NULL),
(41,	'ممتازة',	39,	1,	NULL),
(42,	'رديئة',	39,	1,	NULL);

CREATE TABLE `feedback` (
  `id` int(11) NOT NULL AUTO_INCREMENT,
  `account_id` int(11) DEFAULT NULL,
  `tittle` text NOT NULL,
  `description` text NOT NULL,
  `created` datetime NOT NULL,
  `status` int(11) DEFAULT NULL,
  `type` int(1) NOT NULL DEFAULT '1',
  `note` text NOT NULL,
  PRIMARY KEY (`id`)
) ENGINE=InnoDB DEFAULT CHARSET=utf8;

INSERT INTO `feedback` (`id`, `account_id`, `tittle`, `description`, `created`, `status`, `type`, `note`) VALUES
(1,	1432968757,	'Please approve my request',	'Please approve my request, it is shop owner.',	'2016-12-13 09:18:45',	2,	1,	''),
(2,	1484715193,	'title',	'ga',	'2017-01-18 14:35:18',	0,	3,	''),
(3,	1484715193,	'213',	'123',	'2017-01-18 14:35:26',	0,	1,	''),
(4,	1432968757,	'my feedback',	'good app',	'2017-02-25 15:53:50',	0,	1,	''),
(5,	1495526744,	'ReporShop',	'Jfjjdjkdkd',	'2017-05-24 09:25:34',	0,	2,	''),
(6,	1495526744,	'ReporShop',	'Jfjjdjkdkd',	'2017-05-24 09:25:47',	0,	2,	''),
(7,	1495526744,	'Report20%Shop',	'Jfjjdjkdkd',	'2017-05-24 09:29:10',	0,	2,	''),
(8,	1495008909,	'Hicom',	'Test',	'2017-06-29 10:34:08',	0,	1,	''),
(9,	1495008909,	'Hicom',	'HICOM',	'2017-06-29 10:39:47',	0,	1,	''),
(10,	1495008909,	'Hicom',	'HICOM',	'2017-06-29 10:43:01',	0,	1,	''),
(11,	1495008909,	'Hicom',	'HICOM',	'2017-06-29 10:43:40',	0,	1,	''),
(14,	1495526744,	'Hicom	',	'Report test by logan',	'2017-07-18 14:35:43',	0,	3,	''),
(15,	1500518661,	'Hợt',	'Bắc',	'2017-07-20 09:48:46',	0,	1,	''),
(16,	1495526744,	'ReporShop',	'Jfjjdjkdkd',	'2017-08-07 13:53:50',	0,	2,	''),
(17,	1500535542,	'zabada',	'vzhzhz',	'2017-08-15 17:03:54',	0,	1,	''),
(18,	1500535542,	'Report Passions shop (ID:0)',	'hhsjsjs',	'2017-08-16 09:43:13',	0,	2,	''),
(19,	1500535542,	'Report Casio SW300 (ID:0)',	'this is test',	'2017-08-16 09:55:47',	0,	2,	''),
(20,	1500535542,	'big bug',	'abc',	'2017-08-16 09:58:34',	0,	3,	''),
(21,	1502975195,	'prueba feedback',	'este año está acabando',	'2017-08-17 20:07:22',	0,	1,	''),
(22,	1502975195,	'reporte bug',	'ahora sí funciona',	'2017-08-17 20:08:09',	0,	3,	''),
(23,	1500535542,	'abc',	'sbsh',	'2017-08-18 11:48:22',	0,	1,	''),
(24,	1503292478,	'nuevo feedbak',	'extrañó',	'2017-08-21 12:19:35',	0,	1,	''),
(25,	1519039880,	'Great app',	'Very good app for emarket',	'2018-02-19 18:56:58',	0,	1,	''),
(26,	1519039880,	'Great app',	'Good app for emarket',	'2018-02-19 19:05:41',	0,	1,	''),
(27,	1519288393,	'Report Casio SW300 (ID:0)',	'ghhhj',	'2018-02-22 16:59:12',	0,	2,	'');

CREATE TABLE `finance` (
  `id` int(11) NOT NULL AUTO_INCREMENT,
  `shopId` varchar(255) DEFAULT NULL,
  `budget` float DEFAULT NULL,
  `updateTime` datetime DEFAULT NULL,
  `status` int(11) DEFAULT NULL,
  PRIMARY KEY (`id`)
) ENGINE=InnoDB DEFAULT CHARSET=utf8;

INSERT INTO `finance` (`id`, `shopId`, `budget`, `updateTime`, `status`) VALUES
(1,	'41',	5,	'2015-12-14 13:34:39',	1),
(2,	'40',	1723,	'2016-12-13 14:43:00',	1),
(3,	'38',	99,	'2016-12-13 17:17:48',	1),
(4,	'57',	14724,	'2017-05-26 13:46:21',	1);

CREATE TABLE `financehistory` (
  `id` int(11) NOT NULL AUTO_INCREMENT,
  `ownerId` varchar(20) DEFAULT NULL,
  `amount` float(20,2) DEFAULT NULL,
  `createdTime` datetime DEFAULT NULL,
  `approvedTime` datetime DEFAULT NULL,
  `status` int(1) DEFAULT NULL,
  PRIMARY KEY (`id`)
) ENGINE=InnoDB DEFAULT CHARSET=utf8;


CREATE TABLE `financeowner` (
  `id` int(11) NOT NULL AUTO_INCREMENT,
  `ownerId` varchar(20) DEFAULT NULL,
  `budget` float(20,2) DEFAULT NULL,
  `updateTime` datetime DEFAULT NULL,
  `status` int(11) DEFAULT NULL,
  PRIMARY KEY (`id`)
) ENGINE=InnoDB DEFAULT CHARSET=utf8;

INSERT INTO `financeowner` (`id`, `ownerId`, `budget`, `updateTime`, `status`) VALUES
(1,	'1397811111',	1827.00,	'2016-12-13 17:17:48',	1),
(2,	'1495775393',	14724.00,	'2017-05-26 13:46:21',	1);

CREATE TABLE `food` (
  `food_id` int(10) unsigned NOT NULL AUTO_INCREMENT,
  `food_code` varchar(20) CHARACTER SET utf8 DEFAULT NULL,
  `food_name` varchar(200) CHARACTER SET utf8 NOT NULL,
  `shop_id` int(11) DEFAULT NULL,
  `food_price` double DEFAULT NULL,
  `food_thumbnail` varchar(255) CHARACTER SET utf8 NOT NULL,
  `food_image` varchar(255) CHARACTER SET utf8 NOT NULL,
  `food_small_thumbnail` varchar(255) CHARACTER SET utf8 DEFAULT NULL,
  `food_menus` int(11) NOT NULL,
  `food_desc` text CHARACTER SET utf8 NOT NULL,
  `status_in_day` tinyint(1) NOT NULL DEFAULT '1',
  `food_event_cost` double DEFAULT NULL,
  `food_event_start_time` datetime DEFAULT NULL,
  `food_event_end_time` datetime DEFAULT NULL,
  `food_event_thumbnail` varchar(255) CHARACTER SET utf8 DEFAULT NULL,
  `status` tinyint(1) DEFAULT '1',
  `lang` tinyint(1) DEFAULT NULL,
  `available` tinyint(1) DEFAULT NULL,
  `rate` float(4,2) DEFAULT NULL,
  `rate_times` int(11) DEFAULT NULL,
  `extra_options` text CHARACTER SET utf8,
  PRIMARY KEY (`food_id`)
) ENGINE=InnoDB DEFAULT CHARSET=utf8 COLLATE=utf8_unicode_ci;

INSERT INTO `food` (`food_id`, `food_code`, `food_name`, `shop_id`, `food_price`, `food_thumbnail`, `food_image`, `food_small_thumbnail`, `food_menus`, `food_desc`, `status_in_day`, `food_event_cost`, `food_event_start_time`, `food_event_end_time`, `food_event_thumbnail`, `status`, `lang`, `available`, `rate`, `rate_times`, `extra_options`) VALUES
(1,	'A9999',	'Spatit',	38,	99,	'1539158864.jpg',	'',	NULL,	24,	'Spatit description.',	1,	NULL,	NULL,	NULL,	NULL,	1,	NULL,	1,	10.00,	2,	NULL),
(3,	'TB22K',	'Tourim',	38,	22,	'1539158941.jpg',	'',	NULL,	24,	'Tourim is the best.',	1,	NULL,	NULL,	NULL,	NULL,	1,	NULL,	1,	11.09,	11,	'null'),
(5,	'MK9',	'food shrimp',	40,	123,	'1539158709.jpg',	'',	NULL,	28,	'very good.',	1,	NULL,	NULL,	NULL,	NULL,	1,	NULL,	1,	20.00,	1,	NULL),
(7,	'2',	'vegetables',	54,	5,	'1539158357.jpg',	'',	NULL,	38,	'vegetables description.',	1,	NULL,	NULL,	NULL,	NULL,	1,	NULL,	1,	0.00,	0,	NULL),
(8,	'1',	'Light button Light button Light button',	42,	11,	'1472285476.png',	'',	NULL,	10,	'Light button description',	1,	NULL,	NULL,	NULL,	NULL,	1,	NULL,	1,	0.00,	0,	NULL),
(12,	'T1',	'Sub key',	40,	100,	'1539158739.jpg',	'',	NULL,	28,	'Sub key description',	1,	NULL,	NULL,	NULL,	NULL,	1,	NULL,	1,	0.00,	0,	NULL),
(13,	'CC1',	'pizza fish',	40,	300,	'1539158628.jpg',	'',	NULL,	13,	'pizza fish',	1,	NULL,	NULL,	NULL,	NULL,	1,	NULL,	1,	10.00,	2,	NULL),
(15,	'1123',	'Pizza Express',	39,	30,	'1480132820.png',	'',	NULL,	32,	'Classic marinara sauce, authentic old-world pepperoni, seasoned pork, beef, fresh mushrooms, fresh green bell peppers and fresh red onions.',	1,	NULL,	NULL,	NULL,	NULL,	1,	NULL,	1,	0.00,	0,	NULL),
(16,	'01',	'Mon 1',	48,	1000,	'1481340901.jpg',	'',	NULL,	13,	'đèafaaaaa',	1,	NULL,	NULL,	NULL,	NULL,	1,	NULL,	1,	0.00,	0,	NULL),
(17,	'9',	'wrewrw',	48,	65757,	'1481340926.JPG',	'',	NULL,	25,	'werwrw',	1,	NULL,	NULL,	NULL,	NULL,	1,	NULL,	1,	0.00,	0,	NULL),
(18,	'dsfs',	'456464',	48,	99,	'1481340967.jpg',	'',	NULL,	13,	'sf',	1,	NULL,	NULL,	NULL,	NULL,	1,	NULL,	1,	0.00,	0,	NULL),
(19,	'S002',	'Tourim',	38,	145,	'1539159048.jpg',	'',	NULL,	24,	'Tourim is the best',	1,	NULL,	NULL,	NULL,	NULL,	1,	NULL,	1,	10.00,	4,	'null'),
(20,	'S003',	'Bingsu',	38,	79,	'1539159082.jpg',	'',	NULL,	24,	'Equally suited to ambitious training or the daily grind, the lightweight Saucony Kineta Relay running shoe offers impact absorption from a durable EVA outsole, while the FORM2U footbed provides foot-conforming support.',	1,	NULL,	NULL,	NULL,	NULL,	1,	NULL,	1,	9.50,	4,	NULL),
(21,	'c100',	'pizza',	40,	300,	'1539158563.jpg',	'',	NULL,	13,	'At one time tail lights were round, plain, utilitarian components, mounted to the back of cars and trucks merely so they could be seen in the darkness. Then long about the late 1940s and early 1950s automakers began integrating tail lights into the shape of the body and since that time tail light styling has been an important part of vehicle design. Many tail light shapes are so iconic that a photo of the lights alone are all that is necessary to identify the year, make and model of the vehicle.',	1,	NULL,	NULL,	NULL,	NULL,	1,	NULL,	1,	0.00,	0,	NULL),
(22,	'HPBOX-1212',	'The Pizza Grille',	50,	20,	'1481622341.jpg',	'',	NULL,	13,	'Deep and Graceful Birthday Poems to Send to Grandfather on His Birthday 3',	1,	NULL,	NULL,	NULL,	NULL,	1,	NULL,	1,	10.00,	1,	NULL),
(23,	'GS001',	'Beary Happy Birthday Box',	51,	20,	'1481623736.jpg',	'',	NULL,	26,	'Beary Happy Birthday Box 19',	1,	NULL,	NULL,	NULL,	NULL,	1,	NULL,	1,	10.00,	1,	NULL),
(24,	'GS002',	'Happy Birthday Gift',	51,	30,	'1481623785.png',	'',	NULL,	26,	'Happy Birthday Gift',	1,	NULL,	NULL,	NULL,	NULL,	1,	NULL,	1,	10.00,	1,	NULL),
(26,	'Coriander Leaf ',	'Coriander Leaf ',	52,	10,	'1487840705.jpg',	'',	NULL,	37,	'The coriander plant produces both a spice and an herb. The leaf is know as cilantro and when the plant goes to seed, we harvest the coriander seed. Coriander is a pleasantly sweet spice with a lemony top note. It is commonly used in chili and curry dishes.',	1,	NULL,	NULL,	NULL,	NULL,	1,	NULL,	1,	0.00,	0,	NULL),
(27,	'Peach ',	'Peach ',	52,	50,	'1487840858.png',	'',	NULL,	38,	'The peach (Prunus persica) is a deciduous tree native to the region of Northwest China between the Tarim Basin and the north slopes of the Kunlun Shan mountains, where it was first domesticated and cultivated. It bears an edible juicy fruit called a peach or a nectarine.',	1,	NULL,	NULL,	NULL,	NULL,	1,	NULL,	1,	0.00,	0,	NULL),
(28,	'Grapes',	'Grapes',	54,	75,	'1487841014.jpg',	'',	NULL,	38,	'Grapes are classified as a fruit and come in a large variety of colors and types. Some are principally used for making wine, while others are enjoyed as juice or eaten alone as a snack or appetizer, often with cheese. Grapes can also be used as ingredients in other dishes such as the chicken salad recipe attached. Nutritionally, grapes provide multiple benefits.',	1,	NULL,	NULL,	NULL,	NULL,	1,	NULL,	1,	0.00,	0,	NULL),
(30,	'Thyme ',	'Thyme ',	54,	140,	'1487841253.jpg',	'',	NULL,	37,	'Thyme is an evergreen herb with culinary, medicinal, and ornamental uses. The most common ... It is composed of a woody stem with paired leaf or flower clusters (\"leaves\") spaced 1⁄2 to 1\" apart.',	1,	NULL,	NULL,	NULL,	NULL,	1,	NULL,	1,	0.00,	0,	NULL),
(32,	'Parsley',	'Parsley',	53,	20,	'1487841528.jpg',	'',	NULL,	37,	'Parsley, Petroselinum crispum is an herbaceous biennial or perennial plant in the family Apiaceae grown for its leaves which are used as a herb. Parsley is an aromatic plant with an erect growth habit and possesses branched, hollow stems and dark green flat or curled leaves which are arranged alternately on the stems.',	1,	NULL,	NULL,	NULL,	NULL,	1,	NULL,	1,	0.00,	0,	NULL),
(34,	'a1',	'clamato',	55,	55,	'1493269602.png',	'',	NULL,	13,	'Bueno y barato ',	1,	NULL,	NULL,	NULL,	NULL,	1,	NULL,	1,	11.54,	13,	'null'),
(35,	'LM001',	'Cake',	57,	656,	'1539158187.jpg',	'',	NULL,	24,	'cake\r\n',	1,	NULL,	NULL,	NULL,	NULL,	1,	NULL,	1,	8.00,	4,	NULL),
(36,	'LM002',	'Sweet',	57,	554,	'1539158132.jpg',	'',	NULL,	24,	'cake',	1,	NULL,	NULL,	NULL,	NULL,	1,	NULL,	1,	NULL,	NULL,	NULL),
(37,	'0001',	'انتري',	59,	380,	'1557351955.jpg',	'',	NULL,	10,	'انتري دائري',	1,	NULL,	NULL,	NULL,	NULL,	1,	NULL,	1,	NULL,	NULL,	'[{\"parentId\":\"1\",\"optionSelected\":\"4,5,6,7,8\"},{\"parentId\":\"9\",\"optionSelected\":\"10,11,12,13,14\"}]'),
(38,	'Drill010',	'طاقم ',	60,	200,	'1557343786.jpg',	'',	NULL,	10,	'طاقم ',	1,	NULL,	NULL,	NULL,	NULL,	1,	NULL,	1,	NULL,	NULL,	'null'),
(39,	'123',	'نظارة شمسية ',	62,	150,	'1557340821.jpg',	'',	NULL,	10,	'نظارة شمسية ',	1,	NULL,	NULL,	NULL,	NULL,	1,	NULL,	1,	NULL,	NULL,	'null'),
(41,	'h12',	'haniah',	38,	90,	'1516032633.jpg',	'',	NULL,	24,	'natural',	1,	NULL,	NULL,	NULL,	NULL,	1,	NULL,	1,	NULL,	NULL,	'null'),
(42,	'skjfs',	'كتل سخان مياه',	61,	145,	'1557342380.jpg',	'',	NULL,	10,	'كتل سخان مياه',	1,	NULL,	NULL,	NULL,	NULL,	1,	NULL,	1,	NULL,	NULL,	'null'),
(43,	'food',	'حذاء رياضي',	58,	120,	'1557353301.jpg',	'',	NULL,	10,	'حذاء رياضي',	1,	NULL,	NULL,	NULL,	NULL,	1,	NULL,	1,	NULL,	NULL,	'null'),
(44,	'food2',	'Sewer',	63,	5500,	'1569069211.jpeg',	'',	NULL,	45,	'good',	1,	NULL,	NULL,	NULL,	NULL,	1,	NULL,	1,	NULL,	NULL,	'[{\"parentId\":\"9\",\"optionSelected\":\"10\"}]'),
(45,	'eatfood',	'نظارة شمسية ',	62,	200,	'1557340941.jpg',	'',	NULL,	10,	'نظارة شمسية ',	1,	NULL,	NULL,	NULL,	NULL,	1,	NULL,	1,	NULL,	NULL,	'null'),
(46,	'bs',	'مكرويف',	61,	575,	'1557342190.jpg',	'',	NULL,	10,	'مكرويف',	1,	NULL,	NULL,	NULL,	NULL,	1,	NULL,	1,	NULL,	NULL,	'null'),
(48,	'vege',	'vegetables ',	55,	50000,	'1539222820.jpg',	'',	NULL,	28,	'fqrrrrrrrrrg',	1,	NULL,	NULL,	NULL,	NULL,	1,	NULL,	1,	NULL,	NULL,	NULL),
(49,	'abc',	'Sewer',	55,	58000,	'1539222872.jpg',	'',	NULL,	28,	'étyehst',	1,	NULL,	NULL,	NULL,	NULL,	1,	NULL,	1,	NULL,	NULL,	NULL),
(50,	'steak',	'نظارة شمسية ',	62,	350,	'1557340873.jpg',	'',	NULL,	10,	'نظارة شمسية ',	1,	NULL,	NULL,	NULL,	NULL,	1,	NULL,	1,	NULL,	NULL,	'null'),
(51,	'eat123',	'طاقم ',	60,	55000,	'1557343676.jpg',	'',	NULL,	10,	'طاقم ',	1,	NULL,	NULL,	NULL,	NULL,	1,	NULL,	1,	NULL,	NULL,	'null'),
(52,	'HQ food',	'حذاء رياضي',	58,	130,	'1557353828.jpg',	'',	NULL,	10,	'حذاء رياضي',	1,	NULL,	NULL,	NULL,	NULL,	1,	NULL,	1,	NULL,	NULL,	'null'),
(53,	'tea',	'Chrysanthemum Tea',	53,	25000,	'1539223477.jpg',	'',	NULL,	30,	'ggggdgdhe',	1,	NULL,	NULL,	NULL,	NULL,	1,	NULL,	1,	NULL,	NULL,	NULL),
(54,	'Tea2',	'Citron Tea',	53,	30000,	'1539223535.jpg',	'',	NULL,	30,	'èwqgh57u',	1,	NULL,	NULL,	NULL,	NULL,	1,	NULL,	1,	NULL,	NULL,	NULL),
(55,	'Tea3',	'Green plum tea',	53,	50000,	'1539223595.jpg',	'',	NULL,	30,	'sdadhjdio5r',	1,	NULL,	NULL,	NULL,	NULL,	1,	NULL,	1,	NULL,	NULL,	NULL),
(56,	'Tea4',	'Sujeonggwa',	53,	45000,	'1539223680.jpg',	'',	NULL,	30,	'fewgfegrhtjy',	1,	NULL,	NULL,	NULL,	NULL,	1,	NULL,	1,	NULL,	NULL,	NULL),
(57,	'Sea',	'نقال 01',	63,	3300,	'1571302796-thumbnail-food.jpg',	'1571302796-image-food.jpg',	NULL,	10,	'نقال ',	1,	NULL,	NULL,	NULL,	NULL,	1,	NULL,	1,	10.00,	3,	'[\n  {\n    \"optionSelected\" : \"10,11,12\",\n    \"parentId\" : \"9\"\n  },\n  {\n    \"optionSelected\" : \"30,32,33\",\n    \"parentId\" : \"28\"\n  },\n  {\n    \"optionSelected\" : \"35,36,37\",\n    \"parentId\" : \"34\"\n  }\n]'),
(58,	'Tea',	'Omija tea',	63,	40000,	'1570569538-thumbnail-food.jpg',	'1570569538-image-food.jpg',	NULL,	45,	'asdsghj',	1,	NULL,	NULL,	NULL,	NULL,	1,	NULL,	1,	10.00,	1,	'[\n\n]'),
(59,	'Tea2',	'Yulmu',	63,	6500,	'1569069364.jpg',	'',	NULL,	42,	'ssdfghj',	1,	NULL,	NULL,	NULL,	NULL,	1,	NULL,	1,	NULL,	NULL,	'null'),
(60,	'cake',	'طاقم ',	60,	65000,	'1557343733.jpg',	'',	NULL,	10,	'طاقم ',	1,	NULL,	NULL,	NULL,	NULL,	1,	NULL,	1,	NULL,	NULL,	'null'),
(61,	'rise',	'حذاء رياضي',	58,	155,	'1557353940.jpg',	'',	NULL,	10,	'حذاء رياضي',	1,	NULL,	NULL,	NULL,	NULL,	1,	NULL,	1,	NULL,	NULL,	'null'),
(63,	'teok',	'Bindaetteok',	57,	35000,	'1539224710.jpg',	'',	NULL,	24,	'jgfhgds',	1,	NULL,	NULL,	NULL,	NULL,	1,	NULL,	1,	NULL,	NULL,	NULL),
(64,	'hot',	'Soondae',	57,	78000,	'1539224831.jpg',	'',	NULL,	24,	'\r\nThis Korean street food favorite is not for everyone, but if you’re a fan, you’re going to love it!',	1,	NULL,	NULL,	NULL,	NULL,	1,	NULL,	1,	NULL,	NULL,	NULL),
(65,	'g1',	'Gilf',	50,	56000,	'1539229699.jpg',	'',	NULL,	24,	'ểhjytjyhgfds',	1,	NULL,	NULL,	NULL,	NULL,	20,	NULL,	1,	NULL,	NULL,	NULL),
(66,	'sweet',	'Sweet Paris',	50,	89000,	'1539229954.jpg',	'',	NULL,	24,	'Popular Houston crepes shop to open restaurants in Katy, College Station and the Woodlands by spring 2018',	1,	NULL,	NULL,	NULL,	NULL,	1,	NULL,	1,	NULL,	NULL,	NULL),
(67,	'Gâteau',	'Gâteau Dessert Sucré Baies Fraise',	50,	98000,	'1539230137.jpg',	'',	NULL,	24,	'lkdkjfhytrliuekjfldm',	1,	NULL,	NULL,	NULL,	NULL,	1,	NULL,	1,	NULL,	NULL,	NULL),
(68,	'food3',	'نقال 04',	63,	2300,	'1570121638-thumbnail-food.jpg',	'1570121638-image-food.jpg',	NULL,	10,	'نقال 04',	1,	NULL,	NULL,	NULL,	NULL,	1,	NULL,	1,	10.00,	1,	'[\n  {\n    \"optionSelected\" : \"10,11,12\",\n    \"parentId\" : \"9\"\n  },\n  {\n    \"optionSelected\" : \"30,32\",\n    \"parentId\" : \"28\"\n  },\n  {\n    \"optionSelected\" : \"35,36\",\n    \"parentId\" : \"34\"\n  }\n]'),
(70,	'4',	'mnmn',	38,	56,	'1554669394.jpg',	'',	NULL,	24,	'mm',	1,	NULL,	NULL,	NULL,	NULL,	1,	NULL,	1,	NULL,	NULL,	'null'),
(71,	'33',	'Asddc',	38,	33,	'1554669662.jpg',	'',	NULL,	24,	'mjhkhhf',	1,	NULL,	NULL,	NULL,	NULL,	1,	NULL,	1,	NULL,	NULL,	NULL),
(72,	'02',	'كرسي',	64,	45,	'1570570317-thumbnail-food.jpg',	'1570570317-image-food.jpg',	NULL,	45,	'حذاء رجالي مريح و عصري',	1,	NULL,	NULL,	NULL,	NULL,	1,	NULL,	1,	NULL,	NULL,	'[\n\n]'),
(73,	'05',	'حذاء',	64,	70,	'1570570358-thumbnail-food.jpg',	'1570570358-image-food.jpg',	NULL,	45,	'حذاء نسائي انيق للمناسبات',	1,	NULL,	NULL,	NULL,	NULL,	1,	NULL,	1,	NULL,	NULL,	'[\n\n]'),
(74,	'06',	'عطر',	64,	65,	'1570570371-thumbnail-food.jpg',	'1570570371-image-food.jpg',	NULL,	45,	'عطر منعش وراقي',	1,	NULL,	NULL,	NULL,	NULL,	1,	NULL,	1,	NULL,	NULL,	'[\n\n]'),
(75,	'07',	'نظارة شمسية',	64,	120,	'1570570380-thumbnail-food.jpg',	'1570570380-image-food.jpg',	NULL,	45,	'نظارة شمسية',	1,	NULL,	NULL,	NULL,	NULL,	1,	NULL,	1,	10.00,	1,	'[\n\n]'),
(76,	'08',	'نظارة شمسية ',	62,	290,	'1557341007.jpg',	'',	NULL,	10,	'نظارة شمسية ',	1,	NULL,	NULL,	NULL,	NULL,	1,	NULL,	1,	NULL,	NULL,	'null'),
(77,	'08',	' 2كتل سخان مياه',	61,	190,	'1557342468.jpg',	'',	NULL,	43,	' 2كتل سخان مياه',	1,	NULL,	NULL,	NULL,	NULL,	1,	NULL,	1,	NULL,	NULL,	'null'),
(78,	'08',	'خلاط',	61,	265,	'1557342529.jpg',	'',	NULL,	43,	'خلاط',	1,	NULL,	NULL,	NULL,	NULL,	1,	NULL,	1,	NULL,	NULL,	'null'),
(79,	'33',	'كرسي صالون',	59,	450,	'1557352084.jpg',	'',	NULL,	10,	'كرسي صالون',	1,	NULL,	NULL,	NULL,	NULL,	1,	NULL,	1,	NULL,	NULL,	'[{\"parentId\":\"1\",\"optionSelected\":\"4,5,6,7\"},{\"parentId\":\"9\",\"optionSelected\":\"10,11,12,13\"}]'),
(80,	'08',	'صالون',	59,	870,	'1557352254.jpg',	'',	NULL,	10,	'صالون',	1,	NULL,	NULL,	NULL,	NULL,	1,	NULL,	1,	NULL,	NULL,	'[{\"parentId\":\"9\",\"optionSelected\":\"10,11,12,13\"}]'),
(81,	'103',	'pizza',	0,	100,	'1565066909-thumbnail-shop.jpg',	'',	NULL,	39,	'des',	1,	NULL,	NULL,	NULL,	NULL,	1,	NULL,	1,	0.00,	0,	'[{\"parentId\":\"1\",\"optionSelected\":\"4,5\"},{\"parentId\":\"9\",\"optionSelected\":\"10,11\"},{\"parentId\":\"1\",\"optionSelected\":\"7,8\"},{\"parentId\":\"9\",\"optionSelected\":\"13,14\"}]'),
(86,	'124',	'citizen',	69,	300,	'1565149163-thumbnail-shop.jpg',	'1565150258-image-food.jpg',	NULL,	26,	'description',	1,	NULL,	NULL,	NULL,	NULL,	1,	NULL,	1,	0.00,	0,	'[{\"parentId\":\"1\",\"optionSelected\":\"4,5\"},{\"parentId\":\"9\",\"optionSelected\":\"10,11,12\"}]'),
(87,	'732',	'televison',	69,	7282,	'1565577364-thumbnail-food.jpg',	'1565577364-image-food.jpg',	NULL,	26,	'des',	1,	NULL,	NULL,	NULL,	NULL,	1,	NULL,	1,	0.00,	0,	'[{\"parentId\":\"1\",\"optionSelected\":\"4,5\"},{\"parentId\":\"9\",\"optionSelected\":\"12,13,14\"}]'),
(89,	'7282',	'pizza',	71,	400,	'1565603807-thumbnail-food.jpg',	'1565603807-image-food.jpg',	NULL,	13,	'so nice',	1,	NULL,	NULL,	NULL,	NULL,	1,	NULL,	1,	0.00,	0,	'[]'),
(90,	'3829',	'wine 02',	71,	350,	'1565606130-thumbnail-food.jpg',	'1565606130-image-food.jpg',	NULL,	30,	'so good',	1,	NULL,	NULL,	NULL,	NULL,	1,	NULL,	1,	0.00,	0,	'[{\"parentId\":\"1\",\"optionSelected\":\"4\"},{\"parentId\":\"9\",\"optionSelected\":\"10\"}]'),
(91,	'281',	'tv50098',	78,	374,	'1569214092.jpg',	'1565686125-image-food.jpg',	NULL,	13,	'hshsjss',	1,	NULL,	NULL,	NULL,	NULL,	1,	NULL,	1,	0.00,	0,	'null'),
(93,	'369',	'tv002',	78,	10000000,	'1569218974.jpg',	'1569218974.jpg',	NULL,	13,	'fdsdsfds',	1,	NULL,	NULL,	NULL,	NULL,	1,	NULL,	1,	10.00,	1,	NULL),
(95,	'370',	'tv003',	78,	10000000,	'1569219126.jpg',	'1569219126.jpg',	NULL,	13,	'dfgghghg',	1,	NULL,	NULL,	NULL,	NULL,	1,	NULL,	1,	10.00,	3,	NULL),
(96,	'Car 001',	'BMW i8',	81,	250000,	'1571296371-thumbnail-food.jpg',	'1571296371-image-food.jpg',	NULL,	30,	'Hello',	1,	NULL,	NULL,	NULL,	NULL,	1,	NULL,	1,	14.00,	2,	'[\n  {\n    \"optionSelected\" : \"6\",\n    \"parentId\" : \"1\"\n  },\n  {\n    \"optionSelected\" : \"11,12\",\n    \"parentId\" : \"9\"\n  }\n]'),
(97,	'001',	'parphan',	87,	50,	'1571362724-thumbnail-food.jpg',	'1571362724-image-food.jpg',	NULL,	10,	'Nice',	1,	NULL,	NULL,	NULL,	NULL,	1,	NULL,	1,	10.00,	6,	'[{\"parentId\":\"9\",\"optionSelected\":\"10\"},{\"parentId\":\"28\",\"optionSelected\":\"30\"}]'),
(98,	'1234',	'car',	84,	123456789,	'1570413098-thumbnail-food.jpg',	'1570413098-image-food.jpg',	NULL,	28,	'qwe',	1,	NULL,	NULL,	NULL,	NULL,	20,	NULL,	1,	0.00,	0,	'[]'),
(99,	'111',	'name',	88,	123,	'1570521004-thumbnail-food.jpg',	'1570521004-image-food.jpg',	NULL,	1,	'hello',	1,	NULL,	NULL,	NULL,	NULL,	20,	NULL,	1,	0.00,	0,	'[]'),
(100,	'005',	'shoos ',	63,	100,	'1570542113-thumbnail-food.jpg',	'1570542113-image-food.jpg',	NULL,	10,	'Nice shoos ',	1,	NULL,	NULL,	NULL,	NULL,	1,	NULL,	1,	NULL,	0,	'[\n  {\n    \"optionSelected\" : \"10,11,12\",\n    \"parentId\" : \"9\"\n  },\n  {\n    \"optionSelected\" : \"30,32,33\",\n    \"parentId\" : \"28\"\n  },\n  {\n    \"optionSelected\" : \"35,36\",\n    \"parentId\" : \"34\"\n  }\n]'),
(101,	'006',	'Glass ',	63,	150,	'1570579254-thumbnail-food.jpg',	'1570579254-image-food.jpg',	NULL,	10,	'Good quality ',	1,	NULL,	NULL,	NULL,	NULL,	1,	NULL,	1,	0.00,	0,	'[\n  {\n    \"optionSelected\" : \"10,11,12,13\",\n    \"parentId\" : \"9\"\n  },\n  {\n    \"optionSelected\" : \"30,32,33\",\n    \"parentId\" : \"28\"\n  },\n  {\n    \"optionSelected\" : \"35,36\",\n    \"parentId\" : \"34\"\n  }\n]'),
(102,	'007',	'Mexer ',	63,	80,	'1570542354-thumbnail-food.jpg',	'1570542354-image-food.jpg',	NULL,	10,	'Good quality ',	1,	NULL,	NULL,	NULL,	NULL,	1,	NULL,	1,	0.00,	0,	'[\n  {\n    \"optionSelected\" : \"10,11,12,13\",\n    \"parentId\" : \"9\"\n  },\n  {\n    \"optionSelected\" : \"30,32,33\",\n    \"parentId\" : \"28\"\n  },\n  {\n    \"optionSelected\" : \"35,36\",\n    \"parentId\" : \"34\"\n  }\n]'),
(103,	'009',	'Microwave ',	63,	300,	'1570620322-thumbnail-food.jpg',	'1570620322-image-food.jpg',	NULL,	24,	'Good quality ',	1,	NULL,	NULL,	NULL,	NULL,	1,	NULL,	1,	0.00,	0,	'[\n\n]'),
(104,	'010',	'Mexer22',	63,	145,	'1570620343-thumbnail-food.jpg',	'1570620343-image-food.jpg',	NULL,	24,	'Good Quality ',	1,	NULL,	NULL,	NULL,	NULL,	1,	NULL,	1,	0.00,	0,	'[\n\n]'),
(105,	'011',	'iphon x',	63,	3000,	'1571745867-thumbnail-food.jpg',	'1571745867-image-food.jpg',	NULL,	10,	'ونتمنى ان نتمكن سويا مع جميع المشتركين، من انشاء أكبر منصة لقاعدة البيانات التجارية (متاجر ومنتجات) في ليبيا، وسنبذل أقصى جهدنا لتطوير المشروع كي يكون باعلا المواصفات والجودة العالمية في مجال التسوق عبر الانترنت.',	1,	NULL,	NULL,	NULL,	NULL,	1,	NULL,	1,	12.00,	3,	'[{\"parentId\":\"9\",\"optionSelected\":\"10,11,12,13,14\"},{\"parentId\":\"28\",\"optionSelected\":\"30,32,33\"},{\"parentId\":\"34\",\"optionSelected\":\"35,36,37\"}]'),
(106,	'111',	'123',	81,	123,	'1571132875-thumbnail-food.jpg',	'1571132875-image-food.jpg',	NULL,	3,	'123',	1,	NULL,	NULL,	NULL,	NULL,	20,	NULL,	1,	0.00,	0,	'[]'),
(107,	'017',	'shose',	63,	250,	'1571789283-thumbnail-food.jpg',	'1571789283-image-food.jpg',	NULL,	10,	'very good',	1,	NULL,	NULL,	NULL,	NULL,	1,	NULL,	1,	0.00,	0,	'[{\"parentId\":\"9\",\"optionSelected\":\"10,11,12,13,14\"},{\"parentId\":\"28\",\"optionSelected\":\"\"},{\"parentId\":\"34\",\"optionSelected\":\"\"}]'),
(108,	'001',	'Car',	81,	23000,	'1571825427-thumbnail-food.jpg',	'1571825427-image-food.jpg',	NULL,	37,	'Hello',	1,	NULL,	NULL,	NULL,	NULL,	20,	NULL,	1,	0.00,	0,	'[\n  {\n    \"optionSelected\" : \"5,7,8\",\n    \"parentId\" : \"1\"\n  },\n  {\n    \"optionSelected\" : \"11,12,14\",\n    \"parentId\" : \"9\"\n  }\n]'),
(109,	'019',	'car',	89,	50,	'1571832688-thumbnail-food.jpg',	'1571832688-image-food.jpg',	NULL,	10,	'Good ',	1,	NULL,	NULL,	NULL,	NULL,	1,	NULL,	1,	0.00,	0,	'[\n  {\n    \"optionSelected\" : \"10\",\n    \"parentId\" : \"9\"\n  }\n]'),
(110,	'66',	'light glasses ',	63,	70,	'1571851357-thumbnail-food.jpg',	'1571851357-image-food.jpg',	NULL,	10,	'Very good ',	1,	NULL,	NULL,	NULL,	NULL,	1,	NULL,	1,	0.00,	0,	'[\n\n]'),
(111,	'98',	'خلاط اسمه طويل التجريب و للاختبار مسافة الخانة في الاقائمة تمام',	65,	50,	'1572020915-thumbnail-food.jpg',	'1572020915-image-food.jpg',	NULL,	13,	'صناعة ألمانية جيدة جدا',	1,	NULL,	NULL,	NULL,	NULL,	1,	NULL,	1,	0.00,	0,	'[{\"parentId\":\"1\",\"optionSelected\":\"4,5,6,7,8\"},{\"parentId\":\"18\",\"optionSelected\":\"19,20\"}]');

CREATE TABLE `food_promotion` (
  `id` int(11) NOT NULL AUTO_INCREMENT,
  `promotion_id` int(11) NOT NULL,
  `food_id` int(11) NOT NULL,
  PRIMARY KEY (`id`)
) ENGINE=InnoDB DEFAULT CHARSET=latin1;

INSERT INTO `food_promotion` (`id`, `promotion_id`, `food_id`) VALUES
(1,	1,	1),
(2,	1,	3);

CREATE TABLE `gallery` (
  `id` int(11) NOT NULL AUTO_INCREMENT,
  `food_id` int(11) NOT NULL,
  `name` varchar(255) NOT NULL,
  PRIMARY KEY (`id`)
) ENGINE=InnoDB DEFAULT CHARSET=utf8;

INSERT INTO `gallery` (`id`, `food_id`, `name`) VALUES
(1,	15,	'148013282061.png'),
(8,	16,	'148134090169.JPG'),
(9,	16,	'148134090168.JPG'),
(10,	16,	'148134090174.JPG'),
(11,	16,	'14813409018.jpg'),
(12,	16,	'14813409011.jpg'),
(13,	17,	'148134092653.jpg'),
(14,	17,	'148134092795.jpg'),
(15,	18,	'148134096780.JPG'),
(16,	18,	'148134096739.JPG'),
(17,	18,	'148134096793.JPG'),
(30,	19,	'148136353263.jpg'),
(31,	19,	'148136353220.jpg'),
(32,	19,	'148136353276.jpg'),
(33,	19,	'148136353282.jpg'),
(34,	19,	'148136353267.jpg'),
(35,	19,	'148136353285.jpg'),
(52,	23,	'148162373664.jpg'),
(53,	25,	'148784055668.jpg'),
(54,	26,	'148784070599.jpg'),
(55,	27,	'148784085813.jpg'),
(56,	28,	'148784102973.jpg'),
(57,	29,	'148784114189.jpg'),
(58,	30,	'148784125312.jpg'),
(59,	31,	'14878413839.jpg'),
(60,	32,	'148784152878.jpg'),
(65,	35,	'149577667630.jpg'),
(66,	36,	'149577683554.jpg'),
(74,	41,	'151603263325.jpg'),
(80,	36,	'153915813271.jpg'),
(81,	35,	'153915818748.jpg'),
(82,	21,	'153915856315.jpg'),
(83,	13,	'153915862874.jpg'),
(84,	5,	'153915869891.jpg'),
(85,	12,	'153915873994.jpg'),
(86,	1,	'153915886491.jpg'),
(87,	3,	'153915894165.jpg'),
(88,	20,	'153915908245.jpg'),
(93,	48,	'15392228201.jpg'),
(94,	49,	'153922287250.jpg'),
(98,	53,	'153922347727.jpg'),
(99,	54,	'153922353561.jpg'),
(100,	55,	'153922359558.jpg'),
(101,	56,	'153922368030.jpg'),
(103,	58,	'153922392162.jpg'),
(108,	63,	'153922471023.jpg'),
(109,	64,	'153922483112.jpg'),
(110,	65,	'15392296998.jpg'),
(111,	66,	'153922995457.jpg'),
(112,	67,	'153923013732.jpg'),
(114,	69,	'155370452887.jpg'),
(115,	69,	'155370455680.jpg'),
(116,	69,	'155370458676.jpg'),
(117,	70,	'155466941643.jpg'),
(118,	70,	'155466947956.jpg'),
(119,	71,	'155466966282.jpg'),
(120,	72,	'155727893330.jpeg'),
(121,	72,	'15572789627.jpg'),
(122,	72,	'155727899660.jpeg'),
(123,	73,	'155727911243.jpg'),
(124,	73,	'155727914060.jpg'),
(125,	74,	'155727932939.jpg'),
(126,	74,	'155727943536.jpg'),
(127,	75,	'155727951229.jpg'),
(128,	75,	'155727954746.jpg'),
(129,	74,	'155727956523.jpeg'),
(130,	57,	'155733955697.jpg'),
(131,	57,	'155733959285.png'),
(132,	57,	'155733960650.jpg'),
(137,	68,	'155733984987.jpg'),
(138,	39,	'155734082193.jpg'),
(139,	39,	'155734083431.jpg'),
(140,	50,	'155734087364.jpg'),
(141,	50,	'15573409041.jpg'),
(142,	45,	'155734094123.jpg'),
(143,	45,	'155734095950.jpg'),
(144,	76,	'155734100734.jpg'),
(145,	76,	'155734102251.jpg'),
(146,	46,	'155734219099.jpg'),
(147,	46,	'155734227716.jpg'),
(148,	42,	'155734238083.jpg'),
(149,	77,	'155734246818.jpg'),
(150,	77,	'155734247915.jpg'),
(151,	78,	'155734252946.jpg'),
(152,	78,	'155734254428.jpg'),
(153,	51,	'155734367649.jpg'),
(154,	51,	'155734369459.jpg'),
(155,	60,	'155734373372.jpg'),
(156,	38,	'155734378648.jpg'),
(157,	38,	'155734380242.jpg'),
(158,	47,	'155735182240.jpg'),
(159,	47,	'155735185235.jpg'),
(160,	47,	'155735187356.jpg'),
(161,	37,	'155735194178.jpg'),
(162,	37,	'155735199459.jpg'),
(163,	37,	'155735201238.jpg'),
(164,	79,	'155735213689.jpg'),
(165,	79,	'155735214758.jpg'),
(166,	80,	'155735222376.jpg'),
(167,	80,	'155735225465.jpg'),
(168,	43,	'155735330140.jpg'),
(169,	43,	'155735374915.jpg'),
(170,	52,	'155735382877.jpg'),
(171,	52,	'155735384873.jpg'),
(172,	61,	'1557353940100.jpg'),
(173,	61,	'155735395787.jpg'),
(174,	81,	'156506690913.jpg'),
(175,	81,	'156506690959.jpg'),
(176,	81,	'15650669098.jpg'),
(177,	81,	'156506690962.jpg'),
(178,	83,	'156507575599.png'),
(179,	85,	'156507716538.png'),
(180,	69,	'156507796096.png'),
(181,	69,	'156507797192.png'),
(183,	86,	'15651486152.jpg'),
(185,	87,	'15655773644.jpg'),
(186,	87,	'156557736447.jpg'),
(187,	88,	'15656022799.jpg'),
(188,	88,	'156560227954.jpg'),
(189,	88,	'156560227989.jpg'),
(190,	89,	'156560380731.jpg'),
(191,	89,	'156560380757.jpg'),
(192,	90,	'156560613115.jpg'),
(193,	90,	'156560613146.png'),
(194,	90,	'15656061310.jpg'),
(195,	91,	'156568612588.jpg'),
(196,	73,	'156577421549.jpg'),
(198,	44,	'156906921125.jpeg'),
(199,	59,	'156906936470.jpg'),
(200,	96,	'156999183992.jpg'),
(201,	96,	'156999183998.jpg'),
(202,	96,	'156999183913.jpg'),
(203,	97,	'15701467574.jpg'),
(204,	98,	'157041309875.jpg'),
(205,	98,	'15704130986.jpg'),
(206,	99,	'157052100416.jpg'),
(207,	99,	'157052100440.jpg'),
(208,	100,	'157054211396.jpg'),
(209,	100,	'15705421137.jpg'),
(210,	100,	'157054211316.jpg'),
(211,	101,	'157054224355.jpg'),
(212,	101,	'157054224330.jpg'),
(213,	101,	'157054224315.jpg'),
(214,	102,	'157054235472.jpg'),
(215,	103,	'157054252420.jpg'),
(216,	103,	'15705425248.jpg'),
(217,	104,	'157054267073.jpg'),
(218,	105,	'157089463342.jpg'),
(219,	105,	'15708946336.jpg'),
(220,	105,	'157089463342.jpg'),
(221,	106,	'157113287538.jpg'),
(222,	106,	'157113287511.jpg'),
(223,	105,	'157135987614.jpg'),
(224,	105,	'157174586729.jpg'),
(225,	107,	'157178928354.jpg'),
(226,	108,	'157182542764.jpg'),
(227,	108,	'157182542736.jpg'),
(228,	108,	'157182542722.jpg'),
(229,	108,	'157182542754.jpg'),
(230,	109,	'157183268863.jpg'),
(231,	110,	'157185135729.jpg'),
(232,	111,	'157202091599.jpg');

CREATE TABLE `location` (
  `location_id` int(11) NOT NULL AUTO_INCREMENT,
  `location_category` varchar(500) NOT NULL,
  `location_name` text,
  `location_city` int(11) DEFAULT NULL,
  `location_address` text,
  `account_id` varchar(30) NOT NULL DEFAULT '0',
  `location_image` varchar(100) DEFAULT NULL,
  `location_thumbnail` varchar(500) NOT NULL,
  `location_des` text,
  `location_tel` varchar(20) DEFAULT NULL,
  `location_hotline` varchar(500) NOT NULL,
  `location_open_hour_style` tinyint(1) NOT NULL DEFAULT '0',
  `location_open_hour` text,
  `location_last_order_hour` varchar(15) DEFAULT NULL,
  `location_latitude` varchar(20) DEFAULT NULL,
  `location_longitude` varchar(20) DEFAULT NULL,
  `status` tinyint(1) DEFAULT '1',
  `lang` tinyint(1) DEFAULT NULL,
  `tax` varchar(500) DEFAULT NULL,
  `shipping` varchar(500) DEFAULT NULL,
  `rate` float(4,2) DEFAULT NULL,
  `rate_times` int(11) DEFAULT NULL,
  `gmt` varchar(40) DEFAULT NULL,
  `isVerified` int(1) NOT NULL DEFAULT '0',
  `isFeatured` int(1) NOT NULL DEFAULT '0',
  `facebook` varchar(500) NOT NULL,
  `twitter` varchar(500) NOT NULL,
  `email` varchar(500) NOT NULL,
  `live_chat` varchar(500) NOT NULL,
  `website` varchar(500) NOT NULL,
  `instagram` varchar(500) DEFAULT NULL,
  PRIMARY KEY (`location_id`)
) ENGINE=InnoDB DEFAULT CHARSET=utf8;

INSERT INTO `location` (`location_id`, `location_category`, `location_name`, `location_city`, `location_address`, `account_id`, `location_image`, `location_thumbnail`, `location_des`, `location_tel`, `location_hotline`, `location_open_hour_style`, `location_open_hour`, `location_last_order_hour`, `location_latitude`, `location_longitude`, `status`, `lang`, `tax`, `shipping`, `rate`, `rate_times`, `gmt`, `isVerified`, `isFeatured`, `facebook`, `twitter`, `email`, `live_chat`, `website`, `instagram`) VALUES
(38,	'14,24,25,29',	'Mapple',	35,	'123 King Street',	'1397811111',	'1539145596.jpg',	'1539145596thumbnail.jpg',	'Drinks for you!',	'123456789',	'',	0,	NULL,	NULL,	'-37.80793430030419',	'144.94960819140624',	0,	NULL,	'{\"VAT\":\"10\",\"tax_status\":\"1\"}',	'{\"flat_rate\":\"11\",\"minimum\":\"500\",\"local_pickup\":\"1\",\"shipping_status\":\"1\"}',	8.24,	17,	'Australia/Melbourne',	0,	1,	'facebook.com/shopvip',	'twitter.com/shopvip',	'sonhoang.ithubt@gmail.com',	'live_chat2',	'passionShop.com',	''),
(40,	'13,28',	'Pizza Hurts',	24,	'12 Diago Street',	'1397811111',	'1539145536.jpg',	'1539145537thumbnail.jpg',	'Sell car and moto accessories ',	'12345654321',	'',	0,	NULL,	NULL,	'-37.826305483660875',	'144.95169672493284',	0,	NULL,	'{\"VAT\":\"10\",\"tax_status\":0}',	'{\"flat_rate\":\"10\",\"minimum\":1000,\"local_pickup\":1,\"shipping_status\":0}',	0.00,	0,	'Asia/Bangkok',	1,	0,	'facebook.com/shopvip',	'twitter.com/shoesZone',	'carshop@gmail.com',	'live_chat2',	'motocar.com',	''),
(50,	'13,24,26',	'Kata shop',	28,	'Blackburn Road',	'1481616699',	'1481622175.jpg',	'1481622175thumbnail.jpg',	'Gift',	'',	'5343584353',	0,	NULL,	NULL,	'-37.97401593221037',	'145.0531353',	0,	NULL,	'{\"VAT\":0,\"tax_status\":0}',	'{\"flat_rate\":0,\"minimum\":0,\"local_pickup\":1,\"shipping_status\":0}',	0.00,	0,	'Australia/Melbourne',	1,	1,	'',	'',	'',	'',	'',	''),
(51,	'13,14,24,26,29',	'Gift Shop',	25,	'65 Blackburn Road',	'1481623122',	'1481623542.png',	'1481623542thumbnail.jpg',	'gift',	'',	'424620505',	0,	NULL,	NULL,	'-37.823209517618146',	'145.1525026687866',	0,	NULL,	'{\"VAT\":\"11\",\"tax_status\":\"0\"}',	'{\"flat_rate\":\"5\",\"minimum\":\"15\",\"local_pickup\":\"1\",\"shipping_status\":\"1\"}',	0.00,	0,	'Australia/Melbourne',	0,	0,	'',	'',	'',	'',	'',	''),
(52,	'35,37,38',	'Express',	27,	'Tumkur-Kunigal Rd, Saraswathipuram, Tumakuru, Karn',	'1397811111',	'1539145460.jpg',	'1539145460thumbnail.jpg',	'We are a small family farm in the midst of 110 acres of hardwoods and long leaf pines in Tumakuru. We maintain our property as a wildlife sanctuary (which makes for interesting farming!) and we are dedicated to being good stewards of the earth and it\'s creatures by practicing all natural, sustainable agricultural methods. We have been Certified Naturally Grown since we started our farm in 2009. We grow lots of varieties of heirloom vegetables, fruits, and flowers; we are especially interested in growing  winter squash, okra, peas, beans, peppers ,tomatoes, and melons.',	'+959 12345678',	'+959 12345678',	0,	NULL,	NULL,	'13.339200',	'77.113998',	0,	NULL,	'{\"VAT\":0,\"tax_status\":0}',	'{\"flat_rate\":0,\"minimum\":0,\"local_pickup\":1,\"shipping_status\":0}',	0.00,	0,	'Indian/Antananarivo',	0,	0,	'',	'',	'',	'',	'',	''),
(53,	'30',	'Drinks Express',	27,	'Bandaramanahalli Village, Uganvadi Post Devanahall',	'1397811111',	'1539145410.jpg',	'1539145410thumbnail.jpg',	'Royal Fruits having revolutionized and upgraded the time tested street vending format aims to reach the Customers in this unique delivery format in order that they experience the ease and convenience of quality FnV purchase right at their doorstep. The transparency of pricing and an automated digital bill for every purchase embellishes the Royal Fruits story of providing a supermarket experience for the Customers while the digital weighing scale, with Customer friendly dual display, provides ample testimony to the accuracy of the weight of FnV purchased.',	'095912345678',	'095912345678',	0,	NULL,	NULL,	'13.241700',	'77.713699',	0,	NULL,	'{\"VAT\":0,\"tax_status\":0}',	'{\"flat_rate\":0,\"minimum\":0,\"local_pickup\":1,\"shipping_status\":0}',	0.00,	0,	'Indian/Antananarivo',	0,	0,	'',	'',	'',	'',	'',	''),
(54,	'35,37,38',	'Chez Tarek',	1,	'Bannerughata, Bangalore-560085',	'1397811111',	'1539145360.jpg',	'1539145360thumbnail.jpg',	'As organic producers, we try to mimic nature in order to grow food with a minimum of external inputs. If we plan to mimic nature, we need to understand as much about the biology of plants and ecological systems as we can. ',	'987654321',	'095912345678',	0,	NULL,	NULL,	'12.888500',	'77.597298',	0,	NULL,	'{\"VAT\":0,\"tax_status\":0}',	'{\"flat_rate\":0,\"minimum\":0,\"local_pickup\":1,\"shipping_status\":0}',	0.00,	0,	'Indian/Antananarivo',	0,	0,	'',	'',	'',	'',	'',	''),
(55,	'13,28',	'Cocos',	30,	'Canelas',	'1432968757',	'1493268910.jpg',	'1539145813thumbnail.jpg',	'Venta de snacks',	'6182998877',	'45678900\'',	0,	NULL,	NULL,	'21.012123298378715',	'105.80125813359382',	0,	NULL,	'{\"VAT\":0,\"tax_status\":0}',	'{\"flat_rate\":0,\"minimum\":0,\"local_pickup\":1,\"shipping_status\":0}',	NULL,	NULL,	'America/Mexico_City',	1,	0,	'https://www.facebook.com/Sin-Tantita-Pena-Clamatos-Snacks-568631503179071/?fref=ts',	'https://www.facebook.com/Sin-Tantita-Pena-Clamatos-Snacks-568631503179071/?fref=ts',	'',	'',	'',	'https://www.facebook.com/Sin-Tantita-Pena-Clamatos-Snacks-568631503179071/?fref=ts'),
(57,	'24',	'BONGU eCommerce',	38,	'66666',	'1500488406',	'1559534877.png',	'1539145768thumbnail.jpg',	'All staff',	'0657685268',	'0657685268',	0,	NULL,	NULL,	'18.579425489969708',	'-72.29800711250004',	0,	NULL,	'{\"VAT\":\"12\",\"tax_status\":\"1\"}',	'{\"flat_rate\":\"34\",\"minimum\":\"20\",\"local_pickup\":\"1\",\"shipping_status\":\"1\"}',	NULL,	NULL,	'America/Port-au-Prince',	1,	1,	'',	'',	'',	'',	'',	''),
(58,	'10',	'محل أحذية',	36,	'5555',	'1397811111',	'1557353238.jpg',	'1557353238thumbnail.jpg',	'',	'2222',	'4444',	0,	NULL,	NULL,	'53.295680791468826',	'-6.249249434592684',	0,	NULL,	'{\"VAT\":0,\"tax_status\":0}',	'{\"flat_rate\":0,\"minimum\":0,\"local_pickup\":1,\"shipping_status\":0}',	NULL,	NULL,	'America/Port-au-Prince',	0,	0,	'',	'',	'',	'',	'',	''),
(59,	'10',	'محل أثاث',	32,	'los ejemplo',	'1432968757',	'1557351725.png',	'1557351725thumbnail.png',	'un ejemplo de descripción',	'874794833',	'Avenida ',	0,	NULL,	NULL,	'53.29356498261572',	'-6.258258773144462',	0,	NULL,	'{\"VAT\":0,\"tax_status\":0}',	'{\"flat_rate\":0,\"minimum\":0,\"local_pickup\":1,\"shipping_status\":0}',	NULL,	NULL,	'Australia/Adelaide',	0,	0,	'',	'',	'joseescamilla18@gmail.com',	'chat',	'www.google.com',	''),
(60,	'10',	'محل ذهب',	16,	'makepe',	'1397811111',	'1557343325.jpg',	'1557343325thumbnail.jpg',	'Car dealers',	'693387981',	'douala',	0,	NULL,	NULL,	'48.36299764949704',	'22.293997149999996',	1,	NULL,	'{\"VAT\":0,\"tax_status\":0}',	'{\"flat_rate\":0,\"minimum\":0,\"local_pickup\":1,\"shipping_status\":0}',	NULL,	NULL,	'Africa/Banjul',	1,	1,	'heiligenus',	'heiligenus',	'heiligenus@gmail.com',	'hg',	'heiligenus.cm',	''),
(61,	'10,43',	'محل مواد منزلية كهربائية',	16,	'banda up ',	'1397811111',	'1557342064.jpg',	'1557342064thumbnail.jpg',	'kirana store',	'98765432121',	'xyz',	0,	NULL,	NULL,	'50.42199023744464',	'23.260794024999996',	1,	NULL,	'{\"VAT\":\"0\",\"tax_status\":\"0\"}',	'{\"flat_rate\":\"0\",\"minimum\":\"100\",\"local_pickup\":\"1\",\"shipping_status\":\"0\"}',	NULL,	NULL,	'Africa/Abidjan',	0,	0,	'',	'',	'',	'',	'',	''),
(62,	'10',	'محل نظارات',	25,	' ت	مطعم مشويات	مطعم مشومط',	'1557231865',	'1557340747.jfif',	'1557340747thumbnail.jfif',	'جميع انواع النظرات الشمسية والطبية ',	'9876543210',	'sapaha',	0,	NULL,	NULL,	'53.29407134274147',	'-6.246766704980473',	1,	NULL,	'{\"VAT\":0,\"tax_status\":0}',	'{\"flat_rate\":0,\"minimum\":0,\"local_pickup\":1,\"shipping_status\":0}',	NULL,	NULL,	'Asia/Kolkata',	1,	1,	'',	'',	'',	'',	'',	''),
(63,	'10,39,42,45,49,10,39,42,45,49,10,39,42,45,49,10,39,42,45,49,',	'Mobile store1267',	32,	'555 dallas road',	'1553596624',	'1572403870-image-shop.jpg',	'1572403870-thumbnail-shop.jpg',	'نود ان نقترح عليكم الانضمام معنا الي منصة تطبيق Libya Market place)) ونتمنى ان نتمكن سويا مع جميع المشتركين، من انشاء أكبر منصة لقاعدة البيانات التجارية (متاجر ومنتجات) في ليبيا، وسنبذل أقصى جهدنا لتطوير المشروع كي يكون باعلا المواصفات والجودة العالمية في مجال التسوق عبر الانترنت.',	'21444445555',	'1',	0,	NULL,	NULL,	'53.2976',	'-6.2595',	1,	NULL,	'{\"VAT\":0,\"tax_status\":0}',	'{\"flat_rate\":0,\"minimum\":0,\"local_pickup\":1,\"shipping_status\":0}',	10.50,	12,	'America/Chicago',	1,	1,	'',	'',	'',	'',	'',	''),
(64,	'10,45,10,45,',	'سوق ليبيا',	38,	'طرابلس، شارع الزاوية',	'1553596624',	'1571853856-image-shop.jpg',	'1571853856-thumbnail-shop.jpg',	'كيف يمكنك رؤية متجرك',	'123456',	'1',	0,	NULL,	NULL,	'32.8823',	'13.1867',	1,	NULL,	'{\"VAT\":0,\"tax_status\":0}',	'{\"flat_rate\":0,\"minimum\":0,\"local_pickup\":1,\"shipping_status\":0}',	NULL,	NULL,	'Europe/Dublin',	0,	0,	'https://www.facebook.com/Libya.Solutions/?modal=admin_todo_tour',	'http://www.libyasolutions.com',	'',	'',	'',	''),
(65,	'13,46,47,13,46,47,13,46,47,13,46,47,13,46,47,13,46,47,13,46,47,13,46,47,',	'New Shop',	32,	'123 King Street',	'1553596624',	'1571527605-image-shop.jpg',	'1571527605-thumbnail-shop.jpg',	'123456',	'102030',	'102030',	0,	NULL,	NULL,	'51.5091',	'-0.0687',	1,	NULL,	'{\"VAT\":0,\"tax_status\":0}',	'{\"flat_rate\":0,\"minimum\":0,\"local_pickup\":1,\"shipping_status\":0}',	NULL,	NULL,	'Africa/Abidjan',	1,	1,	'',	'',	'',	'',	'',	''),
(66,	'',	'Tets',	16,	'hn',	'1563415542',	'1565160320.jpg',	'1565160320thumbnail.jpg',	'no',	'0890989098',	'32331231',	0,	NULL,	NULL,	'51.525317653188594',	'-0.3955170101562544',	0,	NULL,	'{\"VAT\":0,\"tax_status\":0}',	'{\"flat_rate\":0,\"minimum\":0,\"local_pickup\":1,\"shipping_status\":0}',	0.00,	0,	'Africa/Bissau',	0,	0,	'',	'',	'a@gmail.com',	'999999',	'test',	''),
(69,	'13,14,24,25,26,27,28,30,32,35,38,39,40',	'shop test',	25,	'au',	'0',	'1565159960.jpg',	'1565159960thumbnail.jpg',	'desssssssgffddssssss',	'892729292922',	'892729292922',	0,	NULL,	NULL,	'21.0421826',	'105.7862402',	0,	NULL,	'{\"VAT\":0,\"tax_status\":0}',	'{\"flat_rate\":0,\"minimum\":0,\"local_pickup\":1,\"shipping_status\":0}',	0.00,	0,	'Africa/Bamako',	0,	0,	'facebook',	'twitter',	'',	'',	'',	'instagtam'),
(70,	'13,14,24,25,26,27,28,30,32,39',	'shop tsst',	17,	'au',	'0',	'1565145213.jpg',	'1565145213thumbnail.jpg',	'des',	'8393939383',	'8393939383',	0,	NULL,	NULL,	'21.0421824',	'105.786242',	0,	NULL,	'{\"VAT\":0,\"tax_status\":0}',	'{\"flat_rate\":0,\"minimum\":0,\"local_pickup\":1,\"shipping_status\":0}',	0.00,	0,	'Africa/Asmara',	0,	0,	'hdjdjdjd',	'hdhdhd',	'',	'',	'',	'hdjdjdj'),
(71,	'10,13,14,24,25,26,27,28,30,32,39',	'kevin shop update',	26,	'melbourne',	'1432968757',	'1565663136.jpg',	'1565603687-thumbnail-shop.jpg',	'good shop',	'04691646411',	'04691646411',	0,	NULL,	NULL,	'21.0421889',	'105.7862544',	0,	NULL,	'{\"VAT\":0,\"tax_status\":0}',	'{\"flat_rate\":0,\"minimum\":0,\"local_pickup\":1,\"shipping_status\":0}',	0.00,	0,	'Africa/Bamako',	0,	0,	'facebook.com',	'twitter.com',	'',	'',	'',	'instagram.com'),
(72,	'10,13,14,25,26,28,30,32,38,39',	'watch.shop',	26,	'Melbourne',	'1432968757',	'1565662498-image-shop.jpg',	'1565662498-thumbnail-shop.jpg',	'des',	'9569164944',	'9569164944',	0,	NULL,	NULL,	'21.0421811',	'105.786241',	0,	NULL,	'{\"VAT\":0,\"tax_status\":0}',	'{\"flat_rate\":0,\"minimum\":0,\"local_pickup\":1,\"shipping_status\":0}',	0.00,	0,	'Africa/Bamako',	0,	0,	'ajaja',	'jdjsjs',	'',	'',	'',	'jdksks'),
(73,	'10,13,14,24,25,26,27,28,30,32,35,39,40',	'watch shop',	26,	'melbourne',	'1432968757',	'1565663603-image-shop.jpg',	'1565663603-thumbnail-shop.jpg',	'description',	'4361946461',	'4361946461',	0,	NULL,	NULL,	'21.0421889',	'105.7862536',	0,	NULL,	'{\"VAT\":0,\"tax_status\":0}',	'{\"flat_rate\":0,\"minimum\":0,\"local_pickup\":1,\"shipping_status\":0}',	0.00,	0,	'Africa/Asmara',	0,	0,	'facebook.com',	'twitter.com',	'',	'',	'',	'instagram.com'),
(74,	'13,24',	'demo',	26,	'au',	'1432968757',	'1565667986-image-shop.jpg',	'',	'djjsjsjsjs',	'0464944',	'0464944',	0,	NULL,	NULL,	'21.034564396395073',	'105.80216031521559',	0,	NULL,	'{\"VAT\":0,\"tax_status\":0}',	'{\"flat_rate\":0,\"minimum\":0,\"local_pickup\":1,\"shipping_status\":0}',	0.00,	0,	'Africa/Bangui',	0,	0,	'jsjs',	'jsjsjs',	'',	'',	'',	'jsndnd'),
(75,	'13,24',	'demo',	26,	'au',	'1432968757',	'1565667991-image-shop.jpg',	'',	'djjsjsjsjs',	'0464944',	'0464944',	0,	NULL,	NULL,	'21.034564396395073',	'105.80216031521559',	0,	NULL,	'{\"VAT\":0,\"tax_status\":0}',	'{\"flat_rate\":0,\"minimum\":0,\"local_pickup\":1,\"shipping_status\":0}',	0.00,	0,	'Africa/Bangui',	0,	0,	'jsjs',	'jsjsjs',	'',	'',	'',	'jsndnd'),
(76,	'39',	'Casio',	30,	'33 Top NW',	'1432968757',	'1565668100-image-shop.jpg',	'',	'no description',	'2222222',	'2222222',	0,	NULL,	NULL,	'21.046467017621747',	'105.78134704381227',	0,	NULL,	'{\"VAT\":0,\"tax_status\":0}',	'{\"flat_rate\":0,\"minimum\":0,\"local_pickup\":1,\"shipping_status\":0}',	0.00,	0,	'Africa/Accra',	0,	0,	'',	'',	'',	'',	'',	''),
(77,	'39',	'avc',	30,	'xgvv',	'1432968757',	'1565668375-image-shop.jpg',	'',	'no',	'88888',	'88888',	0,	NULL,	NULL,	'15.227659329564062',	'12.253660820424557',	0,	NULL,	'{\"VAT\":0,\"tax_status\":0}',	'{\"flat_rate\":0,\"minimum\":0,\"local_pickup\":1,\"shipping_status\":0}',	0.00,	0,	'Africa/Banjul',	0,	0,	'',	'',	'',	'',	'',	''),
(78,	'13,24,26,28,32',	'laptop',	25,	'1828',	'1432968757',	'1569214070.jpg',	'',	'des',	'10648454616',	'10648454616',	0,	NULL,	NULL,	'51.51848178998735',	'-0.1565643734375044',	1,	NULL,	'{\"VAT\":0,\"tax_status\":0}',	'{\"flat_rate\":0,\"minimum\":0,\"local_pickup\":1,\"shipping_status\":0}',	0.00,	0,	'Africa/Asmara',	0,	0,	'jdjsjsjs',	'ksksk',	'',	'',	'https://hicomsolutions.com.au/',	'ksksk'),
(81,	'13,28,30,32,37,13,28,30,32,37,13,28,30,32,37,13,28,30,32,37,13,28,30,32,37,13,28,30,32,37,13,28,30,32,37,13,28,30,32,37,13,28,30,32,37,13,28,30,32,37,13,28,30,32,37,13,28,30,32,37,13,28,30,32,37,13,28,30,32,37,13,28,30,32,37,13,28,30,32,37,',	'Super car',	17,	'Hicom',	'1553500257',	'1571827995-image-shop.jpg',	'1571827995-thumbnail-shop.jpg',	'Hellppp',	'09877777',	'09877777',	0,	NULL,	NULL,	'21.0335',	'105.7874',	0,	NULL,	'{\"VAT\":0,\"tax_status\":0}',	'{\"flat_rate\":0,\"minimum\":0,\"local_pickup\":1,\"shipping_status\":0}',	0.00,	0,	'Africa/Accra',	0,	0,	'facebook',	'twitter',	'',	'',	'linkw',	'instar'),
(84,	'32,37,39,32,37,39,',	'123shop',	29,	'ha noi',	'1553500257',	'1571283298-image-shop.jpg',	'',	'hello sir',	'512345673',	'512345673',	0,	NULL,	NULL,	'21.009363200272727',	'105.80178145319223',	1,	NULL,	'{\"VAT\":0,\"tax_status\":0}',	'{\"flat_rate\":0,\"minimum\":0,\"local_pickup\":1,\"shipping_status\":0}',	0.00,	0,	'Africa/Bangui',	0,	0,	'link1',	'link3',	'',	'',	'link',	'link2'),
(85,	'26,1,13,28,24,3',	'goigf',	29,	'i f go',	'1553500257',	'1570072525-image-shop.jpg',	'',	'bo g',	'658',	'658',	0,	NULL,	NULL,	'21.027965396484074',	'105.80062676221132',	1,	NULL,	'{\"VAT\":0,\"tax_status\":0}',	'{\"flat_rate\":0,\"minimum\":0,\"local_pickup\":1,\"shipping_status\":0}',	0.00,	0,	'Africa/Algiers',	0,	0,	'jc vkv',	'kc l lv',	'',	'',	'fhjj',	'igcltot'),
(86,	'26,24',	'xufkxljstktktkdtixtiditxytylc',	1,	'dxjrxx',	'1553500257',	'1570082349-image-shop.jpg',	'',	'hello',	'5,.;.;.,',	'5,.;.;.,',	0,	NULL,	NULL,	'21.046746445706326',	'105.80602370202541',	1,	NULL,	'{\"VAT\":0,\"tax_status\":0}',	'{\"flat_rate\":0,\"minimum\":0,\"local_pickup\":1,\"shipping_status\":0}',	0.00,	0,	'Africa/Algiers',	0,	0,	'',	'',	'',	'',	'',	''),
(87,	'10',	'اسم محل طول جدا للاستيراد و التصدير و غيره مرحبا بكم',	32,	'33 Apt a badly',	'1570109651',	'1570147024-image-shop.jpg',	'1570147024-thumbnail-shop.jpg',	'Shop for test',	'08785698',	'08785698',	0,	NULL,	NULL,	'53.3374',	'-6.2509',	1,	NULL,	'{\"VAT\":0,\"tax_status\":0}',	'{\"flat_rate\":0,\"minimum\":0,\"local_pickup\":1,\"shipping_status\":0}',	0.00,	0,	'Africa/Abidjan',	0,	0,	'',	'',	'',	'',	'',	''),
(88,	'1',	'hicom',	1,	'india',	'1553500257',	'1570520529-image-shop.jpg',	'',	'hello sir',	'78913456',	'78913456',	0,	NULL,	NULL,	'20.990978115755937',	'105.77684093266726',	1,	NULL,	'{\"VAT\":0,\"tax_status\":0}',	'{\"flat_rate\":0,\"minimum\":0,\"local_pickup\":1,\"shipping_status\":0}',	0.00,	0,	'Africa/Bamako',	0,	0,	'',	'',	'',	'',	'',	''),
(89,	'10,40,10,40,',	'Hello Shop',	32,	'22 Rathlyon',	'1553596624',	'1571745165-image-shop.jpg',	'1571745165-thumbnail-shop.jpg',	'You welcome',	'300400',	'1',	0,	NULL,	NULL,	'53.2888',	'-6.2642',	1,	NULL,	'{\"VAT\":0,\"tax_status\":0}',	'{\"flat_rate\":0,\"minimum\":0,\"local_pickup\":1,\"shipping_status\":0}',	0.00,	0,	'Africa/Abidjan',	0,	0,	'',	'',	'',	'',	'',	'');

CREATE TABLE `menus` (
  `menu_id` int(10) unsigned NOT NULL AUTO_INCREMENT,
  `menu_name` varchar(200) CHARACTER SET utf8 DEFAULT NULL,
  `menu_small_thumbnail` varchar(255) CHARACTER SET utf8 DEFAULT NULL,
  `menu_desc` text CHARACTER SET utf8,
  `parent_id` int(11) DEFAULT '0',
  `status` tinyint(1) DEFAULT '1',
  `isDepartment` tinyint(1) DEFAULT '0',
  `departmentId` int(11) DEFAULT '0',
  `lang` tinyint(1) DEFAULT NULL,
  `have_option` varchar(255) CHARACTER SET utf8 DEFAULT NULL,
  PRIMARY KEY (`menu_id`)
) ENGINE=InnoDB DEFAULT CHARSET=utf8 COLLATE=utf8_unicode_ci;

INSERT INTO `menus` (`menu_id`, `menu_name`, `menu_small_thumbnail`, `menu_desc`, `parent_id`, `status`, `isDepartment`, `departmentId`, `lang`, `have_option`) VALUES
(1,	'Mobiles',	'1569068119.jpg',	'',	0,	1,	1,	0,	2,	NULL),
(2,	'Mooohameed',	'1569068178.jpg',	'',	0,	1,	1,	0,	2,	NULL),
(3,	'Car',	'1569067273.jpg',	'',	0,	1,	1,	0,	2,	NULL),
(10,	'المنتجات',	'1557352670.jpg',	'<p>المنتجات</p>\r\n',	0,	1,	0,	1,	2,	'9,28,34'),
(13,	'Pizza',	'1539143702.jpg',	'<p>Pizza description</p>\r\n',	0,	1,	0,	1,	2,	'1,18'),
(24,	'Sweet',	'1539143798.jpg',	'<p>Description</p>\r\n',	0,	1,	0,	1,	NULL,	''),
(25,	'Vegetarian',	'1539143908.jpg',	'<p>Vegetarian is something that has no meat or that is related to the absence of meat.</p>\r\n',	0,	1,	0,	0,	NULL,	'1,9'),
(26,	'Vegetables',	'1539143885.jpg',	'<p>vegetables</p>\r\n',	0,	1,	0,	0,	NULL,	''),
(28,	'Seafood',	'1539143719.jpg',	'<p>Seafood description.</p>\r\n',	0,	1,	0,	1,	NULL,	NULL),
(30,	'Drink',	'1539143657.jpg',	'<p>Drink</p>\r\n',	0,	1,	0,	1,	NULL,	'1,9'),
(32,	'Wagashi',	'1539143679.jpg',	'<p>Fresh Froots</p>\r\n',	0,	1,	0,	0,	NULL,	NULL),
(35,	'أكل سورى',	'1539143948.jpg',	'<p>لتينرهل لنبهببنبهلللن بني</p>\r\n',	0,	1,	0,	0,	NULL,	NULL),
(37,	'حلال',	'1539143962.jpg',	'<p>اكل حلال</p>\r\n',	0,	1,	0,	0,	NULL,	NULL),
(38,	'مشويات',	'1539143992.gif',	'<p>مشويات</p>\r\n',	0,	1,	0,	0,	NULL,	NULL),
(39,	'Gift',	'1539159593.jpg',	'<p>gift</p>\r\n',	0,	1,	0,	2,	NULL,	''),
(40,	'ملابس',	'1553702755.jpg',	'<p>ملابس</p>\r\n',	0,	1,	0,	0,	NULL,	'28,34,39,31'),
(42,	'BMW',	'1568625857.png',	'<p>BMW</p>\r\n',	0,	1,	0,	3,	NULL,	''),
(43,	'Audi',	'1568625897.png',	'<p>Audi</p>\r\n',	0,	1,	0,	3,	NULL,	'9,28'),
(44,	'ملابس ',	'1569068828.jpg',	NULL,	0,	1,	1,	NULL,	NULL,	NULL),
(45,	'ملابس نسائيه',	'1569068663.jpg',	'',	0,	1,	0,	44,	NULL,	'9'),
(46,	'Toyota',	'1571495270.jpg',	'',	0,	1,	0,	3,	NULL,	''),
(47,	'Opel',	'1571495303.jpg',	'',	0,	1,	0,	3,	NULL,	''),
(48,	'Golfe ',	'1571495324.jpg',	'',	0,	1,	0,	3,	NULL,	''),
(49,	'kia',	'1571495342.jpg',	'',	0,	1,	0,	3,	NULL,	''),
(50,	'Honda',	'1571495359.jpg',	'',	0,	1,	0,	3,	NULL,	''),
(51,	'Test Cate1',	'1571643042.jpg',	'',	0,	1,	0,	2,	NULL,	''),
(52,	'Test Cate2',	'1571643081.jpg',	'',	0,	1,	0,	3,	NULL,	''),
(53,	'Test Cate3',	'1571643101.jpg',	'',	0,	1,	0,	3,	NULL,	''),
(54,	'Test Cate4',	'1571643123.jpg',	'',	0,	1,	0,	3,	NULL,	'');

CREATE TABLE `open_hour_detail` (
  `id` int(11) NOT NULL AUTO_INCREMENT,
  `shopId` int(11) NOT NULL,
  `dateId` int(11) NOT NULL,
  `openAM` varchar(20) CHARACTER SET utf8 DEFAULT NULL,
  `closeAM` varchar(20) CHARACTER SET utf8 DEFAULT NULL,
  `openPM` varchar(20) CHARACTER SET utf8 DEFAULT NULL,
  `closePM` varchar(20) CHARACTER SET utf8 DEFAULT NULL,
  PRIMARY KEY (`id`)
) ENGINE=InnoDB DEFAULT CHARSET=latin1;

INSERT INTO `open_hour_detail` (`id`, `shopId`, `dateId`, `openAM`, `closeAM`, `openPM`, `closePM`) VALUES
(225,	38,	1,	'08:00 PM',	'08:00 AM',	'08:00 AM',	'08:00 PM'),
(226,	38,	2,	'08:00 PM',	'08:00 AM',	'08:00 AM',	'08:00 PM'),
(227,	38,	3,	'08:00 PM',	'08:00 AM',	'08:00 AM',	'08:00 PM'),
(228,	38,	4,	'08:00 PM',	'08:00 AM',	'08:00 AM',	'08:00 PM'),
(229,	38,	5,	'08:00 PM',	'08:00 AM',	'08:00 AM',	'08:00 PM'),
(230,	38,	6,	'08:00 PM',	'08:00 AM',	'08:00 AM',	'08:00 PM'),
(231,	38,	7,	'08:00 PM',	'08:00 AM',	'08:00 AM',	'08:00 PM'),
(232,	39,	1,	'12:00 AM',	'12:00 PM',	'12:00 PM',	'12:00 AM'),
(233,	39,	2,	'12:00 AM',	'12:00 PM',	'12:00 PM',	'12:00 AM'),
(234,	39,	3,	'12:00 AM',	'12:00 PM',	'12:00 PM',	'12:00 AM'),
(235,	39,	4,	'12:00 AM',	'12:00 PM',	'12:00 PM',	'12:00 AM'),
(236,	39,	5,	'12:00 AM',	'12:00 PM',	'12:00 PM',	'12:00 AM'),
(237,	39,	6,	'12:00 AM',	'12:00 PM',	'12:00 PM',	'12:00 AM'),
(238,	39,	7,	'12:00 AM',	'12:00 PM',	'12:00 PM',	'12:00 AM'),
(239,	40,	1,	'12:00 AM',	'12:00 PM',	'12:00 PM',	'12:00 AM'),
(240,	40,	2,	'12:00 AM',	'12:00 PM',	'12:00 PM',	'12:00 AM'),
(241,	40,	3,	'12:00 AM',	'12:00 PM',	'12:00 PM',	'12:00 AM'),
(242,	40,	4,	'12:00 AM',	'12:00 PM',	'12:00 PM',	'12:00 AM'),
(243,	40,	5,	'12:00 AM',	'12:00 PM',	'12:00 PM',	'12:00 AM'),
(244,	40,	6,	'12:00 AM',	'12:00 PM',	'12:00 PM',	'12:00 AM'),
(245,	40,	7,	'12:00 AM',	'12:00 PM',	'12:00 PM',	'12:00 AM'),
(246,	41,	1,	'12:00 AM',	'12:00 PM',	'12:00 PM',	'12:00 AM'),
(247,	41,	2,	'12:00 AM',	'12:00 PM',	'12:00 PM',	'12:00 AM'),
(248,	41,	3,	'12:00 AM',	'12:00 PM',	'12:00 PM',	'12:00 AM'),
(249,	41,	4,	'12:00 AM',	'12:00 PM',	'12:00 PM',	'12:00 AM'),
(250,	41,	5,	'12:00 AM',	'12:00 PM',	'12:00 PM',	'12:00 AM'),
(251,	41,	6,	'12:00 AM',	'12:00 PM',	'12:00 PM',	'12:00 AM'),
(252,	41,	7,	'12:00 AM',	'12:00 PM',	'12:00 PM',	'12:00 AM'),
(253,	42,	1,	'12:00 AM',	'12:00 PM',	'12:00 PM',	'12:00 AM'),
(254,	42,	2,	'12:00 AM',	'12:00 PM',	'12:00 PM',	'12:00 AM'),
(255,	42,	3,	'12:00 AM',	'12:00 PM',	'12:00 PM',	'12:00 AM'),
(256,	42,	4,	'12:00 AM',	'12:00 PM',	'12:00 PM',	'12:00 AM'),
(257,	42,	5,	'12:00 AM',	'12:00 PM',	'12:00 PM',	'12:00 AM'),
(258,	42,	6,	'12:00 AM',	'12:00 PM',	'12:00 PM',	'12:00 AM'),
(259,	42,	7,	'12:00 AM',	'12:00 PM',	'12:00 PM',	'12:00 AM'),
(260,	43,	1,	'12:00 AM',	'12:00 PM',	'12:00 PM',	'12:00 AM'),
(261,	43,	2,	'12:00 AM',	'12:00 PM',	'12:00 PM',	'12:00 AM'),
(262,	43,	3,	'12:00 AM',	'12:00 PM',	'12:00 PM',	'12:00 AM'),
(263,	43,	4,	'12:00 AM',	'12:00 PM',	'12:00 PM',	'12:00 AM'),
(264,	43,	5,	'12:00 AM',	'12:00 PM',	'12:00 PM',	'12:00 AM'),
(265,	43,	6,	'12:00 AM',	'12:00 PM',	'12:00 PM',	'12:00 AM'),
(266,	43,	7,	'12:00 AM',	'12:00 PM',	'12:00 PM',	'12:00 AM'),
(281,	46,	1,	'12:00 AM',	'12:00 PM',	'12:00 PM',	'12:00 AM'),
(282,	46,	2,	'12:00 AM',	'12:00 PM',	'12:00 PM',	'12:00 AM'),
(283,	46,	3,	'12:00 AM',	'12:00 PM',	'12:00 PM',	'12:00 AM'),
(284,	46,	4,	'12:00 AM',	'12:00 PM',	'12:00 PM',	'12:00 AM'),
(285,	46,	5,	'12:00 AM',	'12:00 PM',	'12:00 PM',	'12:00 AM'),
(286,	46,	6,	'12:00 AM',	'12:00 PM',	'12:00 PM',	'12:00 AM'),
(287,	46,	7,	'12:00 AM',	'12:00 PM',	'12:00 PM',	'12:00 AM'),
(288,	44,	1,	'12:00 AM',	'12:00 PM',	'12:00 PM',	'12:00 AM'),
(289,	44,	2,	'12:00 AM',	'12:00 PM',	'12:00 PM',	'12:00 AM'),
(290,	44,	3,	'12:00 AM',	'12:00 PM',	'12:00 PM',	'12:00 AM'),
(291,	44,	4,	'12:00 AM',	'12:00 PM',	'12:00 PM',	'12:00 AM'),
(292,	44,	5,	'12:00 AM',	'12:00 PM',	'12:00 PM',	'12:00 AM'),
(293,	44,	6,	'12:00 AM',	'12:00 PM',	'12:00 PM',	'12:00 AM'),
(294,	44,	7,	'12:00 AM',	'12:00 PM',	'12:00 PM',	'12:00 AM'),
(295,	45,	1,	'12:00 AM',	'12:00 PM',	'12:00 PM',	'12:00 AM'),
(296,	45,	2,	'12:00 AM',	'12:00 PM',	'12:00 PM',	'12:00 AM'),
(297,	45,	3,	'12:00 AM',	'12:00 PM',	'12:00 PM',	'12:00 AM'),
(298,	45,	4,	'12:00 AM',	'12:00 PM',	'12:00 PM',	'12:00 AM'),
(299,	45,	5,	'12:00 AM',	'12:00 PM',	'12:00 PM',	'12:00 AM'),
(300,	45,	6,	'12:00 AM',	'12:00 PM',	'12:00 PM',	'12:00 AM'),
(301,	45,	7,	'12:00 AM',	'12:00 PM',	'12:00 PM',	'12:00 AM'),
(302,	46,	1,	'12:00 AM',	'12:00 PM',	'12:00 PM',	'12:00 AM'),
(303,	46,	2,	'12:00 AM',	'12:00 PM',	'12:00 PM',	'12:00 AM'),
(304,	46,	3,	'12:00 AM',	'12:00 PM',	'12:00 PM',	'12:00 AM'),
(305,	46,	4,	'12:00 AM',	'12:00 PM',	'12:00 PM',	'12:00 AM'),
(306,	46,	5,	'12:00 AM',	'12:00 PM',	'12:00 PM',	'12:00 AM'),
(307,	46,	6,	'12:00 AM',	'12:00 PM',	'12:00 PM',	'12:00 AM'),
(308,	46,	7,	'12:00 AM',	'12:00 PM',	'12:00 PM',	'12:00 AM'),
(309,	47,	1,	'12:00 AM',	'12:00 PM',	'12:00 PM',	'12:00 AM'),
(310,	47,	2,	'12:00 AM',	'12:00 PM',	'12:00 PM',	'12:00 AM'),
(311,	47,	3,	'12:00 AM',	'12:00 PM',	'12:00 PM',	'12:00 AM'),
(312,	47,	4,	'12:00 AM',	'12:00 PM',	'12:00 PM',	'12:00 AM'),
(313,	47,	5,	'12:00 AM',	'12:00 PM',	'12:00 PM',	'12:00 AM'),
(314,	47,	6,	'12:00 AM',	'12:00 PM',	'12:00 PM',	'12:00 AM'),
(315,	47,	7,	'12:00 AM',	'12:00 PM',	'12:00 PM',	'12:00 AM'),
(316,	48,	1,	'12:00 AM',	'12:00 PM',	'12:00 PM',	'12:00 AM'),
(317,	48,	2,	'12:00 AM',	'12:00 PM',	'12:00 PM',	'12:00 AM'),
(318,	48,	3,	'12:00 AM',	'12:00 PM',	'12:00 PM',	'12:00 AM'),
(319,	48,	4,	'12:00 AM',	'12:00 PM',	'12:00 PM',	'12:00 AM'),
(320,	48,	5,	'12:00 AM',	'12:00 PM',	'12:00 PM',	'12:00 AM'),
(321,	48,	6,	'12:00 AM',	'12:00 PM',	'12:00 PM',	'12:00 AM'),
(322,	48,	7,	'12:00 AM',	'12:00 PM',	'12:00 PM',	'12:00 AM'),
(323,	49,	1,	'12:00 AM',	'12:00 PM',	'12:00 PM',	'12:00 AM'),
(324,	49,	2,	'12:00 AM',	'12:00 PM',	'12:00 PM',	'12:00 AM'),
(325,	49,	3,	'12:00 AM',	'12:00 PM',	'12:00 PM',	'12:00 AM'),
(326,	49,	4,	'12:00 AM',	'12:00 PM',	'12:00 PM',	'12:00 AM'),
(327,	49,	5,	'12:00 AM',	'12:00 PM',	'12:00 PM',	'12:00 AM'),
(328,	49,	6,	'12:00 AM',	'12:00 PM',	'12:00 PM',	'12:00 AM'),
(329,	49,	7,	'12:00 AM',	'12:00 PM',	'12:00 PM',	'12:00 AM'),
(330,	50,	1,	'08:00 PM',	'12:00 AM',	'03:00 AM',	'11:00 AM'),
(331,	50,	2,	'08:00 PM',	'12:00 AM',	'03:00 AM',	'11:00 AM'),
(332,	50,	3,	'08:00 PM',	'12:00 AM',	'03:00 AM',	'11:00 AM'),
(333,	50,	4,	'08:00 PM',	'12:00 AM',	'03:00 AM',	'11:00 AM'),
(334,	50,	5,	'08:00 PM',	'12:00 AM',	'03:00 AM',	'11:00 AM'),
(335,	50,	6,	'08:00 PM',	'12:00 AM',	'03:00 AM',	'11:00 AM'),
(336,	50,	7,	'08:00 PM',	'12:00 AM',	'03:00 AM',	'11:00 AM'),
(337,	51,	1,	'08:00 PM',	'12:00 AM',	'03:00 AM',	'11:00 AM'),
(338,	51,	2,	'08:00 PM',	'12:00 AM',	'03:00 AM',	'11:00 AM'),
(339,	51,	3,	'08:00 PM',	'12:00 AM',	'03:00 AM',	'11:00 AM'),
(340,	51,	4,	'08:00 PM',	'12:00 AM',	'03:00 AM',	'11:00 AM'),
(341,	51,	5,	'08:00 PM',	'12:00 AM',	'03:00 AM',	'11:00 AM'),
(342,	51,	6,	'08:00 PM',	'12:00 AM',	'03:00 AM',	'11:00 AM'),
(343,	51,	7,	'08:00 PM',	'12:00 AM',	'03:00 AM',	'11:00 AM'),
(344,	52,	1,	'04:00 AM',	'04:00 PM',	'04:00 PM',	'04:00 AM'),
(345,	52,	2,	'04:00 AM',	'04:00 PM',	'04:00 PM',	'04:00 AM'),
(346,	52,	3,	'04:00 AM',	'04:00 PM',	'04:00 PM',	'04:00 AM'),
(347,	52,	4,	'04:00 AM',	'04:00 PM',	'04:00 PM',	'04:00 AM'),
(348,	52,	5,	'04:00 AM',	'04:00 PM',	'04:00 PM',	'04:00 AM'),
(349,	52,	6,	'04:00 AM',	'04:00 PM',	'04:00 PM',	'04:00 AM'),
(350,	52,	7,	'04:00 AM',	'04:00 PM',	'04:00 PM',	'04:00 AM'),
(351,	53,	1,	'04:00 AM',	'04:00 PM',	'04:00 PM',	'04:00 AM'),
(352,	53,	2,	'04:00 AM',	'04:00 PM',	'04:00 PM',	'04:00 AM'),
(353,	53,	3,	'04:00 AM',	'04:00 PM',	'04:00 PM',	'04:00 AM'),
(354,	53,	4,	'04:00 AM',	'04:00 PM',	'04:00 PM',	'04:00 AM'),
(355,	53,	5,	'04:00 AM',	'04:00 PM',	'04:00 PM',	'04:00 AM'),
(356,	53,	6,	'04:00 AM',	'04:00 PM',	'04:00 PM',	'04:00 AM'),
(357,	53,	7,	'04:00 AM',	'04:00 PM',	'04:00 PM',	'04:00 AM'),
(358,	54,	1,	'04:00 AM',	'08:00 AM',	'11:00 AM',	'07:00 PM'),
(359,	54,	2,	'04:00 AM',	'08:00 AM',	'11:00 AM',	'07:00 PM'),
(360,	54,	3,	'04:00 AM',	'08:00 AM',	'11:00 AM',	'07:00 PM'),
(361,	54,	4,	'04:00 AM',	'08:00 AM',	'11:00 AM',	'07:00 PM'),
(362,	54,	5,	'04:00 AM',	'08:00 AM',	'11:00 AM',	'07:00 PM'),
(363,	54,	6,	'04:00 AM',	'08:00 AM',	'11:00 AM',	'07:00 PM'),
(364,	54,	7,	'04:00 AM',	'08:00 AM',	'11:00 AM',	'07:00 PM'),
(365,	55,	1,	'12:00 PM',	'04:00 PM',	'07:00 PM',	'03:00 AM'),
(366,	55,	2,	'12:00 PM',	'04:00 PM',	'07:00 PM',	'03:00 AM'),
(367,	55,	3,	'12:00 PM',	'04:00 PM',	'07:00 PM',	'03:00 AM'),
(368,	55,	4,	'12:00 PM',	'04:00 PM',	'07:00 PM',	'03:00 AM'),
(369,	55,	5,	'08:00 PM',	'08:00 PM',	'08:00 PM',	'08:00 PM'),
(370,	55,	6,	'12:00 PM',	'04:00 PM',	'07:00 PM',	'03:00 AM'),
(371,	55,	7,	'12:00 PM',	'04:00 PM',	'07:00 PM',	'03:00 AM'),
(379,	57,	1,	'11:00 AM',	'03:00 PM',	'06:00 PM',	'02:00 AM'),
(380,	57,	2,	'11:00 AM',	'03:00 PM',	'06:00 PM',	'02:00 AM'),
(381,	57,	3,	'11:00 AM',	'03:00 PM',	'06:00 PM',	'02:00 AM'),
(382,	57,	4,	'11:00 AM',	'03:00 PM',	'06:00 PM',	'02:00 AM'),
(383,	57,	5,	'11:00 AM',	'03:00 PM',	'06:00 PM',	'02:00 AM'),
(384,	57,	6,	'11:00 AM',	'03:00 PM',	'06:00 PM',	'02:00 AM'),
(385,	57,	7,	'11:00 AM',	'03:00 PM',	'06:00 PM',	'02:00 AM'),
(386,	58,	1,	'11:00 AM',	'05:59 PM',	'06:00 PM',	'03:59 AM'),
(387,	58,	2,	'11:00 AM',	'03:59 PM',	'06:00 PM',	'03:59 AM'),
(388,	58,	3,	'11:00 AM',	'04:00 PM',	'05:00 PM',	'03:59 AM'),
(389,	58,	4,	'11:00 AM',	'03:00 PM',	'06:00 PM',	'03:00 AM'),
(390,	58,	5,	'11:00 AM',	'03:00 PM',	'06:00 PM',	'02:00 AM'),
(391,	58,	6,	'11:00 AM',	'03:00 PM',	'06:00 PM',	'02:00 AM'),
(392,	58,	7,	'11:00 AM',	'03:00 PM',	'06:00 PM',	'02:00 AM'),
(393,	59,	1,	'09:30 PM',	'01:30 AM',	'04:30 AM',	'12:30 PM'),
(394,	59,	2,	'09:30 PM',	'01:30 AM',	'04:30 AM',	'12:30 PM'),
(395,	59,	3,	'09:30 PM',	'01:30 AM',	'04:30 AM',	'12:30 PM'),
(396,	59,	4,	'09:30 PM',	'01:30 AM',	'04:30 AM',	'09:30 PM'),
(397,	59,	5,	'09:30 PM',	'01:30 AM',	'04:30 AM',	'12:30 PM'),
(398,	59,	6,	'09:30 PM',	'01:30 AM',	'04:30 AM',	'12:30 PM'),
(399,	59,	7,	'09:30 PM',	'01:30 AM',	'04:30 AM',	'12:30 PM'),
(400,	60,	1,	'07:00 AM',	'11:00 AM',	'02:00 PM',	'10:00 PM'),
(401,	60,	2,	'07:00 AM',	'11:00 AM',	'02:00 PM',	'10:00 PM'),
(402,	60,	3,	'07:00 AM',	'11:00 AM',	'02:00 PM',	'10:00 PM'),
(403,	60,	4,	'07:00 AM',	'11:00 AM',	'02:00 PM',	'10:00 PM'),
(404,	60,	5,	'07:00 AM',	'11:00 AM',	'02:00 PM',	'10:00 PM'),
(405,	60,	6,	'07:00 AM',	'11:00 AM',	'02:00 PM',	'10:00 PM'),
(406,	60,	7,	'07:00 AM',	'11:00 AM',	'02:00 PM',	'10:00 PM'),
(407,	61,	1,	'07:00 AM',	'11:00 AM',	'02:00 PM',	'10:00 PM'),
(408,	61,	2,	'07:00 AM',	'11:00 AM',	'02:00 PM',	'10:00 PM'),
(409,	61,	3,	'07:00 AM',	'11:00 AM',	'02:00 PM',	'10:00 PM'),
(410,	61,	4,	'07:00 AM',	'11:00 AM',	'02:00 PM',	'10:00 PM'),
(411,	61,	5,	'07:00 AM',	'11:00 AM',	'02:00 PM',	'10:00 PM'),
(412,	61,	6,	'07:00 AM',	'11:00 AM',	'02:00 PM',	'10:00 PM'),
(413,	61,	7,	'07:00 AM',	'11:00 AM',	'02:00 PM',	'10:00 PM'),
(414,	62,	1,	'01:30 AM',	'05:30 AM',	'08:30 AM',	'04:30 PM'),
(415,	62,	2,	'01:30 AM',	'05:30 AM',	'08:30 AM',	'04:30 PM'),
(416,	62,	3,	'01:30 AM',	'05:30 AM',	'08:30 AM',	'04:30 PM'),
(417,	62,	4,	'01:30 AM',	'05:30 AM',	'08:30 AM',	'04:30 PM'),
(418,	62,	5,	'01:30 AM',	'05:30 AM',	'08:30 AM',	'04:30 PM'),
(419,	62,	6,	'01:30 AM',	'05:30 AM',	'08:30 AM',	'04:30 PM'),
(420,	62,	7,	'01:30 AM',	'05:30 AM',	'08:30 AM',	'04:30 PM'),
(442,	66,	1,	'08:00 AM',	'12:00 AM',	'03:00 PM',	'11:00 PM'),
(443,	66,	2,	'08:00 AM',	'12:00 AM',	'03:00 PM',	'11:00 PM'),
(444,	66,	3,	'08:00 AM',	'12:00 AM',	'03:00 PM',	'11:00 PM'),
(445,	66,	4,	'08:00 AM',	'12:00 AM',	'03:00 PM',	'11:00 PM'),
(446,	66,	5,	'08:00 AM',	'12:00 AM',	'03:00 PM',	'11:00 PM'),
(447,	66,	6,	'08:00 AM',	'12:00 AM',	'03:00 PM',	'11:00 PM'),
(448,	66,	7,	'08:00 AM',	'12:00 AM',	'03:00 PM',	'11:00 PM'),
(554,	70,	1,	'08:00 AM',	'12:00AM',	'03:00 PM',	'11:00PM'),
(555,	70,	2,	'08:00 AM',	'12:00AM',	'03:00 PM',	'11:00PM'),
(556,	70,	3,	'08:00 AM',	'12:00AM',	'03:00 PM',	'11:00PM'),
(557,	70,	4,	'08:00 AM',	'12:00AM',	'03:00 PM',	'11:00PM'),
(558,	70,	5,	'08:00 AM',	'12:00AM',	'03:00 PM',	'11:00PM'),
(559,	70,	6,	'08:00 AM',	'12:00AM',	'03:00 PM',	'11:00PM'),
(560,	70,	7,	'08:00 AM',	'12:00AM',	'03:00 PM',	'11:00PM'),
(568,	69,	1,	'10:15 AM',	'11:15 AM',	'03:00 PM',	'11:14 PM'),
(569,	69,	2,	'08:00 AM',	'12:00AM',	'03:00 PM',	'11:00PM'),
(570,	69,	3,	'08:00 AM',	'12:00AM',	'03:00 PM',	'11:00PM'),
(571,	69,	4,	'08:00 AM',	'12:00AM',	'03:00 PM',	'11:00PM'),
(572,	69,	5,	'08:00 AM',	'12:00AM',	'03:00 PM',	'11:00PM'),
(573,	69,	6,	'08:00 AM',	'12:00AM',	'03:00 PM',	'11:00PM'),
(574,	69,	7,	'08:00 AM',	'12:00AM',	'03:00 PM',	'11:00PM'),
(575,	71,	1,	'08:00 AM',	'12:00 AM',	'03:00 PM',	'11:00 PM'),
(576,	71,	2,	'08:00 AM',	'12:00 AM',	'03:00 PM',	'11:00 PM'),
(577,	71,	3,	'08:00 AM',	'12:00 AM',	'03:00 PM',	'11:00 PM'),
(578,	71,	4,	'08:00 AM',	'12:00 AM',	'03:00 PM',	'11:00 PM'),
(579,	71,	5,	'08:00 AM',	'12:00 AM',	'03:00 PM',	'11:00 PM'),
(580,	71,	6,	'08:00 AM',	'12:00 AM',	'03:00 PM',	'11:00 PM'),
(581,	71,	7,	'08:00 AM',	'12:00 AM',	'03:00 PM',	'11:00 PM'),
(582,	72,	1,	'08:00 AM',	'12:00 AM',	'03:00 PM',	'11:00 PM'),
(583,	72,	2,	'08:00 AM',	'12:00 AM',	'03:00 PM',	'11:00 PM'),
(584,	72,	3,	'08:00 AM',	'12:00 AM',	'03:00 PM',	'11:00 PM'),
(585,	72,	4,	'08:00 AM',	'12:00 AM',	'03:00 PM',	'11:00 PM'),
(586,	72,	5,	'08:00 AM',	'12:00 AM',	'03:00 PM',	'11:00 PM'),
(587,	72,	6,	'08:00 AM',	'12:00 AM',	'03:00 PM',	'11:00 PM'),
(588,	72,	7,	'08:00 AM',	'12:00 AM',	'03:00 PM',	'11:00 PM'),
(589,	73,	1,	'08:00 AM',	'12:00 AM',	'03:00 PM',	'11:00 PM'),
(590,	73,	2,	'08:00 AM',	'12:00 AM',	'03:00 PM',	'11:00 PM'),
(591,	73,	3,	'08:00 AM',	'12:00 AM',	'03:00 PM',	'11:00 PM'),
(592,	73,	4,	'08:00 AM',	'12:00 AM',	'03:00 PM',	'11:00 PM'),
(593,	73,	5,	'08:00 AM',	'12:00 AM',	'03:00 PM',	'11:00 PM'),
(594,	73,	6,	'08:00 AM',	'12:00 AM',	'03:00 PM',	'11:00 PM'),
(595,	73,	7,	'08:00 AM',	'12:00 AM',	'03:00 PM',	'11:00 PM'),
(596,	74,	1,	'08:00 AM',	'12:00 AM',	'03:00 PM',	'11:00 PM'),
(597,	74,	2,	'08:00 AM',	'12:00 AM',	'03:00 PM',	'11:00 PM'),
(598,	74,	3,	'08:00 AM',	'12:00 AM',	'03:00 PM',	'11:00 PM'),
(599,	74,	4,	'08:00 AM',	'12:00 AM',	'03:00 PM',	'11:00 PM'),
(600,	74,	5,	'08:00 AM',	'12:00 AM',	'03:00 PM',	'11:00 PM'),
(601,	74,	6,	'08:00 AM',	'12:00 AM',	'03:00 PM',	'11:00 PM'),
(602,	74,	7,	'08:00 AM',	'12:00 AM',	'03:00 PM',	'11:00 PM'),
(603,	75,	1,	'08:00 AM',	'12:00 AM',	'03:00 PM',	'11:00 PM'),
(604,	75,	2,	'08:00 AM',	'12:00 AM',	'03:00 PM',	'11:00 PM'),
(605,	75,	3,	'08:00 AM',	'12:00 AM',	'03:00 PM',	'11:00 PM'),
(606,	75,	4,	'08:00 AM',	'12:00 AM',	'03:00 PM',	'11:00 PM'),
(607,	75,	5,	'08:00 AM',	'12:00 AM',	'03:00 PM',	'11:00 PM'),
(608,	75,	6,	'08:00 AM',	'12:00 AM',	'03:00 PM',	'11:00 PM'),
(609,	75,	7,	'08:00 AM',	'12:00 AM',	'03:00 PM',	'11:00 PM'),
(610,	76,	1,	'08:00 AM',	'12:00 AM',	'03:00 PM',	'11:00 PM'),
(611,	76,	2,	'08:00 AM',	'12:00 AM',	'03:00 PM',	'11:00 PM'),
(612,	76,	3,	'08:00 AM',	'12:00 AM',	'03:00 PM',	'11:00 PM'),
(613,	76,	4,	'08:00 AM',	'12:00 AM',	'03:00 PM',	'11:00 PM'),
(614,	76,	5,	'08:00 AM',	'12:00 AM',	'03:00 PM',	'11:00 PM'),
(615,	76,	6,	'08:00 AM',	'12:00 AM',	'03:00 PM',	'11:00 PM'),
(616,	76,	7,	'08:00 AM',	'12:00 AM',	'03:00 PM',	'11:00 PM'),
(617,	77,	1,	'08:00 AM',	'12:00 AM',	'03:00 PM',	'11:00 PM'),
(618,	77,	2,	'08:00 AM',	'12:00 AM',	'03:00 PM',	'11:00 PM'),
(619,	77,	3,	'08:00 AM',	'12:00 AM',	'10:00 PM',	'11:00 PM'),
(620,	77,	4,	'08:00 AM',	'12:00 AM',	'03:00 PM',	'11:00 PM'),
(621,	77,	5,	'08:00 AM',	'12:00 AM',	'03:00 PM',	'11:00 PM'),
(622,	77,	6,	'08:00 AM',	'12:00 AM',	'03:00 PM',	'11:00 PM'),
(623,	77,	7,	'08:00 AM',	'12:00 AM',	'03:00 PM',	'11:00 PM'),
(624,	78,	1,	'08:00 AM',	'12:00 AM',	'03:00 PM',	'11:00 PM'),
(625,	78,	2,	'08:00 AM',	'12:00 AM',	'03:00 PM',	'11:00 PM'),
(626,	78,	3,	'08:00 AM',	'12:00 AM',	'03:00 PM',	'11:00 PM'),
(627,	78,	4,	'08:00 AM',	'12:00 AM',	'03:00 PM',	'11:00 PM'),
(628,	78,	5,	'08:00 AM',	'12:00 AM',	'03:00 PM',	'11:00 PM'),
(629,	78,	6,	'08:00 AM',	'12:00 AM',	'03:00 PM',	'11:00 PM'),
(630,	78,	7,	'08:00 AM',	'12:00 AM',	'03:00 PM',	'11:00 PM'),
(694,	85,	1,	'08:00 AM',	'12:00 AM',	'03:00 PM',	'11:00 PM'),
(695,	85,	2,	'08:00 AM',	'12:00 AM',	'03:00 PM',	'11:00 PM'),
(696,	85,	3,	'08:00 AM',	'12:00 AM',	'03:00 PM',	'11:00 PM'),
(697,	85,	4,	'08:00 AM',	'12:00 AM',	'03:00 PM',	'11:00 PM'),
(698,	85,	5,	'08:00 AM',	'12:00 AM',	'03:00 PM',	'11:00 PM'),
(699,	85,	6,	'08:00 AM',	'12:00 AM',	'03:00 PM',	'11:00 PM'),
(700,	85,	7,	'08:00 AM',	'12:00 AM',	'03:00 PM',	'11:00 PM'),
(701,	86,	1,	'08:00 AM',	'12:00 AM',	'03:00 PM',	'11:00 PM'),
(702,	86,	2,	'08:00 AM',	'12:00 AM',	'03:00 PM',	'11:00 PM'),
(703,	86,	3,	'08:00 AM',	'12:00 AM',	'03:00 PM',	'11:00 PM'),
(704,	86,	4,	'08:00 AM',	'12:00 AM',	'03:00 PM',	'11:00 PM'),
(705,	86,	5,	'08:00 AM',	'12:00 AM',	'03:00 PM',	'11:00 PM'),
(706,	86,	6,	'08:00 AM',	'12:00 AM',	'03:00 PM',	'11:00 PM'),
(707,	86,	7,	'08:00 AM',	'12:00 AM',	'03:00 PM',	'11:00 PM'),
(743,	87,	1,	'08:00 AM',	'12:00 AM',	'03:00 PM',	'11:00 PM'),
(744,	87,	2,	'08:00 AM',	'12:00 AM',	'03:00 PM',	'11:00 PM'),
(745,	87,	3,	'08:00 AM',	'12:00 AM',	'03:00 PM',	'11:00 PM'),
(746,	87,	4,	'08:00 AM',	'12:00 AM',	'03:00 PM',	'11:00 PM'),
(747,	87,	5,	'08:00 AM',	'12:00 AM',	'03:00 PM',	'11:00 PM'),
(748,	87,	6,	'08:00 AM',	'12:00 AM',	'03:00 PM',	'11:00 PM'),
(749,	87,	7,	'08:00 AM',	'12:00 AM',	'03:00 PM',	'11:00 PM'),
(764,	84,	1,	'08:00 AM',	'12:00 AM',	'03:00 PM',	'11:00 PM'),
(765,	84,	2,	'08:00 AM',	'12:00 AM',	'03:00 PM',	'11:00 PM'),
(766,	84,	3,	'08:00 AM',	'12:00 AM',	'03:00 PM',	'11:00 PM'),
(767,	84,	4,	'08:00 AM',	'12:00 AM',	'03:00 PM',	'11:00 PM'),
(768,	84,	5,	'08:00 AM',	'12:00 AM',	'03:00 PM',	'11:00 PM'),
(769,	84,	6,	'08:00 AM',	'12:00 AM',	'03:00 PM',	'11:00 PM'),
(770,	84,	7,	'08:00 AM',	'12:00 AM',	'03:00 PM',	'11:00 PM'),
(771,	88,	1,	'08:00 AM',	'12:00 AM',	'03:00 PM',	'11:00 PM'),
(772,	88,	2,	'08:00 AM',	'12:00 AM',	'03:00 PM',	'11:00 PM'),
(773,	88,	3,	'08:00 AM',	'12:00 AM',	'03:00 PM',	'11:00 PM'),
(774,	88,	4,	'08:00 AM',	'12:00 AM',	'03:00 PM',	'11:00 PM'),
(775,	88,	5,	'08:00 AM',	'12:00 AM',	'03:00 PM',	'11:00 PM'),
(776,	88,	6,	'08:00 AM',	'12:00 AM',	'03:00 PM',	'11:00 PM'),
(777,	88,	7,	'08:00 AM',	'12:00 AM',	'03:00 PM',	'11:00 PM'),
(897,	65,	1,	'07:00 AM',	'11:00 AM',	'02:00 PM',	'10:00 PM'),
(898,	65,	2,	'07:00 AM',	'11:00 AM',	'02:00 PM',	'10:00 PM'),
(899,	65,	3,	'07:00 AM',	'11:00 AM',	'02:00 PM',	'10:00 PM'),
(900,	65,	4,	'07:00 AM',	'11:00 AM',	'02:00 PM',	'10:00 PM'),
(901,	65,	5,	'07:00 AM',	'11:00 AM',	'02:00 PM',	'10:00 PM'),
(902,	65,	6,	'07:00 AM',	'11:00 AM',	'02:00 PM',	'10:00 PM'),
(903,	65,	7,	'07:00 AM',	'11:00 AM',	'02:00 PM',	'10:00 PM'),
(939,	89,	1,	'08:00 AM',	'12:00 AM',	'03:00 PM',	'11:00 PM'),
(940,	89,	2,	'08:00 AM',	'12:00 AM',	'03:00 PM',	'11:00 PM'),
(941,	89,	3,	'08:00 AM',	'12:00 AM',	'03:00 PM',	'11:00 PM'),
(942,	89,	4,	'08:00 AM',	'12:00 AM',	'03:00 PM',	'11:00 PM'),
(943,	89,	5,	'08:00 AM',	'12:00 AM',	'03:00 PM',	'11:00 PM'),
(944,	89,	6,	'08:00 AM',	'12:00 AM',	'03:00 PM',	'11:00 PM'),
(945,	89,	7,	'08:00 AM',	'12:00 AM',	'03:00 PM',	'11:00 PM'),
(960,	81,	1,	'08:00 AM',	'12:00 AM',	'03:00 PM',	'11:00 PM'),
(961,	81,	2,	'08:00 AM',	'12:00 AM',	'03:00 PM',	'11:00 PM'),
(962,	81,	3,	'08:00 AM',	'12:00 AM',	'03:00 PM',	'11:00 PM'),
(963,	81,	4,	'08:00 AM',	'12:00 AM',	'03:00 PM',	'11:00 PM'),
(964,	81,	5,	'08:00 AM',	'12:00 AM',	'03:00 PM',	'11:00 PM'),
(965,	81,	6,	'08:00 AM',	'12:00 AM',	'03:00 PM',	'11:00 PM'),
(966,	81,	7,	'08:00 AM',	'12:00 AM',	'03:00 PM',	'11:00 PM'),
(967,	64,	1,	'07:00 AM',	'11:00 AM',	'02:00 PM',	'10:00 PM'),
(968,	64,	2,	'07:00 AM',	'11:00 AM',	'02:00 PM',	'10:00 PM'),
(969,	64,	3,	'07:00 AM',	'11:00 AM',	'02:00 PM',	'10:00 PM'),
(970,	64,	4,	'07:00 AM',	'11:00 AM',	'02:00 PM',	'10:00 PM'),
(971,	64,	5,	'07:00 AM',	'11:00 AM',	'02:00 PM',	'10:00 PM'),
(972,	64,	6,	'07:00 AM',	'11:00 AM',	'02:00 PM',	'10:00 PM'),
(973,	64,	7,	'07:00 AM',	'11:00 AM',	'02:00 PM',	'10:00 PM'),
(988,	63,	1,	'01:00 PM',	'08:00 PM',	'08:00 PM',	'01:00 PM'),
(989,	63,	2,	'01:00 PM',	'05:00 PM',	'08:00 PM',	'01:00 PM'),
(990,	63,	3,	'01:00 PM',	'05:00 PM',	'08:00 PM',	'01:00 PM'),
(991,	63,	4,	'01:00 PM',	'05:00 PM',	'08:00 PM',	'01:00 PM'),
(992,	63,	5,	'01:00 PM',	'05:00 PM',	'08:00 PM',	'01:00 PM'),
(993,	63,	6,	'01:00 PM',	'05:00 PM',	'08:00 PM',	'01:00 PM'),
(994,	63,	7,	'01:00 PM',	'05:00 PM',	'08:00 PM',	'01:00 PM');

CREATE TABLE `orders` (
  `order_id` int(10) unsigned NOT NULL AUTO_INCREMENT,
  `account_id` varchar(30) NOT NULL,
  `shop_id` int(11) NOT NULL,
  `refund` tinyint(1) NOT NULL,
  `order_places` text NOT NULL,
  `order_name` varchar(500) NOT NULL,
  `order_phone` varchar(500) NOT NULL,
  `order_email` varchar(500) NOT NULL,
  `order_city` varchar(500) NOT NULL,
  `order_zip_code` varchar(500) NOT NULL,
  `billing_name` varchar(500) NOT NULL,
  `billing_phone` varchar(500) NOT NULL,
  `billing_email` varchar(500) NOT NULL,
  `billing_address` varchar(500) NOT NULL,
  `billing_city` varchar(500) NOT NULL,
  `billing_zip_code` varchar(500) NOT NULL,
  `order_requirement` text,
  `order_time` varchar(100) NOT NULL,
  `status` tinyint(1) DEFAULT NULL,
  `paymentMethod` int(11) DEFAULT NULL,
  `paymentStatus` int(11) DEFAULT NULL,
  `created` datetime NOT NULL,
  `group_code` varchar(30) DEFAULT NULL,
  `chef_id` varchar(255) DEFAULT NULL,
  `deliveryman_id` varchar(255) DEFAULT NULL,
  PRIMARY KEY (`order_id`)
) ENGINE=InnoDB DEFAULT CHARSET=utf8;

INSERT INTO `orders` (`order_id`, `account_id`, `shop_id`, `refund`, `order_places`, `order_name`, `order_phone`, `order_email`, `order_city`, `order_zip_code`, `billing_name`, `billing_phone`, `billing_email`, `billing_address`, `billing_city`, `billing_zip_code`, `order_requirement`, `order_time`, `status`, `paymentMethod`, `paymentStatus`, `created`, `group_code`, `chef_id`, `deliveryman_id`) VALUES
(1,	'1397811111',	40,	0,	'Blackburn Road',	'Tony',	'424620505',	'hicomtony@gmail.com',	'Bangalore',	'500000',	'Tony',	'424620505',	'hicomtony@gmail.com',	'Blackburn Road',	'Bangalore',	'500000',	'',	'2016-12-12 ',	0,	2,	1,	'2016-12-12 16:27:01',	'BF853DD010',	NULL,	NULL),
(3,	'1481529010',	38,	0,	'Blackburn Road',	'Tony',	'424620505',	'hicomtony@gmail.com',	'Blackburn Melbourne',	'500000',	'Tony',	'424620505',	'hicomtony@gmail.com',	'Blackburn Road',	'Blackburn Melbourne',	'500000',	'',	'2016-12-13 08:35:14',	0,	2,	1,	'2016-12-13 08:35:14',	'E917F22010',	NULL,	NULL),
(4,	'1481529010',	38,	0,	'Blackburn Road',	'Tony',	'424620505',	'hicomtony@gmail.com',	'Blackburn Melbourne',	'500000',	'Tony',	'424620505',	'hicomtony@gmail.com',	'Blackburn Road',	'Blackburn Melbourne',	'500000',	'',	'2016-12-13 08:36:22',	0,	2,	1,	'2016-12-13 08:36:22',	'7D98565010',	NULL,	NULL),
(5,	'1481529010',	38,	0,	'Blackburn Road',	'Tony',	'424620505',	'hicomtony@gmail.com',	'Blackburn Melbourne',	'500000',	'Tony',	'424620505',	'hicomtony@gmail.com',	'Blackburn Road',	'Blackburn Melbourne',	'500000',	'',	'2016-12-13 08:37:45',	0,	2,	1,	'2016-12-13 08:37:45',	'91E150B010',	NULL,	NULL),
(6,	'1481529010',	38,	2,	'Blackburn Road',	'Tony',	'424620505',	'hicomtony@gmail.com',	'Bangalore',	'500000',	'Tony',	'424620505',	'hicomtony@gmail.com',	'Blackburn Road',	'Bangalore',	'500000',	'',	'2016-12-13 ',	0,	2,	1,	'2016-12-13 08:38:24',	'14E7C46010',	NULL,	NULL),
(7,	'1481529010',	40,	0,	'Blackburn Road',	'Tony',	'424620505',	'hicomtony@gmail.com',	'Bangalore',	'500000',	'Tony',	'424620505',	'hicomtony@gmail.com',	'Blackburn Road',	'Bangalore',	'500000',	'',	'2016-12-13 ',	4,	2,	1,	'2016-12-13 08:38:58',	'6D4BD3F010',	NULL,	NULL),
(8,	'1484715193',	51,	0,	'',	'Hà Hà',	'',	'buingocha6789@gmail.com',	'',	'',	'Hà Hà',	'123123123123',	'buingocha6789@gmail.com',	'123123123123',	'12313123123',	'123123123',	'',	'2017-01-18 14:13:11',	0,	2,	1,	'2017-01-18 14:13:11',	'CAFD0BD193',	NULL,	NULL),
(9,	'1484715193',	51,	0,	'dan phuong',	'Ha',	'0123123123',	'buingocha6789@gmail.com',	'ha noi',	'10000',	'Hà Hà',	'123123123123',	'buingocha6789@gmail.com',	'123123123123',	'12313123123',	'123123123',	'',	'2017-01-18 14:17:48',	0,	2,	1,	'2017-01-18 14:17:48',	'6EADB71193',	NULL,	NULL),
(10,	'1484715193',	51,	0,	'dan phuong',	'Ha',	'0123123123',	'buingocha6789@gmail.com',	'ha noi',	'10000',	'Ha ha',	'123123123123',	'buingocha6789@gmail.com',	'123123123123',	'12313123123',	'123123123',	'',	'2017-01-18 14:18:05',	0,	2,	1,	'2017-01-18 14:18:05',	'EF4C787193',	NULL,	NULL),
(11,	'1484715193',	38,	0,	'dan phuong',	'Ha',	'0123123123',	'buingocha6789@gmail.com',	'ha noi',	'10000',	'Ha',	'0123123123',	'buingocha6789@gmail.com',	'dan phuong',	'ha noi',	'10000',	'',	'2017-01-18 14:19:34',	0,	2,	1,	'2017-01-18 14:19:34',	'9D112A0193',	NULL,	NULL),
(12,	'1484715193',	50,	0,	'dan phuong',	'Ha',	'0123123123',	'buingocha6789@gmail.com',	'ha noi',	'10000',	'Ha',	'0123123123',	'buingocha6789@gmail.com',	'dan phuong',	'ha noi',	'10000',	'',	'2017-01-18 14:39:42',	0,	2,	1,	'2017-01-18 14:39:42',	'D7E54EC193',	NULL,	NULL),
(13,	'1432968757',	40,	0,	'PO Box 668132, Charlotte, NC',	'Chris',	'757-681-5600',	'hicomjames@gmail.com',	'charlotte',	'10000',	'Chris',	'757-681-5600',	'hicomjames@gmail.com',	'PO Box 668132, Charlotte, NC',	'charlotte',	'10000',	'',	'2017-02-20 18:05:20',	0,	1,	0,	'2017-02-20 18:05:20',	'D175A9F757',	NULL,	NULL),
(14,	'1488505808',	38,	0,	'Address',	'Hicom David',	'8797646454',	'hicom.david@gmail.com',	'City',	'10000',	'Hicom David',	'8797646454',	'hicom.david@gmail.com',	'Address',	'City',	'10000',	'',	'2017-03-03 08:56:26',	0,	2,	1,	'2017-03-03 08:56:26',	'DA4608F808',	NULL,	NULL),
(15,	'1488516592',	51,	0,	'address',	'Phạm Điệp',	'849464545',	'phamvandiep93@yahoo.com',	'city',	'10000',	'Phạm Điệp',	'849464545',	'phamvandiep93@yahoo.com',	'address',	'city',	'10000',	'',	'2017-03-03 11:51:35',	0,	2,	1,	'2017-03-03 11:51:35',	'653C810592',	NULL,	NULL),
(16,	'1432968757',	38,	0,	'PO Box 668132, Charlotte, NC',	'Chris ho',	'757-681-5600',	'hicomjames@gmail.com',	'charlotte',	'10000',	'Chris ho',	'757-681-5600',	'hicomjames@gmail.com',	'PO Box 668132, Charlotte, NC',	'charlotte',	'10000',	'',	'2017-03-11 00:59:48',	0,	2,	1,	'2017-03-11 00:59:48',	'98A3122757',	NULL,	NULL),
(17,	'1432968757',	38,	0,	'PO Box 668132, Charlotte, NC',	'Chris ho',	'757-681-5600',	'hicomjames@gmail.com',	'charlotte',	'10000',	'Chris ho',	'757-681-5600',	'hicomjames@gmail.com',	'PO Box 668132, Charlotte, NC',	'charlotte',	'10000',	'',	'2017-04-28 17:46:39',	0,	0,	0,	'2017-04-28 17:46:39',	'1E92157757',	NULL,	NULL),
(18,	'1488516592',	38,	0,	'address',	'Phạm Điệp',	'849464545',	'phamvandiep93@yahoo.com',	'Bangalore',	'10000',	'Phạm Điệp',	'849464545',	'phamvandiep93@yahoo.com',	'address',	'Bangalore',	'10000',	'',	'2017-05-11 16:45:18',	0,	2,	1,	'2017-05-11 16:45:18',	'09C7F68592',	NULL,	NULL),
(19,	'1495008909',	38,	0,	'Jdjdjd',	'Logan',	'12348767',	'hicom.logan@gmail.com',	'Ncnx',	'2445649',	'Logan',	'12348767',	'hicom.logan@gmail.com',	'Jdjdjd',	'Ncnx',	'2445649',	'',	'2017-05-17 15:16:35',	0,	2,	1,	'2017-05-17 15:16:35',	'EE63D97909',	NULL,	NULL),
(20,	'1432968757',	38,	0,	'PO Box 668132, Charlotte, NC',	'Chris ho',	'255657685268',	'hicomjames@gmail.com',	'charlotte',	'255',	'Chris ho',	'255657685268',	'hicomjames@gmail.com',	'PO Box 668132, Charlotte, NC',	'charlotte',	'255',	'',	'2017-05-25 18:56:14',	0,	2,	1,	'2017-05-25 18:56:14',	'25E71FE757',	NULL,	NULL),
(21,	'1432968757',	40,	0,	'PO Box 668132, Charlotte, NC',	'Chris ho',	'255657685268',	'hicomjames@gmail.com',	'charlotte',	'255',	'Chris ho',	'255657685268',	'hicomjames@gmail.com',	'PO Box 668132, Charlotte, NC',	'charlotte',	'255',	'',	'2017-05-25 18:59:11',	0,	0,	0,	'2017-05-25 18:59:11',	'DD573E0757',	NULL,	NULL),
(22,	'1432968757',	40,	0,	'PO Box 668132, Charlotte, NC',	'Chris ho',	'255657685268',	'hicomjames@gmail.com',	'charlotte',	'255',	'Chris ho',	'255657685268',	'hicomjames@gmail.com',	'PO Box 668132, Charlotte, NC',	'charlotte',	'255',	'',	'2017-05-25 19:21:28',	0,	1,	0,	'2017-05-25 19:21:28',	'6761A57757',	NULL,	NULL),
(23,	'1432968757',	38,	0,	'PO Box 668132, Charlotte, NC',	'Chris ho',	'255657685268',	'hicomjames@gmail.com',	'charlotte',	'255',	'Chris ho',	'255657685268',	'hicomjames@gmail.com',	'PO Box 668132, Charlotte, NC',	'charlotte',	'255',	'',	'2017-05-25 19:25:02',	0,	2,	1,	'2017-05-25 19:25:02',	'B783517757',	NULL,	NULL),
(24,	'1432968757',	40,	0,	'PO Box 668132, Charlotte, NC',	'Chris ho',	'255657685268',	'hicomjames@gmail.com',	'charlotte',	'255',	'Chris ho',	'255657685268',	'hicomjames@gmail.com',	'PO Box 668132, Charlotte, NC',	'charlotte',	'255',	'',	'2017-05-25 19:25:02',	0,	2,	1,	'2017-05-25 19:25:02',	'B783517757',	NULL,	NULL),
(25,	'1432968757',	53,	0,	'PO Box 668132, Charlotte, NC',	'Chris ho',	'255657685268',	'hicomjames@gmail.com',	'charlotte',	'255',	'Chris ho',	'255657685268',	'hicomjames@gmail.com',	'PO Box 668132, Charlotte, NC',	'charlotte',	'255',	'',	'2017-05-25 22:44:25',	0,	2,	1,	'2017-05-25 22:44:25',	'4C196C3757',	NULL,	NULL),
(26,	'1432968757',	38,	0,	'PO Box 668132, Charlotte, NC',	'Chris ho',	'255657685268',	'hicomjames@gmail.com',	'charlotte',	'255',	'Chris ho',	'255657685268',	'hicomjames@gmail.com',	'PO Box 668132, Charlotte, NC',	'charlotte',	'255',	'',	'2017-05-25 22:44:25',	0,	2,	1,	'2017-05-25 22:44:25',	'4C196C3757',	NULL,	NULL),
(27,	'1432968757',	51,	0,	'PO Box 668132, Charlotte, NC',	'Chris ho',	'255657685268',	'hicomjames@gmail.com',	'charlotte',	'255',	'Chris ho',	'255657685268',	'hicomjames@gmail.com',	'PO Box 668132, Charlotte, NC',	'charlotte',	'255',	'',	'2017-05-25 22:44:25',	0,	2,	1,	'2017-05-25 22:44:25',	'4C196C3757',	NULL,	NULL),
(28,	'1432968757',	38,	0,	'PO Box 668132, Charlotte, NC',	'Chris ho',	'255657685268',	'hicomjames@gmail.com',	'charlotte',	'255',	'Chris ho',	'255657685268',	'hicomjames@gmail.com',	'PO Box 668132, Charlotte, NC',	'charlotte',	'255',	'',	'2017-05-25 22:59:30',	0,	0,	0,	'2017-05-25 22:59:30',	'588FD3F757',	NULL,	NULL),
(29,	'1432968757',	40,	0,	'PO Box 668132, Charlotte, NC',	'Chris ho',	'255657685268',	'hicomjames@gmail.com',	'charlotte',	'255',	'Chris ho',	'255657685268',	'hicomjames@gmail.com',	'PO Box 668132, Charlotte, NC',	'charlotte',	'255',	'',	'2017-05-25 22:59:30',	0,	0,	0,	'2017-05-25 22:59:30',	'588FD3F757',	NULL,	NULL),
(30,	'1432968757',	55,	0,	'PO Box 668132, Charlotte, NC',	'Chris ho',	'255657685268',	'hicomjames@gmail.com',	'charlotte',	'255',	'Chris ho',	'255657685268',	'hicomjames@gmail.com',	'PO Box 668132, Charlotte, NC',	'charlotte',	'255',	'',	'2017-05-25 22:59:30',	0,	0,	0,	'2017-05-25 22:59:30',	'588FD3F757',	NULL,	NULL),
(31,	'1432968757',	54,	0,	'PO Box 668132, Charlotte, NC',	'Chris ho',	'255657685268',	'hicomjames@gmail.com',	'charlotte',	'255',	'Chris ho',	'255657685268',	'hicomjames@gmail.com',	'PO Box 668132, Charlotte, NC',	'charlotte',	'255',	'',	'2017-05-25 22:59:30',	0,	0,	0,	'2017-05-25 22:59:30',	'588FD3F757',	NULL,	NULL),
(33,	'1432968757',	57,	0,	'PO Box 668132, Charlotte, NC',	'Chris ho',	'255657685268',	'hicomjames@gmail.com',	'Bangalore',	'255',	'Chris ho',	'255657685268',	'hicomjames@gmail.com',	'PO Box 668132, Charlotte, NC',	'Bangalore',	'255',	'Sorry',	'2017-05-26 ',	4,	0,	0,	'2017-05-26 12:59:15',	'D25E522757',	NULL,	NULL),
(34,	'1432968757',	57,	0,	'PO Box 668132, Charlotte, NC',	'Chris ho',	'255657685268',	'hicomjames@gmail.com',	'Bangalore',	'255',	'Chris ho',	'255657685268',	'hicomjames@gmail.com',	'PO Box 668132, Charlotte, NC',	'Bangalore',	'255',	'Okey',	'2017-05-26 ',	4,	0,	0,	'2017-05-26 13:09:39',	'5FA25C9757',	NULL,	NULL),
(35,	'1432968757',	57,	0,	'PO Box 668132, Charlotte, NC',	'Chris ho',	'255657685268',	'hicomjames@gmail.com',	'Bangalore',	'255',	'Chris ho',	'255657685268',	'hicomjames@gmail.com',	'PO Box 668132, Charlotte, NC',	'Bangalore',	'255',	'Thanks',	'2017-05-26 ',	4,	0,	0,	'2017-05-26 13:09:59',	'280C42D757',	NULL,	NULL),
(36,	'1432968757',	57,	0,	'PO Box 668132, Charlotte, NC',	'Chris ho',	'255657685268',	'hicomjames@gmail.com',	'Bangalore',	'255',	'Chris ho',	'255657685268',	'hicomjames@gmail.com',	'PO Box 668132, Charlotte, NC',	'Bangalore',	'255',	'Thanks very much',	'2017-05-26 ',	4,	1,	0,	'2017-05-26 13:19:24',	'AEE416E757',	NULL,	NULL),
(37,	'1432968757',	57,	0,	'PO Box 668132, Charlotte, NC',	'Chris ho',	'255657685268',	'lwifunyomangula@gmail.com',	'Bangalore',	'255',	'Chris ho',	'255657685268',	'lwifunyomangula@gmail.com',	'PO Box 668132, Charlotte, NC',	'Bangalore',	'255',	'Okey',	'2017-05-26 ',	4,	0,	0,	'2017-05-26 13:21:41',	'CB262B1757',	NULL,	NULL),
(38,	'1432968757',	57,	0,	'PO Box 668132, Charlotte, NC',	'Chris ho',	'255657685268',	'drimhomzteam@gmail.com',	'Bangalore',	'255',	'Chris ho',	'255657685268',	'drimhomzteam@gmail.com',	'PO Box 668132, Charlotte, NC',	'Bangalore',	'255',	'Hello',	'2017-05-26 ',	4,	0,	0,	'2017-05-26 13:45:21',	'BDCCABF757',	NULL,	NULL),
(40,	'1432968757',	38,	0,	'PO Box 668132, Charlotte, NC',	'Chris ho',	'255657685268',	'drimhomzteam@gmail.com',	'charlotte',	'255',	'Chris ho',	'255657685268',	'drimhomzteam@gmail.com',	'PO Box 668132, Charlotte, NC',	'charlotte',	'255',	'',	'2017-05-29 18:05:48',	0,	2,	1,	'2017-05-29 18:05:48',	'7DCEC6D757',	NULL,	NULL),
(41,	'1432968757',	40,	0,	'PO Box 668132, Charlotte, NC',	'Chris ho',	'255657685268',	'drimhomzteam@gmail.com',	'charlotte',	'255',	'Chris ho',	'255657685268',	'drimhomzteam@gmail.com',	'PO Box 668132, Charlotte, NC',	'charlotte',	'255',	'',	'2017-05-29 18:07:59',	0,	0,	0,	'2017-05-29 18:07:59',	'8778D75757',	NULL,	NULL),
(42,	'1432968757',	40,	0,	'PO Box 668132, Charlotte, NC',	'Chris ho',	'255657685268',	'drimhomzteam@gmail.com',	'charlotte',	'255',	'Chris ho',	'255657685268',	'drimhomzteam@gmail.com',	'PO Box 668132, Charlotte, NC',	'charlotte',	'255',	'',	'2017-05-29 18:08:19',	0,	0,	0,	'2017-05-29 18:08:19',	'9AC60BD757',	NULL,	NULL),
(43,	'1432968757',	38,	0,	'PO Box 668132, Charlotte, NC',	'Chris ho',	'255657685268',	'drimhomzteam@gmail.com',	'charlotte',	'255',	'Chris ho',	'255657685268',	'drimhomzteam@gmail.com',	'PO Box 668132, Charlotte, NC',	'charlotte',	'255',	'',	'2017-07-17 13:26:46',	0,	2,	1,	'2017-07-17 13:26:46',	'DF0E9CB757',	NULL,	NULL),
(44,	'admin',	51,	0,	'Sydney',	'Stephen',	'9942048657',	'hicomsolution@gmail.com',	'Sydney',	'3467',	'fggg',	' 50931564346',	'carlhens17@yahoo.fr',	'Delmas',	'Ouest',	'3111',	'',	'2017-07-20 03:50:16',	0,	2,	1,	'2017-07-20 03:50:16',	'9D0478Amin',	NULL,	NULL),
(45,	'1500518661',	40,	0,	'Gaga',	'Bi',	'0984545',	'bi@gmail.com',	'Vav',	'10000',	'Bi',	'0984545',	'bi@gmail.com',	'Gaga',	'Vav',	'10000',	'',	'2017-07-20 09:47:27',	0,	2,	1,	'2017-07-20 09:47:27',	'504526D661',	NULL,	NULL),
(46,	'1500519473',	38,	0,	'Hshgsg',	'Bibi',	'09422454',	'bibi@gmail.com',	'Hag',	'545',	'Bibi',	'09422454',	'bibi@gmail.com',	'Hshgsg',	'Hag',	'545',	'',	'2017-07-20 10:02:53',	0,	2,	1,	'2017-07-20 10:02:53',	'504E618473',	NULL,	NULL),
(47,	'1500519473',	52,	0,	'Hshgsg',	'Bibi',	'09422454',	'bibi@gmail.com',	'Hag',	'545',	'Bibi',	'09422454',	'bibi@gmail.com',	'Hshgsg',	'Hag',	'545',	'',	'2017-07-20 10:02:53',	0,	2,	1,	'2017-07-20 10:02:53',	'504E618473',	NULL,	NULL),
(48,	'1500519473',	40,	0,	'Hshgsg',	'Bibi',	'09422454',	'bibi@gmail.com',	'Hag',	'545',	'Bibi',	'09422454',	'bibi@gmail.com',	'Hshgsg',	'Hag',	'545',	'',	'2017-07-20 10:02:53',	0,	2,	1,	'2017-07-20 10:02:53',	'504E618473',	NULL,	NULL),
(49,	'1432968757',	38,	0,	'PO Box 668132, Charlotte, NC',	'Chris ho',	'255657685268',	'drimhomzteam@gmail.com',	'charlotte',	'255',	'Chris ho',	'255657685268',	'drimhomzteam@gmail.com',	'PO Box 668132, Charlotte, NC',	'charlotte',	'255',	'',	'2017-07-26 15:15:51',	0,	0,	0,	'2017-07-26 15:15:51',	'2CC3FE9757',	NULL,	NULL),
(50,	'1501583711',	38,	0,	'',	'Tr??ng Tr??ng',	'',	'truongnv1292@gmail.com',	'',	'',	'Tr??ng Tr??ng',	'0123456789',	'truongnv1292@gmail.com',	'hanoi',	'hanoi',	'12567',	'',	'2017-08-01 17:38:01',	0,	2,	1,	'2017-08-01 17:38:01',	'77CDDB1711',	NULL,	NULL),
(51,	'1501583711',	38,	0,	'',	'Tr??ng Tr??ng',	'',	'truongnv1292@gmail.com',	'',	'',	'truong',	'0946464864',	'truongnv1292@gmail.com',	'hanoi1',	'dhhdhshhsh',	'hshdhd',	'',	'2017-08-01 17:57:17',	0,	2,	1,	'2017-08-01 17:57:17',	'CED526B711',	NULL,	NULL),
(52,	'1501583711',	40,	0,	'',	'Tr??ng Tr??ng',	'',	'truongnv1292@gmail.com',	'',	'',	'truong',	'0946464864',	'truongnv1292@gmail.com',	'hanoi1',	'dhhdhshhsh',	'hshdhd',	'',	'2017-08-01 17:57:17',	0,	2,	1,	'2017-08-01 17:57:17',	'CED526B711',	NULL,	NULL),
(53,	'1501583711',	38,	0,	'hanoi',	'Truong',	'0213549486',	'truongnv1292@gmail.com',	'hanoi',	'15366',	'Truong',	'0213549486',	'truongnv1292@gmail.com',	'hanoi',	'hanoi',	'15366',	'',	'2017-08-02 08:36:44',	0,	0,	0,	'2017-08-02 08:36:44',	'1732847711',	NULL,	NULL),
(54,	'1494497660',	38,	0,	'',	'Cuong Pham Manh',	'',	'pham_cuong95@yahoo.com',	'',	'',	'Cuong Pham Manh',	'0255458559',	'pham_cuong95@yahoo.com',	'hn',	'hn',	'3774',	'',	'2017-08-02 08:53:41',	0,	0,	0,	'2017-08-02 08:53:41',	'F1FF482660',	NULL,	NULL),
(58,	'1502266717',	51,	0,	'',	'James James',	'',	'josdoankiem@gmail.com',	'',	'',	'James James',	'12365666',	'josdoankiem@gmail.com',	'32Box 1, Vic 3200',	'victoria',	'879000',	'',	'2017-08-09 15:56:59',	0,	0,	0,	'2017-08-09 15:56:59',	'5C52041717',	NULL,	NULL),
(59,	'1502266717',	55,	0,	'',	'James James',	'',	'josdoankiem@gmail.com',	'',	'',	'James James',	'123456789',	'josdoankiem@gmail.com',	'32Box 1, vic 3200',	'Vic',	'879000',	'',	'2017-08-09 16:01:16',	0,	0,	0,	'2017-08-09 16:01:16',	'DC7D69D717',	NULL,	NULL),
(73,	'1502266717',	51,	0,	'32 Box 1, Vic 3200',	'James James',	'123456789',	'josdoankiem@gmail.com',	'Victoria',	'879000',	'James James',	'123456789',	'josdoankiem@gmail.com',	'32 Box 1, Vic 3200',	'Victoria',	'879000',	'',	'2017-08-09 16:30:51',	0,	2,	1,	'2017-08-09 16:30:51',	'FBAC569717',	NULL,	NULL),
(74,	'1432968757',	38,	0,	'PO Box 668132, Charlotte, NC',	'Chris ho',	'255657685268',	'drimhomzteam@gmail.com',	'charlotte',	'255',	'Chris ho',	'255657685268',	'drimhomzteam@gmail.com',	'PO Box 668132, Charlotte, NC',	'charlotte',	'255',	'',	'2017-08-09 16:42:05',	0,	0,	0,	'2017-08-09 16:42:05',	'2EBD2BF757',	NULL,	NULL),
(75,	'1432968757',	38,	0,	'PO Box 668132, Charlotte, NC',	'Chris ho',	'255657685268',	'drimhomzteam@gmail.com',	'charlotte',	'255',	'Chris ho',	'255657685268',	'drimhomzteam@gmail.com',	'PO Box 668132, Charlotte, NC',	'charlotte',	'255',	'',	'2017-08-09 16:42:28',	0,	0,	0,	'2017-08-09 16:42:28',	'105229F757',	NULL,	NULL),
(76,	'1502266717',	38,	0,	'32 Box 1, Vic 3200',	'James James',	'123456789',	'josdoankiem@gmail.com',	'Victoria',	'879000',	'James James',	'123456789',	'josdoankiem@gmail.com',	'32 Box 1, Vic 3200',	'Victoria',	'879000',	'',	'2017-08-09 16:44:44',	0,	0,	0,	'2017-08-09 16:44:44',	'8ED3E2E717',	NULL,	NULL),
(77,	'1432968757',	38,	0,	'PO Box 668132, Charlotte, NC',	'Chris ho',	'255657685268',	'drimhomzteam@gmail.com',	'charlotte',	'255',	'Chris ho',	'255657685268',	'drimhomzteam@gmail.com',	'PO Box 668132, Charlotte, NC',	'charlotte',	'255',	'',	'2017-08-09 16:45:21',	0,	2,	1,	'2017-08-09 16:45:21',	'43AFE6C757',	NULL,	NULL),
(78,	'1502266717',	38,	0,	'32 Box 1, Vic 3200',	'James James',	'123456789',	'josdoankiem@gmail.com',	'Victoria',	'879000',	'James James',	'123456789',	'josdoankiem@gmail.com',	'32 Box 1, Vic 3200',	'Victoria',	'879000',	'',	'2017-08-09 16:46:35',	0,	0,	0,	'2017-08-09 16:46:35',	'1D1FD70717',	NULL,	NULL),
(79,	'1502266717',	38,	0,	'32 Box 1, Vic 3200',	'James James',	'123456789',	'josdoankiem@gmail.com',	'Victoria',	'879000',	'James James',	'123456789',	'josdoankiem@gmail.com',	'32 Box 1, Vic 3200',	'Victoria',	'879000',	'',	'2017-08-09 17:00:59',	0,	1,	0,	'2017-08-09 17:00:59',	'176801B717',	NULL,	NULL),
(80,	'1502266717',	38,	0,	'32 Box 1, Vic 3200',	'James James',	'123456789',	'josdoankiem@gmail.com',	'Victoria',	'879000',	'James James',	'123456789',	'josdoankiem@gmail.com',	'32 Box 1, Vic 3200',	'Victoria',	'879000',	'',	'2017-08-09 17:05:59',	0,	2,	1,	'2017-08-09 17:05:59',	'1DC6BE8717',	NULL,	NULL),
(81,	'1488452667',	38,	0,	'',	'John Pham',	'',	'hicom.register@gmail.com',	'',	'',	'John Pham',	'0213464546',	'hicom.register@gmail.com',	'hanoi',	'hanoi',	'12373',	'',	'2017-08-11 12:00:13',	0,	3,	0,	'2017-08-11 12:00:13',	'669FB6E667',	NULL,	NULL),
(82,	'1488452667',	38,	0,	'',	'John Pham',	'',	'hicom.register@gmail.com',	'',	'',	'John Pham',	'09464646',	'hicom.register@gmail.com',	'hanoi',	'hanoi',	'13737',	'',	'2017-08-11 13:34:54',	0,	1,	0,	'2017-08-11 13:34:54',	'80C201C667',	NULL,	NULL),
(83,	'1488452667',	40,	0,	'',	'John Pham',	'',	'hicom.register@gmail.com',	'',	'',	'John Pham',	'09464646',	'hicom.register@gmail.com',	'hanoi',	'hanoi',	'13737',	'',	'2017-08-11 13:34:54',	0,	1,	0,	'2017-08-11 13:34:54',	'80C201C667',	NULL,	NULL),
(84,	'1488452667',	40,	0,	'',	'John Pham',	'',	'hicom.register@gmail.com',	'',	'',	'John Pham',	'09464646',	'hicom.register@gmail.com',	'hanoi',	'hanoi',	'13737',	'',	'2017-08-11 13:39:11',	0,	1,	0,	'2017-08-11 13:39:11',	'669120F667',	NULL,	NULL),
(85,	'1500535542',	38,	0,	'',	'Hoang Hoang',	'',	'when.love1@yahoo.com.vn',	'',	'',	'Hoang Hoang',	'154',	'when.love1@yahoo.com.vn',	'qdqrwt',	'wfwy',	'155',	'',	'2017-08-15 16:30:48',	0,	0,	0,	'2017-08-15 16:30:48',	'168F89F542',	NULL,	NULL),
(86,	'1500535542',	38,	0,	'',	'Hoang Hoang',	'',	'when.love1@yahoo.com.vn',	'',	'',	'Hoang Hoang',	'6454',	'when.love1@yahoo.com.vn',	'fwfstsg',	'fsgs',	'sfefst',	'',	'2017-08-15 17:30:55',	0,	1,	0,	'2017-08-15 17:30:55',	'E19801A542',	NULL,	NULL),
(87,	'1500535542',	38,	0,	'',	'Hoang Hoang',	'',	'when.love1@yahoo.com.vn',	'',	'',	'Hoang Hoang',	'6454',	'when.love1@yahoo.com.vn',	'fwfstsg',	'fsgs',	'sfefst',	'',	'2017-08-15 17:32:00',	0,	0,	0,	'2017-08-15 17:32:00',	'185936D542',	NULL,	NULL),
(88,	'1500535542',	38,	0,	'',	'Hoang Hoang',	'',	'when.love1@yahoo.com.vn',	'',	'',	'Hoang Hoang',	'6454',	'when.love1@yahoo.com.vn',	'fwfstsg',	'fsgs',	'sfefst',	'',	'2017-08-15 17:34:59',	0,	1,	0,	'2017-08-15 17:34:59',	'9CC5F03542',	NULL,	NULL),
(89,	'1500535542',	38,	0,	'',	'Hoang Hoang',	'',	'when.love1@yahoo.com.vn',	'',	'',	'Hoang Hoang',	'6454',	'when.love1@yahoo.com.vn',	'fwfstsg',	'fsgs',	'sfefst',	'',	'2017-08-15 17:36:14',	0,	2,	1,	'2017-08-15 17:36:14',	'E8AC375542',	NULL,	NULL),
(90,	'1500535542',	38,	0,	'',	'Hoang Hoang',	'',	'when.love1@yahoo.com.vn',	'',	'',	'Hoang Hoang',	'545454',	'when.love1@yahoo.com.vn',	'tste',	'wtete',	'gete',	'',	'2017-08-15 17:49:32',	0,	1,	0,	'2017-08-15 17:49:32',	'F6343FC542',	NULL,	NULL),
(91,	'1500535542',	38,	0,	'',	'Hoang Hoang',	'',	'when.love1@yahoo.com.vn',	'',	'',	'Hoang Hoang',	'545454',	'when.love1@yahoo.com.vn',	'tste',	'wtete',	'gete',	'',	'2017-08-15 17:56:28',	0,	3,	0,	'2017-08-15 17:56:28',	'D50AD1D542',	NULL,	NULL),
(92,	'1501859994',	38,	0,	'',	'Jose Luis Escamilla Cuevas',	'',	'xion_eternal@hotmail.com',	'',	'',	'Jose Luis Escamilla Cuevas',	'875465535',	'joseescamilla18@gmail.com',	'Chile ',	'Chile ',	'0007',	'',	'2017-08-16 08:17:58',	0,	3,	0,	'2017-08-16 08:17:58',	'69F381E994',	NULL,	NULL),
(93,	'1501859994',	54,	0,	'',	'Jose Luis Escamilla Cuevas',	'',	'xion_eternal@hotmail.com',	'',	'',	'Jose Luis Escamilla Cuevas',	'875465535',	'joseescamilla18@gmail.com',	'Chile ',	'Chile ',	'0007',	'',	'2017-08-16 08:17:58',	0,	3,	0,	'2017-08-16 08:17:58',	'69F381E994',	NULL,	NULL),
(94,	'1501859994',	38,	0,	'',	'Jose Luis Escamilla Cuevas',	'',	'xion_eternal@hotmail.com',	'',	'',	'Jose Luis Escamilla Cuevas',	'875465535',	'joseescamilla18@gmail.com',	'Chile ',	'Chile ',	'0007',	'',	'2017-08-16 08:19:16',	0,	1,	0,	'2017-08-16 08:19:16',	'FBBF859994',	NULL,	NULL),
(95,	'1500535542',	38,	0,	'',	'Hoang Hoang',	'',	'when.love1@yahoo.com.vn',	'',	'',	'Hoang Hoang',	'4845',	'when.love1@yahoo.com.vn',	'tw',	'wwftw',	'wyyw',	'',	'2017-08-16 08:43:56',	0,	1,	0,	'2017-08-16 08:43:56',	'F2B54FB542',	NULL,	NULL),
(96,	'1500535542',	38,	0,	'',	'Hoang Hoang',	'',	'when.love1@yahoo.com.vn',	'',	'',	'Hoang Hoang',	'8454',	'when.love1@yahoo.com.vn',	'wywtw',	'ywyw',	'eyyeye',	'',	'2017-08-16 08:54:03',	0,	2,	1,	'2017-08-16 08:54:03',	'BFBED9D542',	NULL,	NULL),
(97,	'1500535542',	38,	0,	'',	'Hoang Hoang',	'',	'when.love1@yahoo.com.vn',	'',	'',	'Hoang Hoang',	'5656',	'when.love1@yahoo.com.vn',	'eget3',	'dgsyw',	'egeyey',	'',	'2017-08-16 09:35:48',	0,	3,	0,	'2017-08-16 09:35:48',	'2093539542',	NULL,	NULL),
(98,	'1500535542',	38,	0,	'',	'Hoang Hoang',	'',	'when.love1@yahoo.com.vn',	'',	'',	'Hoang Hoang',	'4554',	'when.love1@yahoo.com.vn',	'rwrw',	'wtwtw',	'twfwtw',	'',	'2017-08-16 10:04:26',	0,	1,	0,	'2017-08-16 10:04:26',	'0CD321E542',	NULL,	NULL),
(99,	'1502975195',	57,	0,	'address',	'zorojo',	'995484522',	'zorojo@gmail.com',	'city',	'61',	'zorojo',	'995484522',	'zorojo@gmail.com',	'address',	'city',	'61',	'',	'2017-08-17 20:10:13',	0,	1,	0,	'2017-08-17 20:10:13',	'F5891A6195',	NULL,	NULL),
(100,	'1502975195',	57,	0,	'address',	'zorojo',	'995484522',	'zorojo@gmail.com',	'city',	'61',	'zorojo',	'995484522',	'zorojo@gmail.com',	'address',	'city',	'61',	'',	'2017-08-17 20:10:44',	0,	1,	0,	'2017-08-17 20:10:44',	'401CB43195',	NULL,	NULL),
(101,	'1502975195',	57,	0,	'address',	'zorojo',	'995484522',	'zorojo@gmail.com',	'city',	'61',	'zorojo',	'995484522',	'zorojo@gmail.com',	'address',	'city',	'61',	'',	'2017-08-17 20:12:36',	0,	1,	0,	'2017-08-17 20:12:36',	'1EAEFEF195',	NULL,	NULL),
(102,	'1502975195',	38,	0,	'address',	'zorojo',	'995484522',	'zorojo@gmail.com',	'city',	'61',	'zorojo',	'995484522',	'zorojo@gmail.com',	'address',	'city',	'61',	'',	'2017-08-17 20:12:36',	0,	1,	0,	'2017-08-17 20:12:36',	'1EAEFEF195',	NULL,	NULL),
(103,	'1500535542',	38,	0,	'',	'Hoang Hoang',	'',	'when.love1@yahoo.com.vn',	'',	'',	'Hoang Hoang',	'46644',	'when.love1@yahoo.com.vn',	'wywyw',	'twyw',	'wyeye',	'',	'2017-08-18 11:22:40',	0,	2,	1,	'2017-08-18 11:22:40',	'32A6503542',	NULL,	NULL),
(104,	'1500535542',	38,	0,	'',	'Hoang Hoang',	'',	'when.love1@yahoo.com.vn',	'',	'',	'Hoang Hoang',	'46644',	'when.love1@yahoo.com.vn',	'wywyw',	'twyw',	'wyeye',	'',	'2017-08-18 11:25:28',	0,	1,	0,	'2017-08-18 11:25:28',	'21BAA04542',	NULL,	NULL),
(105,	'1500535542',	38,	0,	'',	'Hoang Hoang',	'',	'when.love1@yahoo.com.vn',	'',	'',	'Hoang Hoang',	'9797',	'when.love1@yahoo.com.vn',	'sgsgs',	'sggse',	'hegege',	'',	'2017-08-18 11:29:48',	0,	0,	0,	'2017-08-18 11:29:48',	'957662C542',	NULL,	NULL),
(106,	'1500535542',	38,	0,	'',	'Hoang Hoang',	'',	'when.love1@yahoo.com.vn',	'',	'',	'Hoang Hoang',	'9797',	'when.love1@yahoo.com.vn',	'sgsgs',	'sggse',	'hegege',	'',	'2017-08-18 11:30:28',	0,	0,	0,	'2017-08-18 11:30:28',	'1ADDD22542',	NULL,	NULL),
(107,	'1500535542',	38,	0,	'',	'Hoang Hoang',	'',	'when.love1@yahoo.com.vn',	'',	'',	'Hoang Hoang',	'4548',	'when.love1@yahoo.com.vn',	'fhehe',	'ddhuu',	'rhhrttu',	'',	'2017-08-18 11:33:44',	0,	3,	0,	'2017-08-18 11:33:44',	'DF0B1F1542',	NULL,	NULL),
(108,	'1500535542',	38,	0,	'',	'Hoang Hoang',	'',	'when.love1@yahoo.com.vn',	'',	'',	'Hoang Hoang',	'78*078',	'when.love1@yahoo.com.vn',	'fege',	'wf3y',	'tbrh4h',	'',	'2017-08-18 11:43:00',	0,	1,	0,	'2017-08-18 11:43:00',	'4639DAC542',	NULL,	NULL),
(109,	'1500535542',	38,	0,	'',	'Hoang Hoang',	'',	'when.love1@yahoo.com.vn',	'',	'',	'Hoang Hoang',	'78*078',	'when.love1@yahoo.com.vn',	'fege',	'wf3y',	'tbrh4h',	'',	'2017-08-18 11:46:12',	0,	3,	0,	'2017-08-18 11:46:12',	'4CD5A24542',	NULL,	NULL),
(110,	'1500535542',	38,	0,	'',	'Hoang Hoang',	'',	'when.love1@yahoo.com.vn',	'',	'',	'Hoang Hoang',	'496767',	'when.love1@yahoo.com.vn',	'wywyw',	'wgwgw',	'wgege',	'',	'2017-08-18 14:06:29',	0,	1,	0,	'2017-08-18 14:06:29',	'C6CD7D6542',	NULL,	NULL),
(111,	'1500535542',	40,	0,	'',	'Hoang Hoang',	'',	'when.love1@yahoo.com.vn',	'',	'',	'Hoang Hoang',	'496767',	'when.love1@yahoo.com.vn',	'wywyw',	'wgwgw',	'wgege',	'',	'2017-08-18 14:07:41',	0,	1,	0,	'2017-08-18 14:07:41',	'BC342A1542',	NULL,	NULL),
(112,	'1500535542',	38,	0,	'',	'Hoang Hoang',	'',	'when.love1@yahoo.com.vn',	'',	'',	'Hoang Hoang',	'097349649494',	'when.love1@yahoo.com.vn',	'abc',	'abc',	'1389932',	'',	'2017-08-21 08:30:04',	0,	1,	0,	'2017-08-21 08:30:04',	'E8C3A51542',	NULL,	NULL),
(113,	'1500535542',	38,	0,	'',	'Hoang Hoang',	'',	'when.love1@yahoo.com.vn',	'',	'',	'Hoang Hoang',	'097349649494',	'when.love1@yahoo.com.vn',	'abc',	'abc',	'1389932',	'',	'2017-08-21 08:32:57',	0,	1,	0,	'2017-08-21 08:32:57',	'4A366EC542',	NULL,	NULL),
(114,	'1500535542',	38,	0,	'',	'Hoang Hoang',	'',	'when.love1@yahoo.com.vn',	'',	'',	'Hoang Hoang',	'9464',	'when.love1@yahoo.com.vn',	'agsgs',	'wgsgs',	'eggeye',	'',	'2017-08-21 08:37:44',	0,	1,	0,	'2017-08-21 08:37:44',	'BDA9EF3542',	NULL,	NULL),
(115,	'1500535542',	38,	0,	'',	'Hoang Hoang',	'',	'when.love1@yahoo.com.vn',	'',	'',	'Hoang Hoang',	'222',	'when.love1@yahoo.com.vn',	'abc',	'abc',	'1313131',	'',	'2017-08-21 08:44:00',	0,	1,	0,	'2017-08-21 08:44:00',	'8A8994B542',	NULL,	NULL),
(116,	'1500535542',	38,	0,	'',	'Hoang Hoang',	'',	'when.love1@yahoo.com.vn',	'',	'',	'Hoang Hoang',	'222',	'when.love1@yahoo.com.vn',	'abc',	'abc',	'62',	'',	'2017-08-21 08:47:16',	0,	1,	0,	'2017-08-21 08:47:16',	'EDD9E3B542',	NULL,	NULL),
(117,	'1500535542',	38,	0,	'',	'Hoang Hoang',	'',	'when.love1@yahoo.com.vn',	'',	'',	'Hoang Hoang',	'222',	'when.love1@yahoo.com.vn',	'abc',	'abc',	'62',	'',	'2017-08-21 08:51:22',	0,	1,	0,	'2017-08-21 08:51:22',	'29A9498542',	NULL,	NULL),
(118,	'1503292478',	38,	0,	'calle 2 jesus maria',	'Vanny Mejia',	'6458884',	'vmejiah@gmail.com',	'lima',	'51',	'Vanny Mejia',	'6458884',	'vmejiah@gmail.com',	'calle 2 jesus maria',	'lima',	'51',	'',	'2017-08-21 12:18:28',	0,	1,	0,	'2017-08-21 12:18:28',	'69870E8478',	NULL,	NULL),
(119,	'1503292478',	59,	0,	'calle 2 jesus maria',	'Vanny Mejia',	'6458884',	'vmejiah@gmail.com',	'lima',	'51',	'Vanny Mejia',	'6458884',	'vmejiah@gmail.com',	'calle 2 jesus maria',	'lima',	'51',	'',	'2017-08-21 12:18:28',	0,	1,	0,	'2017-08-21 12:18:28',	'69870E8478',	NULL,	NULL),
(120,	'1505805629',	40,	0,	'ebeano',	'ebeano',	'2147635409',	'ebeano@gmail.com',	'ebeano',	'33333',	'ebeano',	'2147635409',	'ebeano@gmail.com',	'ebeano',	'ebeano',	'33333',	'',	'2017-09-19 14:26:38',	0,	1,	0,	'2017-09-19 14:26:38',	'94BFDD7629',	NULL,	NULL),
(121,	'1505936462',	38,	0,	'12 street',	'Lamin',	'07005552452',	'lamin@gmail.com',	'London',	'123565',	'Lamin',	'07005552452',	'lamin@gmail.com',	'12 street',	'London',	'123565',	'',	'2017-09-21 02:42:25',	0,	1,	0,	'2017-09-21 02:42:25',	'E47EBE2462',	NULL,	NULL),
(122,	'1505936462',	38,	0,	'12 street',	'Lamin',	'07005552452',	'lamin@gmail.com',	'London',	'123565',	'Lamin',	'07005552452',	'lamin@gmail.com',	'12 street',	'London',	'123565',	'',	'2017-09-21 02:43:19',	0,	1,	0,	'2017-09-21 02:43:19',	'C6E9358462',	NULL,	NULL),
(123,	'1505936462',	38,	0,	'12 street',	'Lamin',	'07005552452',	'lamin@gmail.com',	'London',	'123565',	'Lamin',	'07005552452',	'lamin@gmail.com',	'12 street',	'London',	'123565',	'',	'2017-09-21 02:45:28',	0,	2,	1,	'2017-09-21 02:45:28',	'FB309A5462',	NULL,	NULL),
(124,	'1505936462',	38,	0,	'12 street',	'Lamin',	'07005552452',	'lamin@gmail.com',	'London',	'123565',	'Lamin',	'07005552452',	'lamin@gmail.com',	'12 street',	'London',	'123565',	'',	'2017-09-21 19:24:28',	0,	1,	0,	'2017-09-21 19:24:28',	'7AD9EDD462',	NULL,	NULL),
(125,	'1505936462',	38,	0,	'12 street',	'Lamin',	'07005552452',	'lamin@gmail.com',	'London',	'123565',	'Lamin',	'07005552452',	'lamin@gmail.com',	'12 street',	'London',	'123565',	'',	'2017-09-21 19:26:10',	0,	1,	0,	'2017-09-21 19:26:10',	'C0F9A3A462',	NULL,	NULL),
(126,	'1505936462',	55,	0,	'12 street',	'Lamin',	'07005552452',	'lamin@gmail.com',	'London',	'123565',	'Lamin',	'07005552452',	'lamin@gmail.com',	'12 street',	'London',	'123565',	'',	'2017-09-21 19:28:22',	0,	1,	0,	'2017-09-21 19:28:22',	'1082B9B462',	NULL,	NULL),
(127,	'1505936462',	38,	0,	'12 street',	'Lamin',	'07005552452',	'lamin@gmail.com',	'London',	'123565',	'Lamin',	'07005552452',	'lamin@gmail.com',	'12 street',	'London',	'123565',	'',	'2017-09-22 17:36:41',	0,	1,	0,	'2017-09-22 17:36:41',	'5586274462',	NULL,	NULL),
(128,	'1508585783',	38,	0,	'hfgh',	'anil',	'9876543210',	'anilckt@gmail.com',	'Banjul',	'245678',	'anil',	'9876543210',	'anilckt@gmail.com',	'hfgh',	'Banjul',	'245678',	'',	'2017-10-21 ',	2,	1,	0,	'2017-10-21 18:39:13',	'374E32F783',	NULL,	NULL),
(129,	'1432968757',	38,	0,	'PO Box 668132, Charlotte, NC',	'Chris ho',	'255657685268',	'drimhomzteam@gmail.com',	'charlotte',	'255',	'Chris ho',	'255657685268',	'drimhomzteam@gmail.com',	'PO Box 668132, Charlotte, NC',	'charlotte',	'255',	'',	'2017-11-06 22:41:05',	0,	2,	1,	'2017-11-06 22:41:05',	'68965CE757',	NULL,	NULL),
(130,	'1432968757',	60,	0,	'PO Box 668132, Charlotte, NC',	'Chris ho',	'255657685268',	'drimhomzteam@gmail.com',	'charlotte',	'255',	'Chris ho',	'255657685268',	'drimhomzteam@gmail.com',	'PO Box 668132, Charlotte, NC',	'charlotte',	'255',	'',	'2017-11-06 22:41:05',	0,	2,	1,	'2017-11-06 22:41:05',	'68965CE757',	NULL,	NULL),
(131,	'1510589062',	40,	0,	'jedo',	'jedo',	'123',	'jedo145@gmail.com',	'jedi',	'123',	'jedo',	'123',	'jedo145@gmail.com',	'jedo',	'jedi',	'123',	'',	'2017-11-13 23:18:15',	0,	1,	0,	'2017-11-13 23:18:15',	'A7AFD4F062',	NULL,	NULL),
(132,	'1510589062',	40,	0,	'jedo',	'jedo',	'123',	'jedo145@gmail.com',	'jedi',	'123',	'jedo',	'123',	'jedo145@gmail.com',	'jedo',	'jedi',	'123',	'',	'2017-11-13 23:18:21',	0,	1,	0,	'2017-11-13 23:18:21',	'9B1FC99062',	NULL,	NULL),
(133,	'1511583827',	40,	0,	'',	'Lâm Lâm',	'',	'changcodonmai84@yahoo.com',	'',	'',	'Lâm Lâm',	'0989985668',	'changcodonmai84@yahoo.com',	'ha noi',	'ha noi',	'10000',	'',	'2017-11-25 11:39:02',	0,	1,	0,	'2017-11-25 11:39:02',	'4B9193D827',	NULL,	NULL),
(134,	'1511583827',	40,	0,	'',	'Lâm Lâm',	'',	'changcodonmai84@yahoo.com',	'',	'',	'Lâm Lâm',	'0989985668',	'changcodonmai84@yahoo.com',	'ha noi',	'ha noi',	'10000',	'',	'2017-11-25 13:00:04',	0,	1,	0,	'2017-11-25 13:00:04',	'3CFA8C6827',	NULL,	NULL),
(135,	'1515714397',	38,	0,	'',	'Wedge Wedge',	'',	'wedge.06@gmail.com',	'',	'',	'Wedge Wedge',	'0123456789',	'wedge.06@gmail.com',	'gjbcdd',	'dgg',	'76445',	'',	'2018-01-12 06:48:31',	0,	1,	0,	'2018-01-12 06:48:31',	'072B8AD397',	NULL,	NULL),
(136,	'1515714397',	40,	0,	'',	'Wedge Wedge',	'',	'wedge.06@gmail.com',	'',	'',	'Wedge Wedge',	'0123456789',	'wedge.06@gmail.com',	'gjbcdd',	'dgg',	'76445',	'',	'2018-01-12 06:48:31',	0,	1,	0,	'2018-01-12 06:48:31',	'072B8AD397',	NULL,	NULL),
(137,	'1432968757',	38,	0,	'PO Box 668132, Charlotte, NC',	'Chris ho',	'255657685268',	'drimhomzteam@gmail.com',	'charlotte',	'2551',	'Chris ho',	'255657685268',	'drimhomzteam@gmail.com',	'PO Box 668132, Charlotte, NC',	'charlotte',	'2551',	'',	'2018-01-17 23:34:17',	0,	1,	0,	'2018-01-17 23:34:17',	'14D7294757',	NULL,	NULL),
(138,	'1432968757',	38,	0,	'PO Box 668132, Charlotte, NC',	'Chris ho',	'255657685268',	'drimhomzteam@gmail.com',	'charlotte',	'2551',	'Chris ho',	'255657685268',	'drimhomzteam@gmail.com',	'PO Box 668132, Charlotte, NC',	'charlotte',	'2551',	'',	'2018-01-17 23:35:47',	0,	2,	1,	'2018-01-17 23:35:47',	'B906EF1757',	NULL,	NULL),
(139,	'1432968757',	38,	0,	'PO Box 668132, Charlotte, NC',	'Chris ho',	'255657685268',	'drimhomzteam@gmail.com',	'charlotte',	'2551',	'Chris ho',	'255657685268',	'drimhomzteam@gmail.com',	'PO Box 668132, Charlotte, NC',	'charlotte',	'2551',	'',	'2018-01-17 23:44:33',	0,	1,	0,	'2018-01-17 23:44:33',	'C7063FC757',	NULL,	NULL),
(140,	'1519039880',	38,	0,	'hno 1494 ,sec 17,mohali',	'gurwinder',	'9646008775',	'mocgurwinder@gmail.com',	'amritsar',	'143001',	'gurwinder',	'9646008775',	'mocgurwinder@gmail.com',	'hno 1494 ,sec 17,mohali',	'amritsar',	'143001',	'',	'2018-02-19 18:57:48',	0,	1,	0,	'2018-02-19 18:57:48',	'1A27858880',	NULL,	NULL),
(141,	'1519039880',	40,	0,	'hno 1494 ,sec 17,mohali',	'gurwinder',	'9646008775',	'mocgurwinder@gmail.com',	'amritsar',	'143001',	'gurwinder',	'9646008775',	'mocgurwinder@gmail.com',	'hno 1494 ,sec 17,mohali',	'amritsar',	'143001',	'',	'2018-02-19 19:06:24',	0,	1,	0,	'2018-02-19 19:06:24',	'FA32E8D880',	NULL,	NULL),
(142,	'1519166848',	38,	0,	'Zmnab',	'Name',	'00252613334455',	'email@gmail.com',	'Melbourne',	'00252',	'Name',	'00252613334455',	'email@gmail.com',	'Zmnab',	'Melbourne',	'00252',	'',	'2018-02-21 05:49:34',	0,	2,	1,	'2018-02-21 05:49:34',	'6AA0358848',	NULL,	NULL),
(143,	'1519288393',	38,	0,	'gjfjfufufjgj',	'vjgkfjgi',	'08555555',	'raja.s.naveed@outlook.com',	'vkgkgkgj',	'21332',	'vjgkfjgi',	'08555555',	'raja.s.naveed@outlook.com',	'gjfjfufufjgj',	'vkgkgkgj',	'21332',	'',	'2018-02-22 15:33:38',	0,	1,	0,	'2018-02-22 15:33:38',	'27F18F5393',	NULL,	NULL),
(144,	'1519288393',	40,	0,	'gjfjfufufjgj',	'vjgkfjgi',	'08555555',	'raja.s.naveed@outlook.com',	'vkgkgkgj',	'21332',	'vjgkfjgi',	'08555555',	'raja.s.naveed@outlook.com',	'gjfjfufufjgj',	'vkgkgkgj',	'21332',	'',	'2018-02-22 15:36:24',	0,	1,	0,	'2018-02-22 15:36:24',	'945EBC6393',	NULL,	NULL),
(145,	'1520342922',	38,	0,	'Rua itrapoa 24',	'marcio',	'5511948466648',	'fanoid@hotmail.com',	'São Paulo',	'04950 140',	'marcio',	'5511948466648',	'fanoid@hotmail.com',	'Rua itrapoa 24',	'São Paulo',	'04950 140',	'',	'2018-03-06 20:31:09',	0,	3,	0,	'2018-03-06 20:31:09',	'A4154B7922',	NULL,	NULL),
(146,	'1520342922',	57,	0,	'Rua itrapoa 24',	'marcio',	'5511948466648',	'fanoid@hotmail.com',	'São Paulo',	'04950 140',	'marcio',	'5511948466648',	'fanoid@hotmail.com',	'Rua itrapoa 24',	'São Paulo',	'04950 140',	'',	'2018-03-11 21:53:27',	0,	1,	0,	'2018-03-11 21:53:27',	'FADE108922',	NULL,	NULL),
(147,	'1520858240',	38,	0,	'mt home',	'jig',	'8888888888',	'jigiskandar313@gmail.com',	'my city',	'881000',	'jig',	'8888888888',	'jigiskandar313@gmail.com',	'mt home',	'my city',	'881000',	'',	'2018-03-12 19:38:31',	0,	3,	0,	'2018-03-12 19:38:31',	'1505AD8240',	NULL,	NULL),
(148,	'1520836363',	40,	0,	'a d..d..d',	'kaka nguyen',	'0123456987',	'kaka@gmail.com',	'Vn',	'84',	'kaka nguyen',	'0123456987',	'kaka@gmail.com',	'a d..d..d',	'Vn',	'84',	'',	'2018-03-13 06:37:15',	0,	1,	0,	'2018-03-13 06:37:15',	'7FAD3D4363',	NULL,	NULL),
(149,	'1530385751',	38,	0,	'',	'Ivan Ivan',	'',	'ivan_ufc@yahoo.com.br',	'',	'',	'Ivan Ivan',	'6595946497',	'ivan_ufc@yahoo.com.br',	'rya dos xyz',	'fortaleza',	'6000p',	'',	'2018-07-01 02:14:35',	0,	1,	0,	'2018-07-01 02:14:35',	'15B0A39751',	NULL,	NULL),
(150,	'1530385751',	40,	0,	'',	'Ivan Ivan',	'',	'ivan_ufc@yahoo.com.br',	'',	'',	'Ivan Ivan',	'6595946497',	'ivan_ufc@yahoo.com.br',	'rya dos xyz',	'fortaleza',	'6000p',	'',	'2018-07-01 02:14:35',	0,	1,	0,	'2018-07-01 02:14:35',	'15B0A39751',	NULL,	NULL),
(151,	'1538987728',	38,	0,	'gGba',	'mon',	'09754449797',	'mon@gmail.com',	'vVV',	'gGzg',	'mon',	'09754449797',	'mon@gmail.com',	'gGba',	'vVV',	'gGzg',	'',	'2018-11-22 16:19:05',	0,	1,	0,	'2018-11-22 16:19:05',	'3CC9C1A728',	NULL,	NULL),
(152,	'1538987728',	40,	0,	'gGba',	'mon',	'09754449797',	'mon@gmail.com',	'vVV',	'gGzg',	'mon',	'666',	'mon@gmail.com',	'gGba',	'6hu',	'jjj',	'',	'2018-11-23 08:35:06',	0,	1,	0,	'2018-11-23 08:35:06',	'1B9A170728',	NULL,	NULL),
(153,	'1538987728',	38,	0,	'gGba',	'mon',	'09754449797',	'mon@gmail.com',	'vVV',	'gGzg',	'mon',	'666',	'mon@gmail.com',	'gGba',	'6hu',	'jjj',	'',	'2018-11-23 08:35:06',	0,	1,	0,	'2018-11-23 08:35:06',	'1B9A170728',	NULL,	NULL),
(154,	'1553500257',	59,	0,	'Hicom',	'Aloha',	'369258147',	'aloha@gmail.com',	'Hicom',	'2356',	'Aloha',	'369258147',	'aloha@gmail.com',	'Hicom',	'Hicom',	'2356',	'',	'2019-03-26 09:55:25',	0,	1,	0,	'2019-03-26 09:55:25',	'2385183257',	NULL,	NULL),
(155,	'1553500257',	63,	0,	'Hicom',	'Aloha',	'369258147',	'aloha@gmail.com',	'Hicom',	'2356',	'Aloha',	'369258147',	'aloha@gmail.com',	'Hicom',	'Hicom',	'2356',	'',	'2019-03-26 13:59:11',	7,	1,	0,	'2019-03-26 13:59:11',	'72B35C9257',	NULL,	NULL),
(156,	'1553500214',	63,	0,	'Hicom',	'Kevin',	'235698774',	'pppp@gmail.com',	'Ppp',	'999',	'Kevin',	'969',	'pppp@gmail.com',	'Hicom',	'hhh',	'hh',	'',	'2019-03-26 15:10:00',	5,	1,	0,	'2019-03-26 15:10:00',	'4F1DFB2214',	NULL,	NULL),
(157,	'1553500214',	63,	0,	'Hicom',	'Kevin',	'235698774',	'pppp@gmail.com',	'Ppp',	'999',	'Kevin',	'969',	'pppp@gmail.com',	'Hicom',	'hhh',	'hh',	'',	'2019-03-26 15:10:38',	5,	1,	0,	'2019-03-26 15:10:38',	'0000630214',	NULL,	NULL),
(158,	'1553500214',	63,	0,	'Hicom',	'Kevin',	'235698774',	'pppp@gmail.com',	'Ppp',	'999',	'Kevin',	'969',	'pppp@gmail.com',	'Hicom',	'hhh',	'hh',	'',	'2019-03-26 15:16:25',	5,	1,	0,	'2019-03-26 15:16:25',	'D785696214',	NULL,	NULL),
(159,	'1553500214',	63,	0,	'Hicom',	'Kevin',	'235698774',	'pppp@gmail.com',	'Ppp',	'999',	'Kevin',	'6656',	'pppp@gmail.com',	'Hicom',	'nbfg',	'vvc',	'',	'2019-03-26 15:18:03',	5,	1,	0,	'2019-03-26 15:18:03',	'491513A214',	NULL,	NULL),
(160,	'1553500257',	63,	0,	'Hicom',	'Aloha',	'369258147',	'aloha@gmail.com',	'Hicom',	'2356',	'Aloha',	'369258147',	'aloha@gmail.com',	'Hicom',	'Hicom',	'2356',	'',	'2019-03-26 16:58:03',	5,	1,	0,	'2019-03-26 16:58:03',	'86FAC43257',	NULL,	NULL),
(161,	'1553500257',	63,	0,	'Hicom',	'Aloha',	'369258147',	'aloha@gmail.com',	'Hicom',	'2356',	'Aloha',	'369258147',	'aloha@gmail.com',	'Hicom',	'Hicom',	'2356',	'',	'2019-03-26 17:01:08',	5,	1,	0,	'2019-03-26 17:01:08',	'1276EC1257',	NULL,	NULL),
(162,	'1553500257',	59,	0,	'Hicom',	'Aloha',	'369258147',	'aloha@gmail.com',	'Hicom',	'2356',	'Aloha',	'369258147',	'aloha@gmail.com',	'Hicom',	'Hicom',	'2356',	'',	'2019-03-26 17:06:24',	0,	1,	0,	'2019-03-26 17:06:24',	'4C6A904257',	NULL,	NULL),
(163,	'1553500257',	63,	0,	'Hicom',	'Aloha',	'369258147',	'aloha@gmail.com',	'Hicom',	'2356',	'Aloha',	'369258147',	'aloha@gmail.com',	'Hicom',	'Hicom',	'2356',	'',	'2019-03-26 17:08:10',	5,	1,	0,	'2019-03-26 17:08:10',	'96D76EA257',	NULL,	NULL),
(164,	'1432968757',	63,	0,	'PO Box 668132, Charlotte, NC',	'Chris ho',	'255657685268',	'drimhomzteam@gmail.com',	'charlotte',	'2551',	'Chris ho',	'255657685268',	'drimhomzteam@gmail.com',	'PO Box 668132, Charlotte, NC',	'charlotte',	'2551',	'',	'2019-03-26 19:11:33',	5,	1,	0,	'2019-03-26 19:11:33',	'962EB59757',	NULL,	NULL),
(165,	'1553596624',	62,	0,	'22Rathlyon park',	'Mohamed',	'123456',	'dt_mohamed@yahoo.co',	'Dublin',	'123',	'Mohamed',	'123456',	'dt_mohamed@yahoo.co',	'22Rathlyon park',	'Dublin',	'Dublin',	'',	'2019-03-27 05:56:08',	4,	1,	0,	'2019-03-27 05:56:08',	'0EE4129624',	NULL,	NULL),
(166,	'1553596624',	63,	0,	'22Rathlyon park',	'Mohamed',	'123456',	'dt_mohamed@yahoo.com',	'Banjul',	'123',	'Mohamed',	'123456',	'dt_mohamed@yahoo.com',	'22Rathlyon park',	'Banjul',	'123',	'',	'2019-03-31 20:03:09',	5,	1,	0,	'2019-03-31 20:03:09',	'255AA48624',	NULL,	NULL),
(167,	'1553500214',	63,	0,	'Hicom',	'Kevin',	'235698774',	'pppp@gmail.com',	'Ppp',	'999',	'Kevin',	'235698774',	'pppp@gmail.com',	'Hicom',	'Ppp',	'999',	'',	'2019-04-03 10:29:36',	5,	3,	0,	'2019-04-03 10:29:36',	'AEF3D08214',	NULL,	NULL),
(168,	'1553500257',	59,	0,	'Hicom',	'Aloha',	'369258147',	'aloha@gmail.com',	'Hicom',	'2356',	'Aloha',	'369258147',	'aloha@gmail.com',	'Hicom',	'Hicom',	'2356',	'',	'2019-04-03 10:25:07',	0,	1,	0,	'2019-04-03 10:25:07',	'C31872B257',	NULL,	NULL),
(169,	'1553500257',	59,	0,	'Hicom',	'Aloha',	'369258147',	'aloha@gmail.com',	'Hicom',	'2356',	'Aloha',	'369258147',	'aloha@gmail.com',	'Hicom',	'Hicom',	'2356',	'',	'2019-04-03 10:29:45',	0,	1,	0,	'2019-04-03 10:29:45',	'DED174C257',	NULL,	NULL),
(170,	'1553500214',	63,	0,	'Hicom',	'Kevin',	'235698774',	'pppp@gmail.com',	'Ppp',	'999',	'Kevin',	'999',	'pppp@gmail.com',	'Hicom',	'fgg',	'vgg',	'',	'2019-04-03 10:39:03',	5,	1,	0,	'2019-04-03 10:39:03',	'FFAA6EA214',	NULL,	NULL),
(171,	'1553500257',	59,	0,	'Hicom',	'Aloha',	'369258147',	'aloha@gmail.com',	'Hicom',	'2356',	'Aloha',	'369258147',	'aloha@gmail.com',	'Hicom',	'Hicom',	'2356',	'',	'2019-04-03 11:18:55',	0,	1,	0,	'2019-04-03 11:18:55',	'89187A9257',	NULL,	NULL),
(172,	'1553596624',	64,	0,	'22Rathlyon park',	'Mohamed',	'123456',	'dt_mohamed@yahoo.com',	'Banjul',	'123',	'Mohamed',	'123456',	'dt_mohamed@yahoo.com',	'22Rathlyon park',	'Banjul',	'123',	'',	'2019-04-03 14:57:16',	5,	2,	1,	'2019-04-03 14:57:16',	'A03C365624',	NULL,	NULL),
(173,	'1553596624',	64,	0,	'22Rathlyon park',	'Mohamed',	'123456',	'dt_mohamed@yahoo.com',	'Banjul',	'123',	'Mohamed',	'123456',	'dt_mohamed@yahoo.com',	'22Rathlyon park',	'Banjul',	'123',	'',	'2019-04-03 21:12:41',	5,	1,	0,	'2019-04-03 21:12:41',	'B9E2B31624',	NULL,	NULL),
(174,	'1553596624',	64,	0,	'22Rathlyon park',	'Mohamed',	'123456',	'dt_mohamed@yahoo.com',	'Banjul',	'123',	'Mohamed',	'123456',	'dt_mohamed@yahoo.com',	'22Rathlyon park',	'Banjul',	'123',	'',	'2019-04-04 02:47:50',	5,	1,	0,	'2019-04-04 02:47:50',	'77E89CA624',	NULL,	NULL),
(175,	'1554540701',	64,	0,	'Ff',	'Test',	'123456',	'test@test.com',	'Banjul',	'218',	'Test',	'123456',	'test@test.com',	'Ff',	'Banjul',	'218',	'',	'2019-04-06 ',	5,	1,	0,	'2019-04-06 10:54:08',	'2041929701',	NULL,	NULL),
(176,	'1553596624',	64,	0,	'22Rathlyon park',	'Mohamed',	'123456',	'dt_mohamed@yahoo.com',	'Banjul',	'123',	'Mohamed',	'123456',	'dt_mohamed@yahoo.com',	'22Rathlyon park',	'Banjul',	'123',	'',	'2019-04-09 04:12:19',	7,	1,	0,	'2019-04-09 04:12:19',	'F1D0DC1624',	NULL,	NULL),
(177,	'1553596624',	64,	0,	'22Rathlyon park',	'Mohamed',	'123456',	'dt_mohamed@yahoo.com',	'Banjul',	'123',	'Mohamed',	'123456',	'dt_mohamed@yahoo.com',	'22Rathlyon park',	'Banjul',	'123',	'',	'2019-04-09 11:50:20',	4,	1,	0,	'2019-04-09 11:50:20',	'E80160A624',	NULL,	NULL),
(178,	'1553596624',	64,	0,	'22Rathlyon park',	'Mohamed',	'123456',	'dt_mohamed@yahoo.com',	'Banjul',	'123',	'Mohamed',	'123456',	'dt_mohamed@yahoo.com',	'22Rathlyon park',	'Banjul',	'123',	'',	'2019-04-09 12:29:29',	5,	1,	0,	'2019-04-09 12:29:29',	'00287DC624',	NULL,	NULL),
(179,	'1554540701',	63,	0,	'Ff',	'Test',	'123456',	'test@test.com',	'Ff',	'218',	'Test',	'123456',	'test@test.com',	'Ff',	'Ff',	'218',	'',	'2019-04-13 14:51:08',	5,	1,	0,	'2019-04-13 14:51:08',	'9B8350D701',	NULL,	NULL),
(180,	'1553596624',	64,	0,	'22 Rathlyon Park ',	'Gamal ',	'123456',	'dt_mohamed@yahoo.comm',	'Banjul',	'123',	'Gamal ',	'123456',	'dt_mohamed@yahoo2.comm',	'22 Rathlyon Park ',	'Banjul',	'123',	'',	'2019-04-14 ',	2,	1,	0,	'2019-04-14 18:05:22',	'E5E4F01678',	NULL,	NULL),
(181,	'1553596624',	64,	0,	'22 Rathlyon Park',	'Gamal',	'123456',	'dt_mohamed@yahoo.com',	'Banjul',	'123',	'Gamal',	'123456',	'dt_mohamed@yahoo2.comm',	'22 Rathlyon Park',	'Banjul',	'123',	'',	'2019-04-15 ',	2,	1,	0,	'2019-04-15 22:29:37',	'6EAC67B678',	NULL,	NULL),
(182,	'1555364252',	64,	0,	'22 Rathlyon Park ',	'Salim Mohamed',	'123456',	'mohammed.dt1983@gmail.com',	'Banjul',	'123',	'Salim Mohamed',	'123456',	'mohammed.dt1983@gmail.com',	'22 Rathlyon Park ',	'Banjul',	'123',	'',	'2019-04-15 ',	2,	1,	0,	'2019-04-15 23:59:50',	'FF69CF0252',	NULL,	NULL),
(183,	'1553500214',	59,	0,	'Hicom',	'Kevin',	'235698774',	'lvhuy1102@gmail.com',	'Banjul',	'999',	'Kevin',	'66',	'lvhuy1102@gmail.com',	'Hicom',	'vg',	'hhj',	'',	'2019-04-17 13:06:09',	0,	6,	0,	'2019-04-17 13:06:09',	'F879EF1214',	NULL,	NULL),
(184,	'1555364252',	64,	0,	'22 Rathlyon Park ',	'Salim Mohamed',	'123456',	'mohammed.dt1983@gmail.com',	'Dublin',	'123',	'Salim Mohamed',	'123456',	'mohammed.dt1983@gmail.com',	'22 Rathlyon Park ',	'Dublin',	'123',	'',	'2019-04-17 13:53:29',	5,	1,	0,	'2019-04-17 13:53:29',	'E3CF5FD252',	NULL,	NULL),
(185,	'1555364252',	64,	0,	'22 Rathlyon Park ',	'Salim Mohamed',	'123456',	'mohammed.dt1983@gmail.com',	'Dublin',	'123',	'Salim Mohamed',	'123456',	'mohammed.dt1983@gmail.com',	'22 Rathlyon Park ',	'Dublin',	'123',	'',	'2019-04-17 14:44:35',	5,	1,	0,	'2019-04-17 14:44:35',	'045E2A1252',	NULL,	NULL),
(186,	'1553596624',	64,	0,	'22Rathlyon park',	'Mohamed ',	'123456',	'dt_mohamed@yahoo.com',	'Banjul',	'123',	'Mohamed ',	'123456',	'dt_mohamed@yahoo.com',	'22Rathlyon park',	'Dublin',	'123',	'',	'2019-04-17 16:41:56',	5,	6,	0,	'2019-04-17 16:41:56',	'44A1C68624',	NULL,	NULL),
(187,	'1553596624',	64,	0,	'22Rathlyon park',	'Mohamed ',	'123456',	'dt_mohamed@yahoo.com',	'Banjul',	'123',	'Mohamed ',	'123456',	'dt_mohamed@yahoo.com',	'22Rathlyon park',	'Dublin',	'123',	'',	'2019-04-17 16:42:07',	5,	6,	0,	'2019-04-17 16:42:07',	'BE1A85B624',	NULL,	NULL),
(188,	'1553596624',	63,	0,	'22Rathlyon park',	'Mohamed ',	'123456',	'dt_mohamed@yahoo.com',	'Banjul',	'123',	'Mohamed ',	'123456',	'dt_mohamed@yahoo.com',	'22Rathlyon park',	'Dublin',	'123',	'',	'2019-04-17 16:43:02',	5,	1,	0,	'2019-04-17 16:43:02',	'E14134A624',	NULL,	NULL),
(189,	'1553596624',	64,	0,	'22Rathlyon park',	'Mohamed ',	'123456',	'dt_mohamed@yahoo.com',	'Banjul',	'123',	'Mohamed ',	'123456',	'dt_mohamed@yahoo.com',	'22Rathlyon park',	'Dublin',	'123',	'',	'2019-04-17 16:43:56',	5,	1,	0,	'2019-04-17 16:43:56',	'8EB5108624',	NULL,	NULL),
(190,	'1553596624',	63,	0,	'22Rathlyon park',	'Mohamed ',	'123456',	'dt_mohamed@yahoo.com',	'Banjul',	'123',	'Mohamed ',	'123456',	'dt_mohamed@yahoo.com',	'22Rathlyon park',	'Dublin',	'123',	'',	'2019-04-17 16:44:53',	5,	6,	0,	'2019-04-17 16:44:53',	'83E5D05624',	NULL,	NULL),
(191,	'1555364252',	64,	0,	'22 Rathlyon Park ',	'Salim Mohamed',	'123456',	'mohammed.dt1983@gmail.com',	'Dublin',	'123',	'Salim Mohamed',	'123456',	'mohammed.dt1983@gmail.com',	'22 Rathlyon Park ',	'Dublin',	'123',	'',	'2019-04-17 16:46:28',	5,	6,	0,	'2019-04-17 16:46:28',	'922B219252',	NULL,	NULL),
(192,	'1555364252',	64,	0,	'22 Rathlyon Park ',	'Salim Mohamed',	'123456',	'mohammed.dt1983@gmail.com',	'Dublin',	'123',	'Salim Mohamed',	'123456',	'mohammed.dt1983@gmail.com',	'22 Rathlyon Park ',	'Dublin',	'123',	'',	'2019-04-17 17:02:18',	5,	1,	0,	'2019-04-17 17:02:18',	'AD815FC252',	NULL,	NULL),
(193,	'1555364252',	64,	0,	'22 Rathlyon Park ',	'Salim Mohamed',	'123456',	'mohammed.dt1983@gmail.com',	'Dublin',	'123',	'Salim Mohamed',	'123456',	'mohammed.dt1983@gmail.com',	'22 Rathlyon Park ',	'Dublin',	'123',	'',	'2019-04-17 17:03:01',	5,	6,	0,	'2019-04-17 17:03:01',	'F78EBC3252',	NULL,	NULL),
(194,	'1553500214',	59,	0,	'Hicom',	'Kevin',	'235698774',	'lvhuy1102@gmail.com',	'Banjul',	'999',	'',	'',	'',	'',	'',	'',	'',	'2019-04-18 04:56:53',	0,	6,	0,	'2019-04-18 04:56:53',	'29E0E05214',	NULL,	NULL),
(195,	'1553500214',	59,	0,	'Hicom',	'Kevin',	'235698774',	'lvhuy1102@gmail.com',	'Banjul',	'999',	'',	'',	'',	'',	'',	'',	'',	'2019-04-18 04:57:41',	0,	6,	0,	'2019-04-18 04:57:41',	'6227199214',	NULL,	NULL),
(196,	'1553500214',	59,	0,	'Hicom',	'Kevin',	'235698774',	'lvhuy1102@gmail.com',	'Banjul',	'999',	'',	'',	'',	'',	'',	'',	'',	'2019-04-18 04:58:08',	0,	6,	0,	'2019-04-18 04:58:08',	'F3B5E25214',	NULL,	NULL),
(197,	'1553500214',	59,	0,	'Hicom',	'Kevin',	'235698774',	'lvhuy1102@gmail.com',	'Banjul',	'999',	'',	'',	'',	'',	'',	'',	'',	'2019-04-18 04:59:15',	0,	6,	0,	'2019-04-18 04:59:15',	'A90832A214',	NULL,	NULL),
(198,	'1553500214',	59,	0,	'Hicom',	'Kevin',	'235698774',	'lvhuy1102@gmail.com',	'Banjul',	'999',	'',	'',	'',	'',	'',	'',	'',	'2019-04-18 05:00:44',	0,	6,	0,	'2019-04-18 05:00:44',	'1A118CC214',	NULL,	NULL),
(199,	'1553500214',	59,	0,	'Hicom',	'Kevin',	'235698774',	'lvhuy1102@gmail.com',	'Banjul',	'999',	'',	'',	'',	'',	'',	'',	'',	'2019-04-18 05:02:18',	0,	6,	0,	'2019-04-18 05:02:18',	'EE4CC8A214',	NULL,	NULL),
(200,	'1553500214',	59,	0,	'Hicom',	'Kevin',	'235698774',	'lvhuy1102@gmail.com',	'Banjul',	'999',	'',	'',	'',	'',	'',	'',	'',	'2019-04-18 05:02:42',	0,	6,	0,	'2019-04-18 05:02:42',	'E359E02214',	NULL,	NULL),
(201,	'1553500214',	59,	0,	'Hicom',	'Kevin',	'235698774',	'lvhuy1102@gmail.com',	'Banjul',	'999',	'',	'',	'',	'',	'',	'',	'',	'2019-04-18 05:02:45',	0,	6,	0,	'2019-04-18 05:02:45',	'52A8C09214',	NULL,	NULL),
(202,	'1553500214',	59,	0,	'Hicom',	'Kevin',	'235698774',	'lvhuy1102@gmail.com',	'Banjul',	'999',	'Kevin',	'999',	'lvhuy1102@gmail.com',	'Hicom',	'ghh',	'fgg',	'',	'2019-04-18 05:02:47',	0,	1,	0,	'2019-04-18 05:02:47',	'B4DBB07214',	NULL,	NULL),
(203,	'1553500214',	59,	0,	'Hicom',	'Kevin',	'235698774',	'lvhuy1102@gmail.com',	'Banjul',	'999',	'',	'',	'',	'',	'',	'',	'',	'2019-04-18 05:03:14',	0,	6,	0,	'2019-04-18 05:03:14',	'1852D62214',	NULL,	NULL),
(204,	'1553500214',	59,	0,	'Hicom',	'Kevin',	'235698774',	'lvhuy1102@gmail.com',	'Banjul',	'999',	'Kevin',	'235698774',	'lvhuy1102@gmail.com',	'Hicom',	'Banjul',	'999',	'',	'2019-04-18 05:06:11',	0,	6,	0,	'2019-04-18 05:06:11',	'CE28ECA214',	NULL,	NULL),
(205,	'1553500214',	59,	0,	'Hicom',	'Kevin',	'235698774',	'lvhuy1102@gmail.com',	'Banjul',	'999',	'',	'',	'',	'',	'',	'',	'',	'2019-04-18 05:52:26',	0,	6,	0,	'2019-04-18 05:52:26',	'CDC987F214',	NULL,	NULL),
(206,	'1553500214',	59,	0,	'Hicom',	'Kevin',	'235698774',	'lvhuy1102@gmail.com',	'Banjul',	'999',	'',	'',	'',	'',	'',	'',	'',	'2019-04-18 05:57:43',	0,	6,	0,	'2019-04-18 05:57:43',	'997BFBE214',	NULL,	NULL),
(207,	'1553500214',	59,	0,	'Hicom',	'Kevin',	'235698774',	'lvhuy1102@gmail.com',	'Banjul',	'999',	'',	'',	'',	'',	'',	'',	'',	'2019-04-18 05:58:39',	0,	6,	0,	'2019-04-18 05:58:39',	'BBC4B92214',	NULL,	NULL),
(208,	'1553500214',	59,	0,	'Hicom',	'Kevin',	'235698774',	'lvhuy1102@gmail.com',	'Banjul',	'999',	'Kevin',	'66',	'lvhuy1102@gmail.com',	'Hicom',	'kk',	'bh',	'',	'2019-04-18 05:59:15',	0,	1,	0,	'2019-04-18 05:59:15',	'411B463214',	NULL,	NULL),
(209,	'1553500214',	59,	0,	'Hicom',	'Kevin',	'235698774',	'lvhuy1102@gmail.com',	'Banjul',	'999',	'',	'',	'',	'',	'',	'',	'',	'2019-04-18 05:59:37',	0,	6,	0,	'2019-04-18 05:59:37',	'CEC3665214',	NULL,	NULL),
(210,	'1553500214',	59,	0,	'Hicom',	'Kevin',	'235698774',	'lvhuy1102@gmail.com',	'Banjul',	'999',	'',	'',	'',	'',	'',	'',	'',	'2019-04-18 05:59:42',	0,	6,	0,	'2019-04-18 05:59:42',	'9C664DE214',	NULL,	NULL),
(211,	'1553500214',	59,	0,	'Hicom',	'Kevin',	'235698774',	'lvhuy1102@gmail.com',	'Banjul',	'999',	'',	'',	'',	'',	'',	'',	'',	'2019-04-18 06:02:01',	0,	6,	0,	'2019-04-18 06:02:01',	'08DC46C214',	NULL,	NULL),
(212,	'1553500214',	59,	0,	'Hicom',	'Kevin',	'235698774',	'lvhuy1102@gmail.com',	'Banjul',	'999',	'',	'',	'',	'',	'',	'',	'',	'2019-04-18 06:02:26',	0,	6,	0,	'2019-04-18 06:02:26',	'7F4AA2D214',	NULL,	NULL),
(213,	'1553500214',	55,	0,	'Hicom',	'Kevin',	'235698774',	'lvhuy1102@gmail.com',	'Banjul',	'999',	'',	'',	'',	'',	'',	'',	'',	'2019-04-18 06:09:50',	0,	6,	0,	'2019-04-18 06:09:50',	'206D327214',	NULL,	NULL),
(214,	'1553500214',	59,	0,	'Hicom',	'Kevin',	'235698774',	'lvhuy1102@gmail.com',	'Banjul',	'999',	'Kevin',	'235698774',	'lvhuy1102@gmail.com',	'Hicom',	'Banjul',	'999',	'',	'2019-04-18 12:00:37',	0,	6,	0,	'2019-04-18 12:00:37',	'3B057F2214',	NULL,	NULL),
(215,	'1553500257',	59,	0,	'Hicom',	'Aloha',	'369258147',	'trung.nv2488@gmail.com',	'Hicom',	'2356',	'',	'',	'',	'',	'',	'',	'',	'2019-04-18 12:14:35',	0,	6,	0,	'2019-04-18 12:14:35',	'9D01956257',	NULL,	NULL),
(216,	'1553500257',	55,	0,	'Hicom',	'Aloha',	'369258147',	'trung.nv2488@gmail.com',	'Hicom',	'2356',	'Aloha',	'369258147',	'trung.nv2488@gmail.com',	'Hicom',	'Hicom',	'2356',	'',	'2019-04-18 12:16:22',	0,	1,	0,	'2019-04-18 12:16:22',	'7BB52C0257',	NULL,	NULL),
(217,	'1553500214',	59,	0,	'Hicom',	'Kevin',	'235698774',	'lvhuy1102@gmail.com',	'Banjul',	'999',	'',	'',	'',	'',	'',	'',	'',	'2019-04-18 12:20:51',	0,	6,	0,	'2019-04-18 12:20:51',	'2533A5A214',	NULL,	NULL),
(218,	'1555364252',	64,	0,	'22 Rathlyon Park ',	'Salim Mohamed',	'123456',	'mohammed.dt1983@gmail.com',	'Dublin',	'123',	'',	'',	'',	'',	'',	'',	'',	'2019-04-18 12:38:38',	5,	6,	0,	'2019-04-18 12:38:38',	'FE15801252',	NULL,	NULL),
(219,	'1554821678',	64,	0,	'22 Rathlyon Park',	'Gamal',	'123456',	'dt_mohamed@yahoo2.comm',	'Dublin',	'123',	'',	'',	'',	'',	'',	'',	'',	'2019-04-18 15:38:18',	5,	6,	0,	'2019-04-18 15:38:18',	'B6C79BD678',	NULL,	NULL),
(220,	'1555364252',	64,	0,	'22 Rathlyon Park ',	'Salim Mohamed',	'123456',	'mohammed.dt1983@gmail.com',	'Dublin',	'123',	'',	'',	'',	'',	'',	'',	'',	'2019-04-18 21:05:04',	5,	6,	0,	'2019-04-18 21:05:04',	'A660FB8252',	NULL,	NULL),
(221,	'1553596624',	64,	0,	'22Rathlyon park',	'Mohamed ',	'123456',	'dt_mohamed@yahoo.com',	'Banjul',	'123',	'',	'',	'',	'',	'',	'',	'',	'2019-04-19 12:02:56',	5,	6,	0,	'2019-04-19 12:02:56',	'C6EA5B2624',	NULL,	NULL),
(222,	'1554540701',	64,	0,	'Ff',	'Test',	'123456',	'test@test.com',	'Banjul',	'218',	'',	'',	'',	'',	'Banjul',	'',	'',	'2019-04-19 ',	2,	6,	0,	'2019-04-19 13:07:01',	'64C7D3C701',	NULL,	NULL),
(223,	'1554821678',	64,	0,	'22 Rathlyon Park',	'Gamal',	'123456',	'dt_mohamed@yahoo2.comm',	'Dublin',	'123',	'',	'',	'',	'',	'',	'',	'',	'2019-04-26 15:33:44',	5,	6,	0,	'2019-04-26 15:33:44',	'956ED64678',	NULL,	NULL),
(224,	'1555364252',	64,	0,	'22 Rathlyon Park ',	'Salim Mohamed',	'123456',	'mohammed.dt1983@gmail.com',	'Dublin',	'123',	'',	'',	'',	'',	'',	'',	'',	'2019-04-26 15:40:02',	5,	6,	0,	'2019-04-26 15:40:02',	'1761877252',	NULL,	NULL),
(225,	'1554540701',	64,	0,	'Ff',	'Test',	'123456',	'test@test.com',	'Banjul',	'218',	'',	'',	'',	'',	'Banjul',	'',	'',	'2019-04-27 ',	2,	6,	0,	'2019-04-27 14:07:24',	'6984E17701',	NULL,	NULL),
(226,	'1554821678',	64,	0,	'22 Rathlyon Park',	'Gamal',	'123456',	'dt_mohamed@yahoo2.comm',	'Dublin',	'123',	'',	'',	'',	'',	'',	'',	'',	'2019-04-27 22:36:03',	5,	6,	0,	'2019-04-27 22:36:03',	'25288F3678',	NULL,	NULL),
(227,	'1555364252',	59,	0,	'22 Rathlyon Park ',	'Ali Ahmed',	'123456',	'mohammed.dt1983@gmail.com',	'Banjul',	'123',	'',	'',	'',	'',	'',	'',	'',	'2019-05-12 01:47:21',	0,	6,	0,	'2019-05-12 01:47:21',	'8CCF3DB252',	NULL,	NULL),
(228,	'1555364252',	64,	0,	'22 Rathlyon Park ',	'Ali Ahmed',	'123456',	'mohammed.dt1983@gmail.com',	'Banjul',	'123',	'',	'',	'',	'',	'',	'',	'',	'2019-05-12 01:48:35',	5,	6,	0,	'2019-05-12 01:48:35',	'82F48FF252',	NULL,	NULL),
(229,	'1553596624',	62,	0,	'22rathloyn',	'منير',	'123456',	'am1@aamm.am',	'Banjul',	'123',	'منير',	'123456',	'am1@aamm.am',	'22rathloyn',	'Banjul',	'123',	'',	'2019-05-16 ',	2,	1,	0,	'2019-05-16 05:09:39',	'999AD2D164',	NULL,	NULL),
(230,	'1553596624',	64,	0,	'22Rathlyon park',	'Mohamed ',	'123456',	'dt_mohamed@yahoo.com',	'Banjul',	'123',	'',	'',	'',	'',	'',	'',	'',	'2019-05-18 16:23:25',	5,	6,	0,	'2019-05-18 16:23:25',	'4776A6A624',	NULL,	NULL),
(231,	'1553596624',	64,	0,	'22Rathlyon park',	'Mohamed ',	'123456',	'dt_mohamed@yahoo.com',	'Banjul',	'123',	'',	'',	'',	'',	'',	'',	'',	'2019-05-18 19:52:04',	5,	6,	0,	'2019-05-18 19:52:04',	'17BBE5F624',	NULL,	NULL),
(232,	'1555364252',	64,	0,	'شارع الرشيد ',	'Ali Ahmed',	'123456',	'mohamed@gmil.con',	'Banjul',	'123',	'',	'',	'',	'',	'',	'',	'',	'2019-05-19 14:54:54',	5,	6,	0,	'2019-05-19 14:54:54',	'5EB8127252',	NULL,	NULL),
(233,	'1555364252',	64,	0,	'شارع الرشيد ',	'Ali Ahmed',	'123456',	'mohamed@gmil.con',	'Banjul',	'123',	'',	'',	'',	'',	'',	'',	'',	'2019-05-19 15:00:28',	5,	6,	0,	'2019-05-19 15:00:28',	'C13004D252',	NULL,	NULL),
(234,	'1555364252',	64,	0,	'شارع الرشيد ',	'Ali Ahmed',	'123456',	'mohamed@gmil.con',	'Banjul',	'123',	'',	'',	'',	'',	'',	'',	'',	'2019-05-19 15:10:57',	5,	6,	0,	'2019-05-19 15:10:57',	'56D9507252',	NULL,	NULL),
(235,	'1555364252',	64,	0,	'شارع الرشيد ',	'Ali Ahmed',	'123456',	'mohamed@gmil.con',	'Banjul',	'123',	'',	'',	'',	'',	'',	'',	'',	'2019-05-19 15:31:15',	5,	6,	0,	'2019-05-19 15:31:15',	'DD23703252',	NULL,	NULL),
(236,	'1555364252',	64,	0,	'شارع الرشيد ',	'Ali Ahmed',	'123456',	'mohamed@gmil.con',	'Banjul',	'123',	'',	'',	'',	'',	'',	'',	'',	'2019-05-19 15:45:19',	2,	6,	0,	'2019-05-19 15:45:19',	'F776D6F252',	NULL,	NULL),
(237,	'1555364252',	64,	0,	'شارع الرشيد ',	'Ali Ahmed',	'123456',	'mohamed@gmil.con',	'Banjul',	'123',	'',	'',	'',	'',	'',	'',	'',	'2019-05-19 15:46:04',	2,	6,	0,	'2019-05-19 15:46:04',	'0727AC0252',	NULL,	NULL),
(238,	'1553500257',	55,	0,	'Hicom',	'Aloha',	'369258147',	'trung.nv2488@gmail.com',	'Hicom',	'2356',	'Aloha',	'369258147',	'trung.nv2488@gmail.com',	'Hicom',	'Hicom',	'2356',	'',	'2019-05-27 17:55:36',	0,	1,	0,	'2019-05-27 17:55:36',	'CB57820257',	NULL,	NULL),
(239,	'1553500257',	55,	0,	'Hicom',	'Aloha',	'369258147',	'trung.nv2488@gmail.com',	'Hicom',	'2356',	'',	'',	'',	'',	'',	'',	'',	'2019-05-27 17:56:06',	0,	6,	0,	'2019-05-27 17:56:06',	'6F52BD7257',	NULL,	NULL),
(240,	'1553500257',	61,	0,	'Hicom',	'Aloha',	'369258147',	'trung.nv2488@gmail.com',	'Hicom',	'2356',	'Aloha',	'369258147',	'trung.nv2488@gmail.com',	'Hicom',	'Hicom',	'2356',	'',	'2019-05-27 17:56:44',	0,	1,	0,	'2019-05-27 17:56:44',	'443DE78257',	NULL,	NULL),
(241,	'1553500257',	69,	0,	'Hicom',	'Aloha',	'369258147',	'trung.nv2488@gmail.com',	'Hicom',	'2356',	'Aloha',	'369258147',	'trung.nv2488@gmail.com',	'Hicom',	'Hicom',	'2356',	'',	'2019-08-12 04:28:37',	0,	1,	0,	'2019-08-12 04:28:37',	'69EB23E257',	NULL,	NULL),
(242,	'1553500257',	69,	0,	'Hicom',	'Aloha',	'369258147',	'trung.nv2488@gmail.com',	'Hicom',	'2356',	'Aloha',	'369258147',	'trung.nv2488@gmail.com',	'Hicom',	'Hicom',	'2356',	'',	'2019-08-12 04:37:05',	2,	1,	0,	'2019-08-12 04:37:05',	'599B046257',	NULL,	NULL),
(243,	'1553500214',	69,	0,	'Hicom',	'صثق',	'235698774',	'lvhuy1102@gmail.com',	'Banjul',	'999',	'صثق',	'235698774',	'lvhuy1102@gmail.com',	'Hicom',	'Banjul',	'999',	'',	'2019-08-12 11:32:30',	2,	1,	0,	'2019-08-12 11:32:30',	'3834C4E214',	NULL,	NULL),
(244,	'1553500214',	71,	0,	'Hicom',	'صثق',	'235698774',	'lvhuy1102@gmail.com',	'Banjul',	'999',	'صثق',	'235698774',	'lvhuy1102@gmail.com',	'Hicom',	'Banjul',	'999',	'',	'2019-08-12 12:08:42',	0,	1,	0,	'2019-08-12 12:08:42',	'9E99703214',	NULL,	NULL),
(245,	'1565688072',	64,	0,	'22rathloyn',	'Mohamed',	'874413795',	'dt_mohamed@yahoo.com5',	'Banjul',	'D24Y2HY',	'Mohamed',	'123',	'dt_mohamed@yahoo.com5',	'22rathloyn',	'ddd',	'123',	'',	'2019-08-13 11:53:44',	2,	1,	0,	'2019-08-13 11:53:44',	'0DB18B2072',	NULL,	NULL),
(246,	'1553596624',	63,	0,	'22Rathlyon park',	'Mohamed ',	'123456',	'dt_mohamed@yahoo.com',	'Banjul',	'123',	'Mohamed ',	'123456',	'dt_mohamed@yahoo.com',	'22Rathlyon park',	'Banjul',	'123',	'',	'2019-09-22 23:23:38',	2,	1,	0,	'2019-09-22 23:23:38',	'91DFAFF624',	NULL,	NULL),
(247,	'1538987728',	81,	0,	'gGba',	'mon',	'09754449797',	'mon@gmail.com',	'vVV',	'gGzg',	'mon',	'09754449797',	'mon@gmail.com',	'gGba',	'vVV',	'gGzg',	'',	'2019-10-02 11:04:47',	4,	1,	0,	'2019-10-02 11:04:47',	'DCD449A728',	NULL,	NULL),
(248,	'1553500257',	78,	0,	'Hicom',	'Aloha',	'369258147',	'trung.nv2488@gmail.com',	'Banjul',	'2356',	'Aloha',	'369258147',	'trung.nv2488@gmail.com',	'Hicom',	'Banjul',	'2356',	'Hello',	'2019-10-03 12:39:15',	0,	1,	0,	'2019-10-03 12:39:15',	'37ED6D8257',	NULL,	NULL),
(249,	'1553596624',	78,	0,	'22Rathlyon park',	'Mohamed ',	'123456',	'dt_mohamed@yahoo.com',	'Banjul',	'123',	'',	'',	'',	'',	'',	'',	'',	'2019-10-03 13:33:48',	0,	6,	0,	'2019-10-03 13:33:48',	'4528C38624',	NULL,	NULL),
(250,	'1570109651',	63,	0,	'33Apt February ',	'Gege Ahmed ',	'123456',	'gege@geegee.geege',	'Bangaze',	'123',	'',	'',	'',	'',	'',	'',	'',	'2019-10-03 16:57:13',	8,	6,	0,	'2019-10-03 16:57:13',	'80ED2AE651',	NULL,	NULL),
(251,	'1570109651',	63,	0,	'33Apt February ',	'Gege Ahmed ',	'123456',	'gege@geegee.geege',	'Bangaze',	'123',	'',	'',	'',	'',	'',	'',	'',	'2019-10-03 16:59:29',	2,	6,	0,	'2019-10-03 16:59:29',	'CCC64C2651',	NULL,	NULL),
(252,	'1570109651',	63,	0,	'33Apt February ',	'Gege Ahmed ',	'123456',	'gege@geegee.geege',	'Bangaze',	'123',	'',	'',	'',	'',	'',	'',	'كفر جديد',	'2019-10-06 13:13:23',	2,	6,	0,	'2019-10-06 13:13:23',	'26D05D6651',	NULL,	NULL),
(253,	'1553596624',	78,	0,	'22Rathlyon park',	'Mohamed ',	'123456',	'dt_mohamed@yahoo.com',	'Banjul',	'123',	'',	'',	'',	'',	'',	'',	'',	'2019-10-08 01:06:03',	0,	6,	0,	'2019-10-08 01:06:03',	'C11A8A7624',	NULL,	NULL),
(254,	'1553500257',	63,	0,	'Hicom',	'Aloha',	'369258147',	'trung.nv2488@gmail.com',	'Banjul',	'2356',	'Aloha',	'369258147',	'trung.nv2488@gmail.com',	'Hicom',	'Banjul',	'2356',	'Hello',	'2019-10-09 10:11:00',	7,	1,	0,	'2019-10-09 10:11:00',	'315521D257',	NULL,	NULL),
(255,	'1553596624',	63,	0,	'22Rathlyon park',	'Mohamed ',	'123456',	'dt_mohamed@yahoo.com',	'Banjul',	'123',	'',	'',	'',	'',	'',	'',	'',	'2019-10-09 23:19:58',	8,	6,	0,	'2019-10-09 23:19:58',	'9744880624',	NULL,	NULL),
(256,	'1568083060',	88,	0,	'tokyo',	'kaikai',	'1112223334',	'kai@gmail.com',	'ho',	'1111',	'jdjek',	'655659',	'jdkd',	'heieje',	'jdjdje',	'ue8e',	'',	'2019-10-10 07:07:20',	4,	1,	0,	'2019-10-10 07:07:20',	'D2079DA060',	NULL,	NULL),
(257,	'1557252562',	63,	0,	'22rathloyn',	'Dive',	'123456',	'am4@aamm.am',	'Banjul',	'123',	'',	'',	'',	'',	'',	'',	'',	'2019-10-10 14:09:36',	5,	6,	0,	'2019-10-10 14:09:36',	'ACE22B0562',	NULL,	NULL),
(258,	'1553596624',	87,	0,	'22Rathlyon park',	'Mohamed ',	'123456',	'dt_mohamed@yahoo.com',	'Banjul',	'123',	'',	'',	'',	'',	'Banjul',	'',	'',	'2019-10-12 ',	7,	6,	0,	'2019-10-12 14:42:42',	'F4B19CD624',	NULL,	NULL),
(259,	'1538987728',	81,	0,	'gGba',	'mon',	'09754449797',	'mon@gmail.com',	'vVV',	'gGzg',	'mon',	'09754449797',	'mon@gmail.com',	'gGba',	'vVV',	'gGzg',	'Hello',	'2019-10-14 12:31:52',	4,	1,	0,	'2019-10-14 12:31:52',	'B9A06AA728',	NULL,	NULL),
(260,	'1538987728',	81,	0,	'gGba',	'mon',	'09754449797',	'mon@gmail.com',	'vVV',	'gGzg',	'mon',	'09754449797',	'mon@gmail.com',	'gGba',	'vVV',	'gGzg',	'Helooooo',	'2019-10-14 12:41:07',	1,	1,	0,	'2019-10-14 12:41:07',	'E5C13C7728',	NULL,	NULL),
(261,	'1568083060',	88,	0,	'tokyo',	'kaikai',	'1112223334',	'kai@gmail.com',	'ho',	'1111',	'kaikai',	'1112223334',	'kai@gmail.com',	'tokyo',	'ho',	'1111',	'',	'2019-10-14 16:04:23',	3,	1,	0,	'2019-10-14 16:04:23',	'7C29AC5060',	NULL,	NULL),
(262,	'1570610807',	81,	0,	'Hicom',	'Hicom Bruce',	'0987654321',	'hicom.bruce@gmail.com',	'Hicom',	'123456789',	'Hicom Bruce',	'0987654321',	'hicom.bruce@gmail.com',	'Hicom',	'Hicom',	'123456789',	'',	'2019-10-15 03:49:02',	3,	1,	0,	'2019-10-15 03:49:02',	'F90AE14807',	NULL,	NULL),
(263,	'1570610807',	81,	0,	'Hicom',	'Hicom Bruce',	'0987654321',	'hicom.bruce@gmail.com',	'Hicom',	'123456789',	'Hicom Bruce',	'0987654321',	'hicom.bruce@gmail.com',	'Hicom',	'Hicom',	'123456789',	'',	'2019-10-15 05:25:16',	7,	1,	0,	'2019-10-15 05:25:16',	'460B070807',	NULL,	NULL),
(264,	'1553500257',	63,	0,	'Hicom',	'Aloha',	'369258147',	'trung.nv2488@gmail.com',	'Banjul',	'2356',	'Aloha',	'369258147',	'trung.nv2488@gmail.com',	'Hicom',	'Banjul',	'2356',	'',	'2019-10-15 06:30:43',	4,	1,	0,	'2019-10-15 06:30:43',	'968A9BF257',	NULL,	NULL),
(265,	'1568083060',	81,	0,	'tokyo',	'kaikai',	'1112223334',	'kai@gmail.com',	'ho',	'1111',	'kaikai',	'986869696',	'kai@gmail.com',	'tokyo',	'jcjcuvib',	'7g7g9h',	'',	'2019-10-15 09:21:28',	3,	1,	0,	'2019-10-15 09:21:28',	'F08555E060',	NULL,	NULL),
(266,	'1568083060',	81,	0,	'tokyo',	'kaikai',	'1112223334',	'kai@gmail.com',	'ho',	'1111',	'kaikai',	'986869696',	'kai@gmail.com',	'tokyo',	'jcjcuvib',	'7g7g9h',	'',	'2019-10-15 09:24:01',	4,	1,	0,	'2019-10-15 09:24:01',	'02FB612060',	NULL,	NULL),
(267,	'1570610807',	81,	0,	'Hicom',	'Hicom Bruce',	'0987654321',	'hicom.bruce@gmail.com',	'Hicom',	'123456789',	'Hicom Bruce',	'0987654321',	'hicom.bruce@gmail.com',	'Hicom',	'Hicom',	'123456789',	'',	'2019-10-15 09:57:31',	4,	1,	0,	'2019-10-15 09:57:31',	'2B8E514807',	NULL,	NULL),
(268,	'1570610807',	81,	0,	'Hicom',	'Hicom Bruce',	'0987654321',	'hicom.bruce@gmail.com',	'Hicom',	'123456789',	'Hicom Bruce',	'0987654321',	'hicom.bruce@gmail.com',	'Hicom',	'Hicom',	'123456789',	'',	'2019-10-15 10:00:00',	7,	1,	0,	'2019-10-15 10:00:00',	'E46922E807',	NULL,	NULL),
(269,	'1568083060',	81,	0,	'tokyo',	'kaikai',	'1112223334',	'kai@gmail.com',	'ho',	'1111',	'kaikai',	'656565',	'kai@gmail.com',	'tokyo',	'hrjzj',	'xkcof',	'',	'2019-10-15 10:25:14',	0,	1,	0,	'2019-10-15 10:25:14',	'C7A573A060',	NULL,	NULL),
(270,	'1568083060',	81,	0,	'tokyo',	'kaikai',	'1112223334',	'kai@gmail.com',	'ho',	'1111',	'kaikai',	'656565',	'kai@gmail.com',	'tokyo',	'hrjzj',	'xkcof',	'',	'2019-10-15 10:26:53',	0,	1,	0,	'2019-10-15 10:26:53',	'66A413A060',	NULL,	NULL),
(271,	'1568083060',	81,	0,	'tokyo',	'kaikai',	'1112223334',	'kai@gmail.com',	'ho',	'1111',	'kaikai',	'656565',	'kai@gmail.com',	'tokyo',	'hrjzj',	'xkcof',	'',	'2019-10-15 10:27:29',	0,	1,	0,	'2019-10-15 10:27:29',	'3E66615060',	NULL,	NULL),
(272,	'1568083060',	81,	0,	'tokyo',	'kaikai',	'1112223334',	'kai@gmail.com',	'ho',	'1111',	'kaikai',	'656565',	'kai@gmail.com',	'tokyo',	'hrjzj',	'xkcof',	'',	'2019-10-15 10:28:05',	0,	1,	0,	'2019-10-15 10:28:05',	'93DC468060',	NULL,	NULL),
(273,	'1568083060',	81,	0,	'tokyo',	'kaikai',	'1112223334',	'kai@gmail.com',	'ho',	'1111',	'kaikai',	'356535',	'kai@gmail.com',	'tokyo',	'cktcc',	'ixr',	'',	'2019-10-15 10:33:51',	0,	1,	0,	'2019-10-15 10:33:51',	'D337264060',	NULL,	NULL),
(274,	'1568083060',	81,	0,	'tokyo',	'kaikai',	'1112223334',	'kai@gmail.com',	'ho',	'1111',	'kaikai',	'356535',	'kai@gmail.com',	'tokyo',	'cktcc',	'ixr',	'',	'2019-10-15 10:34:15',	0,	1,	0,	'2019-10-15 10:34:15',	'73C43F0060',	NULL,	NULL),
(275,	'1568083060',	81,	0,	'tokyo',	'kaikai',	'1112223334',	'kai@gmail.com',	'ho',	'1111',	'kaikai',	'899595',	'kai@gmail.com',	'tokyo',	'hfjdj',	'8383',	'',	'2019-10-15 11:05:09',	0,	1,	0,	'2019-10-15 11:05:09',	'A48A7B1060',	NULL,	NULL),
(276,	'1568083060',	81,	0,	'tokyo',	'kaikai',	'1112223334',	'kai@gmail.com',	'ho',	'1111',	'kaikai',	'1112223334',	'kai@gmail.com',	'tokyo',	'ho',	'1111',	'',	'2019-10-15 11:26:00',	0,	1,	0,	'2019-10-15 11:26:00',	'856A3AA060',	NULL,	NULL),
(277,	'1568083060',	81,	0,	'tokyo',	'kaikai',	'1112223334',	'kai@gmail.com',	'ho',	'1111',	'kaikai',	'1112223334',	'kai@gmail.com',	'tokyo',	'ho',	'1111',	'',	'2019-10-15 11:32:29',	7,	1,	0,	'2019-10-15 11:32:29',	'D5E57B0060',	NULL,	NULL),
(278,	'1568083060',	81,	0,	'tokyo',	'kaikai',	'1112223334',	'kai@gmail.com',	'ho',	'1111',	'kaikai',	'1112223334',	'kai@gmail.com',	'tokyo',	'ho',	'1111',	'',	'2019-10-15 11:33:19',	0,	1,	0,	'2019-10-15 11:33:19',	'0B02332060',	NULL,	NULL),
(279,	'1568083060',	81,	0,	'tokyo',	'kaikai',	'1112223334',	'kai@gmail.com',	'ho',	'1111',	'kaikai',	'1112223334',	'kai@gmail.com',	'tokyo',	'ho',	'1111',	'',	'2019-10-15 11:33:48',	0,	1,	0,	'2019-10-15 11:33:48',	'21E3B9D060',	NULL,	NULL),
(280,	'1568083060',	81,	0,	'tokyo',	'kaikai',	'1112223334',	'kai@gmail.com',	'ho',	'1111',	'kaikai',	'1112223334',	'kai@gmail.com',	'tokyo',	'ho',	'1111',	'',	'2019-10-15 11:34:14',	0,	1,	0,	'2019-10-15 11:34:14',	'EEE5639060',	NULL,	NULL),
(281,	'1568083060',	81,	0,	'tokyo',	'kaikai',	'1112223334',	'kai@gmail.com',	'ho',	'1111',	'kaikai',	'1112223334',	'kai@gmail.com',	'tokyo',	'ho',	'1111',	'',	'2019-10-15 11:35:15',	0,	1,	0,	'2019-10-15 11:35:15',	'352C09B060',	NULL,	NULL),
(282,	'1568083060',	81,	0,	'tokyo',	'kaikai',	'1112223334',	'kai@gmail.com',	'ho',	'1111',	'kaikai',	'1112223334',	'kai@gmail.com',	'tokyo',	'ho',	'1111',	'',	'2019-10-15 11:48:26',	8,	1,	0,	'2019-10-15 11:48:26',	'43BB780060',	NULL,	NULL),
(283,	'1553596624',	87,	0,	'22Rathlyon park',	'Mohamed ',	'123456',	'dt_mohamed@yahoo.com',	'Banjul',	'123',	'',	'',	'',	'',	'',	'',	'',	'2019-10-15 15:02:16',	2,	6,	0,	'2019-10-15 15:02:16',	'C013A9B624',	NULL,	NULL),
(284,	'1553596624',	87,	0,	'22Rathlyon park',	'Mohamed ',	'123456',	'dt_mohamed@yahoo.com',	'Banjul',	'123',	'',	'',	'',	'',	'',	'',	'',	'2019-10-15 22:21:37',	7,	6,	0,	'2019-10-15 22:21:37',	'0C4F7C4624',	NULL,	NULL),
(285,	'1553596624',	87,	0,	'22Rathlyon park',	'Mohamed ',	'123456',	'dt_mohamed@yahoo.com',	'Banjul',	'123',	'',	'',	'',	'',	'',	'',	'',	'2019-10-15 22:23:19',	7,	6,	0,	'2019-10-15 22:23:19',	'41EA4CA624',	NULL,	NULL),
(286,	'1570109651',	63,	0,	'33Apt February ',	'Gege Ahmed ',	'123456',	'gege@geegee.geege',	'Bangaze',	'123',	'',	'',	'',	'',	'',	'',	'',	'2019-10-15 22:25:41',	4,	6,	0,	'2019-10-15 22:25:41',	'9FCF145651',	NULL,	NULL),
(287,	'1570109651',	63,	0,	'33Apt February ',	'Gege Ahmed ',	'123456',	'gege@geegee.geege',	'Bangaze',	'123',	'',	'',	'',	'',	'',	'',	'',	'2019-10-15 22:26:58',	2,	6,	0,	'2019-10-15 22:26:58',	'F6B3ED3651',	NULL,	NULL),
(288,	'1565688072',	63,	0,	'22 Rathlyon Park ,Ballycullen, Dublin 24',	'Mohamed Salim',	'+353874413795',	'mohamedalbasir83@gmail.com',	'Banjul',	'D24Y2HY',	'',	'',	'',	'',	'',	'',	'',	'2019-10-16 08:48:22',	4,	6,	0,	'2019-10-16 08:48:22',	'AA4D8F2072',	NULL,	NULL),
(289,	'1565688072',	63,	0,	'22 Rathlyon Park ,Ballycullen, Dublin 24',	'Mohamed Salim',	'+353874413795',	'mohamedalbasir83@gmail.com',	'Banjul',	'D24Y2HY',	'Mohamed Salim',	'123',	'mohamedalbasir83@gmail.com',	'22 Rathlyon Park ,Ballycullen, Dublin 24',	'Dublin',	'123',	'',	'2019-10-16 10:57:21',	4,	1,	0,	'2019-10-16 10:57:21',	'054D53E072',	NULL,	NULL),
(290,	'1557254765',	87,	0,	'22rathloyn',	'rame ahmed',	'123456',	'am5@aamm.am',	'Banjul',	'123',	'rame ahmed',	'123456',	'am5@aamm.am',	'22rathloyn',	'Banjul',	'123',	'',	'2019-10-16 14:13:52',	7,	1,	0,	'2019-10-16 14:13:52',	'16A838E765',	NULL,	NULL),
(291,	'1557252252',	63,	0,	'22rathloyn',	'ربيع احمد',	'123456',	'am2@aamm.am',	'Banjul',	'123',	'ربيع احمد',	'123456',	'am2@aamm.am',	'22rathloyn',	'Banjul',	'123',	'',	'2019-10-16 15:53:43',	5,	1,	0,	'2019-10-16 15:53:43',	'ED917F7252',	NULL,	NULL),
(292,	'1557252252',	63,	0,	'22rathloyn',	'ربيع احمد',	'123456',	'am2@aamm.am',	'Banjul',	'123',	'ربيع احمد',	'123456',	'am2@aamm.am',	'22rathloyn',	'Banjul',	'123',	'',	'2019-10-16 15:54:39',	6,	1,	0,	'2019-10-16 15:54:39',	'32FD310252',	NULL,	NULL),
(293,	'1557252252',	63,	0,	'22rathloyn',	'ربيع احمد',	'123456',	'am2@aamm.am',	'Banjul',	'123',	'ربيع احمد',	'123456',	'am2@aamm.am',	'22rathloyn',	'Banjul',	'123',	'',	'2019-10-16 15:55:21',	4,	1,	0,	'2019-10-16 15:55:21',	'62117E4252',	NULL,	NULL),
(294,	'1557252252',	63,	0,	'22rathloyn',	'ربيع احمد',	'123456',	'am2@aamm.am',	'Banjul',	'123',	'ربيع احمد',	'123456',	'am2@aamm.am',	'22rathloyn',	'Banjul',	'123',	'',	'2019-10-16 15:55:43',	9,	1,	0,	'2019-10-16 15:55:43',	'CA41241252',	NULL,	NULL),
(295,	'1557252252',	63,	0,	'22rathloyn',	'ربيع احمد',	'123456',	'am2@aamm.am',	'Banjul',	'123',	'ربيع احمد',	'123456',	'am2@aamm.am',	'22rathloyn',	'Banjul',	'123',	'',	'2019-10-16 15:56:11',	8,	1,	0,	'2019-10-16 15:56:11',	'BE9C86E252',	NULL,	NULL),
(296,	'1553596624',	62,	0,	'22Rathlyon park',	'Mohamed ',	'123456',	'dt_mohamed@yahoo.com',	'Banjul',	'123',	'',	'',	'',	'',	'',	'',	'',	'2019-10-17 03:55:00',	2,	6,	0,	'2019-10-17 03:55:00',	'D1FD81B624',	NULL,	NULL),
(297,	'1553596624',	63,	0,	'22Rathlyon park',	'Mohamed ',	'123456',	'dt_mohamed@yahoo.com',	'Banjul',	'123',	'',	'',	'',	'',	'',	'',	'',	'2019-10-17 03:57:51',	4,	6,	0,	'2019-10-17 03:57:51',	'CD5AB5C624',	NULL,	NULL),
(298,	'1570109651',	63,	0,	'33Apt February ',	'Gege Ahmed ',	'123456',	'gege@geegee.geege',	'Bangaze',	'123',	'',	'',	'',	'',	'',	'',	'',	'2019-10-17 03:59:12',	2,	6,	0,	'2019-10-17 03:59:12',	'8731A95651',	NULL,	NULL),
(299,	'1570610807',	81,	0,	'Hicom',	'Hicom Bruce',	'0987654321',	'hicom.bruce@gmail.com',	'Hicom',	'123456789',	'Hicom Bruce',	'0987654321',	'hicom.bruce@gmail.com',	'Hicom',	'Hicom',	'123456789',	'',	'2019-10-17 06:07:57',	8,	1,	0,	'2019-10-17 06:07:57',	'375EB99807',	NULL,	NULL),
(300,	'1553596624',	87,	0,	'22Rathlyon park',	'Mohamed ',	'123456',	'dt_mohamed@yahoo.com',	'Banjul',	'123',	'Mohamed ',	'123456',	'dt_mohamed@yahoo.com',	'22Rathlyon park',	'Banjul',	'123',	'',	'2019-10-17 11:06:57',	5,	1,	0,	'2019-10-17 11:06:57',	'E1D2D72624',	NULL,	NULL),
(301,	'1553596624',	60,	0,	'22Rathlyon park',	'Mohamed ',	'123456',	'dt_mohamed@yahoo.com',	'Banjul',	'123',	'Mohamed ',	'123456',	'dt_mohamed@yahoo.com',	'22Rathlyon park',	'Banjul',	'123',	'',	'2019-10-17 11:09:33',	0,	1,	0,	'2019-10-17 11:09:33',	'5DCB739624',	NULL,	NULL),
(302,	'1570109651',	63,	0,	'33Apt February ',	'Gege Ahmed ',	'123456',	'gege@geegee.geege',	'Bangaze',	'123',	'Gege Ahmed ',	'123456',	'gege@geegee.geege',	'33Apt February ',	'Bangaze',	'123',	'',	'2019-10-17 14:40:25',	4,	1,	0,	'2019-10-17 14:40:25',	'D8D0A96651',	NULL,	NULL),
(303,	'1571027708',	81,	0,	'sfgh',	'qwterrwr',	'4555',	'sfggg@gmail.com',	'Banjul',	'556646',	'qwterrwr',	'646767',	'sfggg@gmail.com',	'sfgh',	'krsot',	'jd',	'',	'2019-10-18 05:12:49',	6,	1,	0,	'2019-10-18 05:12:49',	'D36D5B8708',	NULL,	NULL),
(304,	'1568083060',	81,	0,	'tokyo',	'kaikai',	'1112223334',	'kai@gmail.com',	'Banjul',	'1111',	'kaikai',	'1112223334',	'kai@gmail.com',	'tokyo',	'Banjul',	'1111',	'',	'2019-10-18 05:24:39',	0,	1,	0,	'2019-10-18 05:24:39',	'75E9925060',	NULL,	NULL),
(305,	'1568083060',	81,	0,	'tokyo',	'kaikai',	'1112223334',	'kai@gmail.com',	'Banjul',	'1111',	'kaikai',	'1112223334',	'kai@gmail.com',	'tokyo',	'Banjul',	'1111',	'',	'2019-10-18 05:28:41',	3,	1,	0,	'2019-10-18 05:28:41',	'9CAA492060',	NULL,	NULL),
(306,	'1557252316',	63,	0,	'22rathloyn',	'علي يوسف',	'123456',	'am3@aamm.am',	'Banjul',	'123',	'علي يوسف',	'123456',	'am3@aamm.am',	'22rathloyn',	'Dublin',	'123',	'',	'2019-10-20 13:01:58',	7,	1,	0,	'2019-10-20 13:01:58',	'BED1CCA316',	NULL,	NULL),
(307,	'1553596624',	61,	0,	'22Rathlyon park',	'Mohamed ',	'123456',	'dt_mohamed@yahoo.com',	'Banjul',	'123',	'',	'',	'',	'',	'',	'',	'',	'2019-10-20 13:12:56',	0,	6,	0,	'2019-10-20 13:12:56',	'F9AA15F624',	NULL,	NULL),
(308,	'1568083060',	81,	0,	'tokyo',	'kaikai',	'1112223334',	'kai@gmail.com',	'Banjul',	'1111',	'kaikai',	'899622',	'kai@gmail.com',	'tokyo',	'ád',	'111',	'',	'2019-10-22 04:22:14',	3,	1,	0,	'2019-10-22 04:22:14',	'7972999060',	NULL,	NULL),
(309,	'1553500257',	81,	0,	'Hicom',	'Aloha',	'369258147',	'trung.nv2488@gmail.com',	'Banjul',	'2356',	'Aloha',	'369258147',	'trung.nv2488@gmail.com',	'Hicom',	'Banjul',	'2356',	'',	'2019-10-22 04:39:39',	0,	1,	0,	'2019-10-22 04:39:39',	'22F6232257',	NULL,	NULL),
(310,	'1568083060',	81,	0,	'tokyo',	'kaikai',	'1112223334',	'kai@gmail.com',	'Banjul',	'1111',	'kaikai',	'672828',	'kai@gmail.com',	'tokyo',	'ydyfii',	'xydym',	'',	'2019-10-22 04:42:47',	7,	1,	0,	'2019-10-22 04:42:47',	'2F3AE3B060',	NULL,	NULL),
(311,	'1568083060',	81,	0,	'tokyo',	'kaikai',	'1112223334',	'kai@gmail.com',	'Banjul',	'1111',	'kaikai',	'123456',	'kai@gmail.com',	'tokyo',	'ád',	'ád',	'',	'2019-10-22 05:07:05',	0,	1,	0,	'2019-10-22 05:07:05',	'E17CEC5060',	NULL,	NULL),
(312,	'1568083060',	81,	0,	'tokyo',	'kaikai',	'1112223334',	'kai@gmail.com',	'Banjul',	'1111',	'kaikai',	'575757',	'kai@gmail.com',	'tokyo',	'fxfxgx',	'xfxhcnc',	'',	'2019-10-22 05:18:04',	0,	1,	0,	'2019-10-22 05:18:04',	'77C8752060',	NULL,	NULL),
(313,	'1570610807',	81,	0,	'Hicom',	'Hicom Bruce',	'0987654321',	'hicom.bruce@gmail.com',	'Hicom',	'123456789',	'Hicom Bruce',	'0987654321',	'hicom.bruce@gmail.com',	'Hicom',	'Hicom',	'123456789',	'',	'2019-10-22 08:35:09',	3,	1,	0,	'2019-10-22 08:35:09',	'2D79E72807',	NULL,	NULL),
(314,	'1571027708',	81,	0,	'sfgh',	'qwterrwr',	'4555',	'sfggg@gmail.com',	'Banjul',	'556646',	'qwterrwr',	'68686',	'sfggg@gmail.com',	'sfgh',	'hchx',	'edjdj',	'',	'2019-10-22 09:01:35',	4,	1,	0,	'2019-10-22 09:01:35',	'948C640708',	NULL,	NULL),
(315,	'1571728657',	81,	0,	'aa',	'Kai. Tesy',	'0395616595',	'nguyendinhdoanjdk@gmail.com',	'aa',	'123456',	'Kai. Tesy',	'0395616595',	'nguyendinhdoanjdk@gmail.com',	'aa',	'aa',	'123456',	'',	'2019-10-22 09:18:38',	4,	1,	0,	'2019-10-22 09:18:38',	'044A623657',	NULL,	NULL),
(316,	'1571728657',	81,	0,	'aa',	'Kai. Tesy',	'0395616595',	'nguyendinhdoanjdk@gmail.com',	'aa',	'123456',	'Kai. Tesy',	'12',	'nguyendinhdoanjdk@gmail.com',	'aa',	'ad',	'qw',	'',	'2019-10-22 09:24:45',	4,	1,	0,	'2019-10-22 09:24:45',	'7D16C6E657',	NULL,	NULL),
(317,	'1570610807',	63,	0,	'Hicom',	'Hicom Bruce',	'0987654321',	'hicom.bruce@gmail.com',	'Hicom',	'123456789',	'Hicom Bruce',	'0987654321',	'hicom.bruce@gmail.com',	'Hicom',	'Hicom',	'123456789',	'',	'2019-10-22 09:25:29',	9,	1,	0,	'2019-10-22 09:25:29',	'663E744807',	NULL,	NULL),
(318,	'1553596624',	87,	0,	'22Rathlyon park',	'Mohamed ',	'123456',	'dt_mohamed@yahoo.com',	'Banjul',	'123',	'Mohamed ',	'123456',	'dt_mohamed@yahoo.com',	'22Rathlyon park',	'Banjul',	'123',	'',	'2019-10-22 09:53:38',	5,	1,	0,	'2019-10-22 09:53:38',	'D118A03624',	NULL,	NULL),
(319,	'1553596624',	62,	0,	'22Rathlyon park',	'Mohamed ',	'123456',	'dt_mohamed@yahoo.com',	'Banjul',	'123',	'Mohamed ',	'123456',	'dt_mohamed@yahoo.com',	'22Rathlyon park',	'Banjul',	'123',	'',	'2019-10-22 10:08:34',	7,	1,	0,	'2019-10-22 10:08:34',	'A61FE65624',	NULL,	NULL),
(320,	'1570109651',	63,	0,	'33Apt February ',	'Gege Ahmed ',	'123456',	'gege@geegee.geege',	'Bangaze',	'123',	'',	'',	'',	'',	'',	'',	'',	'2019-10-22 10:26:41',	2,	6,	0,	'2019-10-22 10:26:41',	'07DF9C0651',	NULL,	NULL),
(321,	'1570109651',	63,	0,	'33Apt February ',	'Gege Ahmed ',	'123456',	'gege@geegee.geege',	'Bangaze',	'123',	'',	'',	'',	'',	'',	'',	'',	'2019-10-22 10:48:52',	2,	6,	0,	'2019-10-22 10:48:52',	'C446A77651',	NULL,	NULL),
(322,	'1553596624',	87,	0,	'22Rathlyon park',	'Mohamed ',	'123456',	'dt_mohamed@yahoo.com',	'Banjul',	'123',	'Mohamed ',	'123456',	'dt_mohamed@yahoo.com',	'22Rathlyon park',	'Banjul',	'123',	'',	'2019-10-22 11:00:39',	3,	1,	0,	'2019-10-22 11:00:39',	'5736C5F624',	NULL,	NULL),
(323,	'1557231865',	63,	0,	'22rathloyn',	'Ema Mohamed',	'123456',	'mohammed.dt1983@gmail.com',	'Banjul',	'123',	'Ema Mohamed',	'123456',	'mohammed.dt1983@gmail.com',	'22rathloyn',	'Dublin',	'123',	'',	'2019-10-22 11:07:51',	7,	1,	0,	'2019-10-22 11:07:51',	'237D3EE865',	NULL,	NULL),
(324,	'1571743035',	63,	0,	'22 Rathloyn ',	'Nosa Mohamed',	'123456',	'nesrineshebli85@gmail.com',	'Banjul',	'123',	'Nosa Mohamed',	'123456',	'nesrineshebli85@gmail.com',	'22 Rathloyn ',	'Banjul',	'123',	'',	'2019-10-22 13:21:26',	7,	1,	0,	'2019-10-22 13:21:26',	'B130E4F035',	NULL,	NULL),
(325,	'1557231865',	63,	0,	'22rathloyn',	'Ema Mohamed',	'123456',	'mohammed.dt1983@gmail.com',	'Banjul',	'123',	'Ema Mohamed',	'123456',	'mohammed.dt1983@gmail.com',	'22rathloyn',	'Banjul',	'123',	'',	'2019-10-22 15:21:31',	4,	1,	0,	'2019-10-22 15:21:31',	'5D9E502865',	NULL,	NULL),
(326,	'1557231865',	63,	0,	'22rathloyn',	'Ema Mohamed',	'123456',	'mohammed.dt1983@gmail.com',	'Banjul',	'123',	'Ema Mohamed',	'123456',	'mohammed.dt1983@gmail.com',	'22rathloyn',	'Banjul',	'123',	'',	'2019-10-22 15:24:04',	4,	1,	0,	'2019-10-22 15:24:04',	'786C05D865',	NULL,	NULL),
(327,	'1557231865',	63,	0,	'22rathloyn',	'Ema Mohamed',	'123456',	'mohammed.dt1983@gmail.com',	'Banjul',	'123',	'Ema Mohamed',	'123456',	'mohammed.dt1983@gmail.com',	'22rathloyn',	'Banjul',	'123',	'',	'2019-10-22 15:25:01',	4,	1,	0,	'2019-10-22 15:25:01',	'5E25A31865',	NULL,	NULL),
(328,	'1557231865',	63,	0,	'22rathloyn',	'Ema Mohamed',	'123456',	'mohammed.dt1983@gmail.com',	'Banjul',	'123',	'Ema Mohamed',	'123456',	'mohammed.dt1983@gmail.com',	'22rathloyn',	'Banjul',	'123',	'',	'2019-10-22 15:25:36',	5,	1,	0,	'2019-10-22 15:25:36',	'C2C25A4865',	NULL,	NULL),
(329,	'1557231865',	63,	0,	'22rathloyn',	'Ema Mohamed',	'123456',	'mohammed.dt1983@gmail.com',	'Banjul',	'123',	'',	'',	'',	'',	'',	'',	'',	'2019-10-22 15:26:10',	9,	6,	0,	'2019-10-22 15:26:10',	'25A3083865',	NULL,	NULL),
(330,	'1557231865',	63,	0,	'22rathloyn',	'Ema Mohamed',	'123456',	'mohammed.dt1983@gmail.com',	'Banjul',	'123',	'',	'',	'',	'',	'',	'',	'',	'2019-10-22 15:26:44',	8,	6,	0,	'2019-10-22 15:26:44',	'27D3112865',	NULL,	NULL),
(331,	'1557231865',	63,	0,	'22rathloyn',	'Ema Mohamed',	'123456',	'mohammed.dt1983@gmail.com',	'Banjul',	'123',	'',	'',	'',	'',	'',	'',	'',	'2019-10-22 15:42:30',	2,	6,	0,	'2019-10-22 15:42:30',	'5E07FEC865',	NULL,	NULL),
(332,	'1557231865',	63,	0,	'22rathloyn',	'Ema Mohamed',	'123456',	'mohammed.dt1983@gmail.com',	'Banjul',	'123',	'Ema Mohamed',	'123456',	'mohammed.dt1983@gmail.com',	'22rathloyn',	'Banjul',	'123',	'',	'2019-10-22 15:45:08',	9,	1,	0,	'2019-10-22 15:45:08',	'FEA2C36865',	NULL,	NULL),
(333,	'1557231865',	63,	0,	'22rathloyn',	'Ema Mohamed',	'123456',	'mohammed.dt1983@gmail.com',	'Banjul',	'123',	'',	'',	'',	'',	'',	'',	'',	'2019-10-22 15:45:31',	8,	6,	0,	'2019-10-22 15:45:31',	'ADC221F865',	NULL,	NULL),
(334,	'1571742116',	63,	0,	'22 Rathloyn ',	'Ali Mohamed',	'123456',	'ali.albasir2018@gmail.com',	'Banjul',	'123',	'Ali Mohamed',	'123456',	'ali.albasir2018@gmail.com',	'22 Rathloyn ',	'Banjul',	'123',	'',	'2019-10-23 04:52:10',	8,	1,	0,	'2019-10-23 04:52:10',	'0F228C9116',	NULL,	NULL),
(335,	'1571742116',	63,	0,	'22 Rathloyn ',	'Ali Mohamed',	'123456',	'ali.albasir2018@gmail.com',	'Banjul',	'123',	'Ali Mohamed',	'123456',	'ali.albasir2018@gmail.com',	'22 Rathloyn ',	'Banjul',	'123',	'',	'2019-10-23 04:52:41',	9,	1,	0,	'2019-10-23 04:52:41',	'7B85D49116',	NULL,	NULL),
(336,	'1571742116',	63,	0,	'22 Rathloyn ',	'Ali Mohamed',	'123456',	'ali.albasir2018@gmail.com',	'Banjul',	'123',	'Ali Mohamed',	'123456',	'ali.albasir2018@gmail.com',	'22 Rathloyn ',	'Banjul',	'123',	'',	'2019-10-23 04:53:02',	4,	1,	0,	'2019-10-23 04:53:02',	'99CA36D116',	NULL,	NULL),
(337,	'1571742116',	63,	0,	'22 Rathloyn ',	'Ali Mohamed',	'123456',	'ali.albasir2018@gmail.com',	'Banjul',	'123',	'',	'',	'',	'',	'',	'',	'',	'2019-10-23 04:53:30',	2,	6,	0,	'2019-10-23 04:53:30',	'557152D116',	NULL,	NULL),
(338,	'1570610807',	81,	0,	'Hicom',	'Hicom Bruce',	'0987654321',	'hicom.bruce@gmail.com',	'Hicom',	'123456789',	'Hicom Bruce',	'0987654321',	'hicom.bruce@gmail.com',	'Hicom',	'Hicom',	'123456789',	'',	'2019-10-23 11:16:57',	8,	1,	0,	'2019-10-23 11:16:57',	'3D3F848807',	NULL,	NULL),
(339,	'1570610807',	81,	0,	'Hicom',	'Hicom Bruce',	'0987654321',	'hicom.bruce@gmail.com',	'Hicom',	'123456789',	'Hicom Bruce',	'0987654321',	'hicom.bruce@gmail.com',	'Hicom',	'Hicom',	'123456789',	'',	'2019-10-23 11:27:52',	8,	1,	0,	'2019-10-23 11:27:52',	'ADF38C9807',	NULL,	NULL),
(340,	'1570610807',	81,	0,	'Hicom',	'Hicom Bruce',	'0987654321',	'hicom.bruce@gmail.com',	'Hicom',	'123456789',	'Hicom Bruce',	'0987654321',	'hicom.bruce@gmail.com',	'Hicom',	'Hicom',	'123456789',	'',	'2019-10-23 11:30:19',	9,	1,	0,	'2019-10-23 11:30:19',	'9BCB194807',	NULL,	NULL),
(341,	'1570610807',	81,	0,	'Hicom',	'Hicom Bruce',	'0987654321',	'hicom.bruce@gmail.com',	'Hicom',	'123456789',	'Hicom Bruce',	'0987654321',	'hicom.bruce@gmail.com',	'Hicom',	'Hicom',	'123456789',	'',	'2019-10-23 11:33:01',	7,	1,	0,	'2019-10-23 11:33:01',	'83D2F1B807',	NULL,	NULL),
(342,	'1570610807',	81,	0,	'Hicom',	'Hicom Bruce',	'0987654321',	'hicom.bruce@gmail.com',	'Hicom',	'123456789',	'Hicom Bruce',	'0987654321',	'hicom.bruce@gmail.com',	'Hicom',	'Hicom',	'123456789',	'',	'2019-10-23 11:34:06',	8,	1,	0,	'2019-10-23 11:34:06',	'6271760807',	NULL,	NULL),
(343,	'1570610807',	81,	0,	'Hicom',	'Hicom Bruce',	'0987654321',	'hicom.bruce@gmail.com',	'Hicom',	'123456789',	'Hicom Bruce',	'0987654321',	'hicom.bruce@gmail.com',	'Hicom',	'Hicom',	'123456789',	'',	'2019-10-23 11:34:31',	8,	1,	0,	'2019-10-23 11:34:31',	'7617EC4807',	NULL,	NULL),
(344,	'1570610807',	81,	0,	'Hicom',	'Hicom Bruce',	'0987654321',	'hicom.bruce@gmail.com',	'Hicom',	'123456789',	'Hicom Bruce',	'0987654321',	'hicom.bruce@gmail.com',	'Hicom',	'Hicom',	'123456789',	'',	'2019-10-23 11:48:47',	8,	1,	0,	'2019-10-23 11:48:47',	'87C036E807',	NULL,	NULL),
(345,	'1570610807',	81,	0,	'Hicom',	'Hicom Bruce',	'0987654321',	'hicom.bruce@gmail.com',	'Hicom',	'123456789',	'Hicom Bruce',	'0987654321',	'hicom.bruce@gmail.com',	'Hicom',	'Hicom',	'123456789',	'',	'2019-10-23 11:50:19',	9,	1,	0,	'2019-10-23 11:50:19',	'5BBFBA7807',	NULL,	NULL),
(346,	'1553596624',	62,	0,	'22Rathlyon park',	'Mohamed ',	'123456',	'dt_mohamed@yahoo.com',	'Banjul',	'123',	'Mohamed ',	'123456',	'dt_mohamed@yahoo.com',	'22Rathlyon park',	'Banjul',	'123',	'',	'2019-10-23 14:15:00',	7,	1,	0,	'2019-10-23 14:15:00',	'ED1305B624',	NULL,	NULL),
(347,	'1557231865',	63,	0,	'22rathloyn',	'Ema Mohamed',	'123456',	'mohammed.dt1983@gmail.com',	'Banjul',	'123',	'Ema Mohamed',	'123456',	'mohammed.dt1983@gmail.com',	'22rathloyn',	'Dublin',	'123',	'',	'2019-10-23 14:25:08',	8,	1,	0,	'2019-10-23 14:25:08',	'778FE8B865',	NULL,	NULL),
(348,	'1571838756',	64,	0,	'22 emma',	'Emma',	'123456',	'mohammed.dt1983@gmail.com',	'Banjul',	'123',	'Emma',	'123456',	'mohammed.dt1983@gmail.com',	'22 emma',	'Banjul',	'123',	'',	'2019-10-23 19:47:38',	4,	1,	0,	'2019-10-23 19:47:38',	'6C13F6D756',	NULL,	NULL),
(349,	'1571838756',	64,	0,	'22 emma',	'Emma',	'123456',	'mohammed.dt1983@gmail.com',	'Banjul',	'123',	'Emma',	'123456',	'mohammed.dt1983@gmail.com',	'22 emma',	'Banjul',	'123',	'',	'2019-10-23 19:48:21',	4,	1,	0,	'2019-10-23 19:48:21',	'FFB1DB3756',	NULL,	NULL),
(350,	'1571838756',	64,	0,	'22 emma',	'Emma',	'123456',	'mohammed.dt1983@gmail.com',	'Banjul',	'123',	'Emma',	'123456',	'mohammed.dt1983@gmail.com',	'22 emma',	'Banjul',	'123',	'',	'2019-10-23 19:50:19',	8,	1,	0,	'2019-10-23 19:50:19',	'0D4B9CE756',	NULL,	NULL),
(352,	'1570109651',	63,	0,	'33Apt February ',	'Gege Ahmed ',	'123456',	'gege@geegee.geege',	'Bangaze',	'123',	'Gege Ahmed ',	'123456',	'gege@geegee.geege',	'33Apt February ',	'Bangaze',	'123',	'',	'2019-10-26 01:46:55',	4,	1,	0,	'2019-10-26 01:46:55',	'65BC490651',	NULL,	NULL),
(353,	'1553596624',	87,	0,	'22Rathlyon park',	'Mohamed ',	'123456',	'dt_mohamed@yahoo.com',	'Banjul',	'123',	'Mohamed ',	'123456',	'dt_mohamed@yahoo.com',	'22Rathlyon park',	'Banjul',	'123',	'Thanks ',	'2019-10-26 01:49:41',	6,	1,	0,	'2019-10-26 01:49:41',	'9FB27E3624',	NULL,	NULL),
(354,	'1553596624',	62,	0,	'22Rathlyon park',	'Mohamed ',	'123456',	'dt_mohamed@yahoo.com',	'Banjul',	'123',	'Mohamed ',	'123456',	'dt_mohamed@yahoo.com',	'22Rathlyon park',	'Dublin',	'123',	'',	'2019-10-27 23:44:14',	5,	1,	0,	'2019-10-27 23:44:14',	'31E71CA624',	NULL,	NULL),
(355,	'1553596624',	62,	0,	'22Rathlyon park',	'Mohamed ',	'123456',	'dt_mohamed@yahoo.com',	'Banjul',	'123',	'Mohamed ',	'123456',	'dt_mohamed@yahoo.com',	'22Rathlyon park',	'Banjul',	'123',	'',	'2019-10-29 04:10:49',	7,	1,	0,	'2019-10-29 04:10:49',	'2A4FE76624',	NULL,	NULL),
(356,	'1572044934',	63,	0,	'bayan',	'bayan mohamed',	'123456',	'bayan2@bayan.com',	'bayan',	'123',	'bayan mohamed',	'123456',	'bayan2@bayan.com',	'bayan',	'bayan',	'123',	'',	'2019-10-30 12:08:09',	3,	1,	0,	'2019-10-30 12:08:09',	'4CDC192934',	NULL,	NULL),
(357,	'1572044934',	63,	0,	'bayan',	'bayan mohamed',	'123456',	'bayan2@bayan.com',	'bayan',	'123',	'bayan mohamed',	'123456',	'bayan2@bayan.com',	'bayan',	'Dublin',	'123',	'',	'2019-10-30 12:17:46',	4,	1,	0,	'2019-10-30 12:17:46',	'4B34BB1934',	NULL,	NULL),
(358,	'1557231865',	63,	0,	'22rathloyn',	'Ema Mohamed',	'123456',	'moh3@g00000mail.com',	'Banjul',	'123',	'Ema Mohamed',	'123456',	'moh3@g00000mail.com',	'22rathloyn',	'Banjul',	'123',	'',	'2019-10-30 21:09:59',	3,	1,	0,	'2019-10-30 21:09:59',	'29213C2865',	NULL,	NULL),
(359,	'1557231865',	63,	0,	'22rathloyn',	'Ema Mohamed',	'123456',	'moh3@g00000mail.com',	'Banjul',	'123',	'Ema Mohamed',	'123456',	'moh3@g00000mail.com',	'22rathloyn',	'Banjul',	'123',	'',	'2019-10-30 21:11:54',	8,	1,	0,	'2019-10-30 21:11:54',	'FA7527A865',	NULL,	NULL),
(360,	'1557231865',	63,	0,	'22rathloyn',	'Ema Mohamed',	'123456',	'moh3@g00000mail.com',	'Banjul',	'123',	'Ema Mohamed',	'123456',	'moh3@g00000mail.com',	'22rathloyn',	'Banjul',	'123',	'',	'2019-10-30 21:12:10',	7,	1,	0,	'2019-10-30 21:12:10',	'25F826D865',	NULL,	NULL),
(361,	'1553596624',	62,	0,	'22Rathlyon park',	'Mohamed ',	'123456',	'dt_mohamed@yahoo.com',	'Banjul',	'123',	'Mohamed ',	'123456',	'dt_mohamed@yahoo.com',	'22Rathlyon park',	'Dublin',	'123',	'',	'2019-10-30 21:35:43',	3,	1,	0,	'2019-10-30 21:35:43',	'7D89B40624',	NULL,	NULL),
(362,	'1557231865',	63,	0,	'22rathloyn',	'Ema Mohamed',	'123456',	'moh3@g00000mail.com',	'Banjul',	'123',	'Ema Mohamed',	'123456',	'moh3@g00000mail.com',	'22rathloyn',	'Banjul',	'123',	'',	'2019-10-30 21:36:55',	8,	1,	0,	'2019-10-30 21:36:55',	'04DA87B865',	NULL,	NULL),
(363,	'1557231865',	63,	0,	'22rathloyn',	'Ema Mohamed',	'123456',	'moh3@g00000mail.com',	'Banjul',	'123',	'Ema Mohamed',	'123456',	'moh3@g00000mail.com',	'22rathloyn',	'Banjul',	'123',	'',	'2019-10-30 21:37:29',	1,	1,	0,	'2019-10-30 21:37:29',	'F60006C865',	NULL,	NULL),
(364,	'1557231865',	63,	0,	'22rathloyn',	'Ema Mohamed',	'123456',	'moh3@g00000mail.com',	'Banjul',	'123',	'Ema Mohamed',	'123456',	'moh3@g00000mail.com',	'22rathloyn',	'Banjul',	'123',	'',	'2019-10-30 21:38:01',	4,	1,	0,	'2019-10-30 21:38:01',	'121A37F865',	NULL,	NULL);

CREATE TABLE `order_food` (
  `id` int(11) NOT NULL AUTO_INCREMENT,
  `order_id` int(11) NOT NULL,
  `food_id` int(11) NOT NULL,
  `number` int(11) NOT NULL,
  `option` varchar(255) CHARACTER SET utf8 DEFAULT NULL,
  `price` double NOT NULL,
  PRIMARY KEY (`id`)
) ENGINE=InnoDB DEFAULT CHARSET=utf8mb4 COLLATE=utf8mb4_unicode_ci;

INSERT INTO `order_food` (`id`, `order_id`, `food_id`, `number`, `option`, `price`) VALUES
(4,	3,	19,	1,	NULL,	145),
(5,	4,	20,	2,	NULL,	79),
(6,	4,	1,	1,	NULL,	99),
(7,	5,	19,	5,	NULL,	145),
(10,	6,	3,	5,	NULL,	22),
(11,	7,	13,	4,	NULL,	300),
(14,	8,	23,	1,	NULL,	20),
(15,	9,	23,	1,	NULL,	20),
(16,	10,	23,	1,	NULL,	20),
(17,	11,	1,	1,	NULL,	99),
(18,	12,	22,	14,	NULL,	20),
(19,	13,	21,	1,	NULL,	300),
(20,	14,	3,	1,	NULL,	22),
(21,	15,	23,	1,	NULL,	20),
(22,	16,	1,	1,	NULL,	99),
(23,	17,	19,	1,	NULL,	145),
(24,	18,	3,	1,	NULL,	22),
(25,	19,	1,	6,	NULL,	99),
(26,	20,	3,	4,	NULL,	22),
(27,	21,	5,	2,	NULL,	123),
(28,	21,	13,	6,	NULL,	300),
(29,	22,	5,	2,	NULL,	123),
(30,	22,	13,	6,	NULL,	300),
(31,	23,	19,	5,	NULL,	145),
(32,	23,	3,	2,	NULL,	22),
(33,	24,	5,	1,	NULL,	123),
(34,	25,	31,	7,	NULL,	20),
(35,	26,	20,	1,	NULL,	79),
(36,	26,	19,	1,	NULL,	145),
(37,	26,	3,	1,	NULL,	22),
(38,	27,	23,	1,	NULL,	20),
(39,	27,	24,	6,	NULL,	30),
(40,	28,	19,	3,	NULL,	145),
(41,	28,	1,	2,	NULL,	99),
(42,	29,	5,	1,	NULL,	123),
(43,	29,	13,	1,	NULL,	300),
(44,	30,	34,	6,	NULL,	55),
(45,	31,	7,	1,	NULL,	5),
(54,	33,	35,	3,	NULL,	656),
(57,	35,	35,	3,	NULL,	656),
(59,	34,	35,	3,	NULL,	656),
(63,	37,	35,	1,	NULL,	656),
(66,	36,	35,	1,	NULL,	656),
(70,	38,	36,	2,	NULL,	554),
(72,	40,	19,	1,	NULL,	145),
(73,	41,	5,	2,	NULL,	123),
(74,	42,	5,	2,	NULL,	123),
(77,	1,	13,	1,	NULL,	300),
(78,	1,	5,	1,	NULL,	123),
(79,	43,	19,	1,	NULL,	145),
(80,	44,	23,	1,	NULL,	20),
(81,	45,	13,	1,	NULL,	300),
(82,	46,	1,	1,	NULL,	99),
(83,	47,	27,	1,	NULL,	50),
(84,	48,	13,	1,	NULL,	300),
(85,	49,	1,	1,	NULL,	99),
(86,	50,	1,	2,	NULL,	99),
(87,	51,	1,	1,	NULL,	99),
(88,	51,	3,	1,	NULL,	22),
(89,	51,	19,	4,	NULL,	145),
(90,	52,	5,	1,	NULL,	123),
(91,	53,	1,	1,	NULL,	99),
(92,	53,	19,	1,	NULL,	145),
(93,	54,	3,	2,	NULL,	22),
(97,	58,	23,	1,	NULL,	20),
(98,	59,	34,	1,	NULL,	55),
(112,	73,	23,	1,	NULL,	20),
(113,	74,	19,	1,	NULL,	145),
(114,	75,	19,	1,	NULL,	145),
(115,	76,	1,	1,	NULL,	99),
(116,	77,	19,	1,	NULL,	145),
(117,	78,	1,	1,	NULL,	99),
(118,	79,	3,	1,	NULL,	22),
(119,	80,	3,	1,	NULL,	22),
(120,	81,	3,	1,	NULL,	22),
(121,	81,	19,	1,	NULL,	145),
(122,	82,	1,	1,	NULL,	99),
(123,	83,	12,	1,	NULL,	100),
(124,	84,	5,	1,	NULL,	123),
(125,	85,	19,	1,	NULL,	145),
(126,	86,	19,	1,	NULL,	145),
(127,	87,	3,	1,	NULL,	22),
(128,	88,	3,	1,	NULL,	22),
(129,	89,	3,	1,	NULL,	22),
(130,	90,	19,	1,	NULL,	145),
(131,	91,	3,	1,	NULL,	22),
(132,	92,	19,	1,	NULL,	145),
(133,	93,	7,	1,	NULL,	5),
(134,	94,	19,	1,	NULL,	145),
(135,	95,	3,	1,	NULL,	22),
(136,	96,	3,	1,	NULL,	22),
(137,	97,	3,	1,	NULL,	22),
(138,	98,	3,	1,	NULL,	22),
(139,	99,	36,	1,	NULL,	554),
(140,	99,	35,	1,	NULL,	656),
(141,	100,	36,	1,	NULL,	554),
(142,	100,	35,	1,	NULL,	656),
(143,	101,	36,	1,	NULL,	554),
(144,	101,	35,	1,	NULL,	656),
(145,	102,	19,	1,	NULL,	145),
(146,	102,	3,	1,	NULL,	22),
(147,	103,	3,	1,	NULL,	22),
(148,	104,	3,	1,	NULL,	22),
(149,	105,	3,	1,	NULL,	22),
(150,	106,	3,	1,	NULL,	22),
(151,	107,	3,	1,	NULL,	22),
(152,	108,	3,	1,	NULL,	22),
(153,	109,	3,	1,	NULL,	22),
(154,	110,	3,	1,	NULL,	22),
(155,	111,	13,	1,	NULL,	300),
(156,	112,	3,	1,	NULL,	22),
(157,	113,	3,	1,	NULL,	22),
(158,	113,	20,	1,	NULL,	79),
(159,	114,	20,	1,	NULL,	79),
(160,	115,	3,	1,	NULL,	22),
(161,	116,	19,	11,	NULL,	145),
(162,	117,	1,	1,	NULL,	99),
(163,	118,	19,	1,	NULL,	145),
(164,	118,	3,	1,	NULL,	22),
(165,	119,	37,	1,	NULL,	24),
(166,	120,	21,	1,	NULL,	300),
(167,	121,	3,	1,	NULL,	22),
(168,	122,	19,	1,	NULL,	145),
(169,	123,	3,	2,	NULL,	22),
(170,	123,	1,	2,	NULL,	99),
(171,	124,	1,	1,	NULL,	99),
(172,	124,	3,	1,	NULL,	22),
(173,	125,	1,	1,	NULL,	99),
(174,	126,	34,	1,	NULL,	55),
(175,	127,	3,	1,	NULL,	22),
(176,	127,	1,	1,	NULL,	99),
(179,	128,	19,	1,	NULL,	145),
(180,	129,	3,	1,	NULL,	22),
(181,	130,	38,	3,	NULL,	200),
(182,	131,	21,	1,	NULL,	300),
(183,	132,	21,	1,	NULL,	300),
(184,	133,	5,	1,	NULL,	123),
(185,	134,	5,	2,	NULL,	123),
(186,	135,	1,	1,	NULL,	99),
(187,	136,	13,	1,	NULL,	300),
(188,	137,	3,	1,	NULL,	22),
(189,	138,	19,	3,	NULL,	145),
(190,	139,	1,	1,	NULL,	99),
(191,	140,	19,	1,	NULL,	145),
(192,	141,	13,	2,	NULL,	300),
(193,	142,	1,	1,	NULL,	99),
(194,	142,	19,	1,	NULL,	145),
(195,	143,	19,	3,	NULL,	145),
(196,	144,	5,	1,	NULL,	123),
(197,	145,	1,	1,	NULL,	99),
(198,	146,	35,	2,	NULL,	656),
(199,	147,	1,	1,	NULL,	99),
(200,	148,	12,	2,	NULL,	100),
(201,	148,	21,	2,	NULL,	300),
(202,	148,	5,	2,	NULL,	123),
(203,	149,	1,	1,	NULL,	99),
(204,	150,	5,	1,	NULL,	123),
(205,	151,	3,	1,	NULL,	22),
(206,	151,	1,	1,	NULL,	99),
(207,	152,	5,	1,	NULL,	123),
(208,	153,	19,	1,	NULL,	145),
(209,	154,	47,	1,	NULL,	210000),
(210,	155,	57,	1,	'Size:30,Color:Blue',	330000),
(211,	156,	57,	1,	'Size:30,Color:Green',	330000),
(212,	157,	57,	1,	'Size:30,Color:Green',	330000),
(213,	158,	57,	1,	'Size:30,Color:Green',	330000),
(214,	159,	57,	1,	'Size:28 lorem lorem lorem lorem lorem lorem lorem lorem lorem,Color:Red',	330000),
(215,	160,	58,	1,	'Size:(null),Color:(null)',	40000),
(216,	161,	58,	1,	'Size:30,Color:Green',	40000),
(217,	162,	37,	1,	'',	24),
(218,	163,	57,	1,	'Color:Green',	330000),
(219,	164,	57,	1,	'Size:33,Color:Gray',	330000),
(220,	165,	45,	1,	'',	150000),
(221,	166,	57,	1,	'Size:33,Color:Gray',	330000),
(222,	167,	57,	1,	'',	330000),
(223,	167,	57,	1,	'Size:29,Color:Red',	330000),
(224,	167,	57,	1,	'Size:29,Color:Blue',	330000),
(225,	168,	37,	1,	'Size:33,Color:Pink',	24),
(226,	168,	37,	1,	'Size:32,Color:Gray',	24),
(227,	169,	37,	1,	'Size:33,Color:Gray',	24),
(228,	169,	37,	1,	'Size:32,Color:Pink',	24),
(229,	170,	57,	1,	'Size:29,Color:Red',	330000),
(230,	170,	57,	1,	'Size:29,Color:Blue',	330000),
(231,	170,	68,	1,	'',	230000),
(232,	171,	37,	1,	'Size:33,Color:Gray',	24),
(233,	171,	47,	1,	'',	210000),
(234,	171,	37,	1,	'Size:31,Color:Green',	24),
(235,	172,	69,	1,	'Color:Pink,????????:S',	100),
(236,	173,	69,	1,	'Color:Blue,????????:S',	100),
(237,	174,	69,	1,	'Color:Red,????????:S',	100),
(242,	176,	69,	1,	'Color:Red,????????:S',	100),
(243,	177,	69,	1,	'Color:Gray,????????:S',	100),
(244,	178,	69,	1,	'Color:Red,????????:S',	100),
(245,	179,	58,	1,	'Size:30,Color:Pink',	40000),
(246,	179,	58,	1,	'Size:29,Color:Green',	40000),
(247,	179,	57,	1,	'Size:32,Color:Pink',	330000),
(249,	180,	69,	1,	NULL,	100),
(251,	181,	69,	1,	NULL,	100),
(253,	182,	69,	1,	NULL,	100),
(254,	183,	37,	1,	'Size:29,Color:Red',	24),
(255,	184,	69,	1,	'????????:????,???????:????,??????:?????',	100),
(256,	185,	69,	1,	'????????:?????,???????:????,??????:?????',	100),
(257,	186,	69,	1,	'????????:????,???????:????,??????:?????',	100),
(258,	187,	69,	1,	'????????:????,???????:????,??????:?????',	100),
(259,	188,	57,	1,	'Size:29,Color:Blue',	330000),
(260,	189,	69,	1,	'????????:????,???????:????,??????:?????',	100),
(261,	190,	57,	1,	'Size:29,Color:Blue',	330000),
(262,	191,	69,	1,	'????????:????,???????:????,??????:?????',	100),
(263,	192,	69,	1,	'????????:????,???????:????,??????:?????',	100),
(264,	193,	69,	1,	'????????:????,???????:????,??????:?????',	100),
(265,	194,	37,	1,	'Size:29,Color:Red',	24),
(266,	195,	37,	1,	'Size:29,Color:Red',	24),
(267,	196,	37,	1,	'Size:29,Color:Red',	24),
(268,	197,	37,	1,	'Size:29,Color:Red',	24),
(269,	198,	37,	1,	'Size:29,Color:Red',	24),
(270,	199,	37,	1,	'Size:29,Color:Red',	24),
(271,	200,	37,	1,	'Size:29,Color:Red',	24),
(272,	201,	37,	1,	'Size:29,Color:Red',	24),
(273,	202,	37,	1,	'Size:29,Color:Red',	24),
(274,	203,	37,	1,	'Size:29,Color:Red',	24),
(275,	204,	37,	1,	'Size:33,Color:Gray',	24),
(276,	205,	37,	1,	'Size:29,Color:Red',	24),
(277,	206,	37,	1,	'Size:29,Color:Red',	24),
(278,	207,	37,	1,	'Size:29,Color:Red',	24),
(279,	208,	37,	1,	'Size:29,Color:Red',	24),
(280,	209,	37,	1,	'Size:29,Color:Red',	24),
(281,	210,	37,	1,	'Size:29,Color:Red',	24),
(282,	211,	37,	1,	'Size:29,Color:Red',	24),
(283,	212,	37,	1,	'Size:29,Color:Red',	24),
(284,	213,	34,	1,	'',	55),
(285,	213,	48,	1,	'',	50000),
(286,	214,	37,	1,	'Size:31,Color:Pink',	24),
(287,	215,	47,	1,	'',	210000),
(288,	216,	34,	1,	'',	55),
(289,	217,	37,	1,	'Size:30,Color:Blue',	24),
(290,	218,	69,	1,	'????????:????,???????:????,??????:المقاسات',	100),
(291,	219,	69,	1,	'????????:????,???????:????,??????:?????',	100),
(292,	220,	69,	1,	'????????:?????,???????:????,??????:??????',	100),
(293,	221,	69,	1,	'????????:????,???????:????,??????:?????',	100),
(295,	223,	69,	1,	'المقاسات:كبير,الالوان:ازرق,الجودة:عالية',	100),
(296,	224,	69,	1,	'المقاسات:صغير,الالوان:ازرق,الجودة:رديئة',	100),
(299,	225,	69,	1,	NULL,	100),
(300,	222,	69,	1,	NULL,	100),
(301,	175,	69,	1,	NULL,	100),
(302,	226,	69,	1,	'المقاسات:كبير,الالوان:ازرق,الجودة:عالية',	100),
(303,	227,	37,	1,	'Size:29,Color:Blue',	380),
(304,	228,	69,	1,	'المقاسات:صغير,الالوان:ازرق,الجودة:ممتازة',	100),
(306,	229,	50,	1,	NULL,	350),
(307,	230,	69,	1,	'المقاسات:كبير,الالوان:ازرق,الجودة:عالية',	100),
(308,	231,	69,	1,	'المقاسات:كبير,الالوان:ازرق,الجودة:رديئة',	100),
(309,	232,	69,	1,	'المقاسات:كبير,الالوان:ازرق,الجودة:عالية',	100),
(310,	232,	72,	1,	'',	45),
(311,	233,	69,	1,	'المقاسات:كبير,الالوان:ازرق,الجودة:عالية',	100),
(312,	233,	72,	1,	'',	45),
(313,	234,	69,	1,	'المقاسات:كبير,الالوان:ازرق,الجودة:عالية',	100),
(314,	234,	72,	1,	'',	45),
(315,	235,	69,	1,	'المقاسات:كبير,الالوان:ازرق,الجودة:عالية',	100),
(316,	235,	72,	1,	'',	45),
(317,	236,	69,	1,	'المقاسات:كبير,الالوان:ازرق,الجودة:عالية',	100),
(318,	237,	69,	1,	'المقاسات:كبير,الالوان:ازرق,الجودة:عالية',	100),
(319,	238,	49,	1,	'',	58000),
(320,	239,	34,	1,	'',	55),
(321,	240,	77,	1,	'',	190),
(322,	241,	86,	1,	'Size:30,Color:Blue',	300),
(323,	242,	86,	1,	'Size:30,Color:Green',	300),
(324,	242,	87,	1,	'Size:30,Color:Pink',	7282),
(325,	243,	88,	1,	'Size:30,Color:Green,Size:32,Quality:99%,Other:Anything 2',	2782),
(326,	244,	89,	1,	'',	400),
(327,	245,	72,	1,	'',	45),
(328,	246,	57,	1,	'',	3300),
(329,	247,	96,	1,	'Color:Blue,المقاسات:صغير,الالوان:ازرق',	250000),
(330,	248,	95,	1,	'',	10000000),
(331,	249,	95,	1,	'',	10000000),
(332,	250,	57,	1,	'Color:Red,المقاسات:متوسط,الالوان:اصفر',	3300),
(333,	251,	57,	1,	'Color:Red,المقاسات:متوسط,الالوان:اصفر',	3300),
(334,	251,	68,	1,	'Color:Red,المقاسات:متوسط,الالوان:اصفر',	2300),
(335,	252,	68,	1,	'Color:Green,المقاسات:صغير,الالوان:احمر',	2300),
(336,	253,	91,	1,	'',	374),
(337,	253,	93,	1,	'',	10000000),
(338,	254,	104,	1,	'Color:Pink,المقاسات:كبير,الالوان:احمر',	145),
(339,	254,	103,	1,	'Color:Pink,المقاسات:كبير,الالوان:احمر',	300),
(340,	255,	104,	1,	'',	145),
(341,	256,	99,	1,	'',	123),
(342,	257,	57,	1,	'Color:Green,المقاسات:كبير,الالوان:اصفر',	3300),
(344,	258,	97,	1,	NULL,	50),
(345,	259,	96,	1,	'Size:31,Color:Green',	250000),
(346,	260,	96,	1,	'Size:31,Color:Green',	250000),
(347,	261,	99,	1,	'',	123),
(348,	262,	96,	1,	'Size:31,Color:Green',	250000),
(349,	263,	96,	1,	'Size:31,Color:Green',	250000),
(350,	264,	104,	1,	'',	145),
(351,	265,	96,	1,	'Color:Green',	250000),
(352,	266,	96,	1,	'Color:Green',	250000),
(353,	267,	96,	1,	'Size:31,Color:Green',	250000),
(354,	268,	96,	1,	'Size:31,Color:Green',	250000),
(355,	269,	96,	1,	'Color:Green',	250000),
(356,	270,	96,	1,	'Color:Green',	250000),
(357,	271,	96,	1,	'Size:31',	250000),
(358,	272,	96,	2,	'Size:31,Color:Green',	250000),
(359,	273,	96,	1,	'Color:Green',	250000),
(360,	274,	96,	1,	'Color:Green',	250000),
(361,	275,	96,	1,	'Color:Green',	250000),
(362,	276,	96,	1,	'Color:Blue',	250000),
(363,	277,	96,	1,	'Color:Green',	250000),
(364,	278,	96,	1,	'Color:Green',	250000),
(365,	279,	96,	1,	'Color:Green',	250000),
(366,	280,	96,	1,	'Color:Green',	250000),
(367,	281,	96,	1,	'Color:Green',	250000),
(368,	282,	96,	1,	'Color:Green',	250000),
(369,	282,	106,	1,	'',	123),
(370,	283,	97,	1,	'Color:Red,المقاسات:صغير',	50),
(371,	284,	97,	1,	'Color:Red,المقاسات:صغير',	50),
(372,	285,	97,	1,	'Color:Red,المقاسات:صغير',	50),
(373,	286,	68,	1,	'Color:Green,المقاسات:متوسط,الالوان:احمر',	2300),
(374,	287,	100,	1,	'Color:Green,المقاسات:متوسط,الالوان:احمر',	100),
(375,	288,	57,	1,	'Color:Red,المقاسات:متوسط,الالوان:اصفر',	3300),
(376,	289,	57,	1,	'Color:Red,المقاسات:متوسط,الالوان:اصفر',	3300),
(377,	289,	68,	1,	'Color:Red,المقاسات:متوسط,الالوان:ازرق',	2300),
(378,	289,	100,	1,	'Color:Red,المقاسات:متوسط,الالوان:ازرق',	100),
(379,	289,	102,	1,	'Color:Red,المقاسات:متوسط,الالوان:ازرق',	80),
(380,	290,	97,	1,	'Color:Red,المقاسات:صغير',	50),
(381,	291,	105,	1,	'Color:Gray',	3000),
(382,	292,	57,	1,	'Color:Green,المقاسات:متوسط,الالوان:احمر',	3300),
(383,	293,	104,	1,	'',	145),
(384,	294,	103,	1,	'',	300),
(385,	295,	102,	1,	'Color:Pink,المقاسات:متوسط,الالوان:ازرق',	80),
(386,	296,	39,	1,	'',	150),
(387,	297,	68,	1,	'Color:Red,المقاسات:متوسط,الالوان:ازرق',	2300),
(388,	298,	68,	1,	'Color:Red,المقاسات:متوسط,الالوان:ازرق',	2300),
(389,	299,	96,	1,	'Size:31,Color:Green',	250000),
(390,	300,	97,	1,	'Color:Red,المقاسات:صغير',	50),
(391,	301,	38,	1,	'',	200),
(392,	302,	102,	1,	'Color:Red,المقاسات:متوسط,الالوان:ازرق',	80),
(393,	303,	96,	1,	'Color:Green',	250000),
(394,	304,	96,	1,	'Color:Green',	250000),
(395,	305,	96,	1,	'Color:Green',	250000),
(396,	306,	105,	1,	'Color:Red',	3000),
(397,	307,	42,	1,	'',	145),
(398,	308,	96,	1,	'Color:Green',	250000),
(399,	309,	96,	1,	'Color:Green',	250000),
(400,	310,	96,	1,	'Color:Green',	250000),
(401,	311,	96,	1,	'Color:Green',	250000),
(402,	312,	96,	1,	'Color:Green',	250000),
(403,	313,	96,	1,	'Size:31,Color:Green',	250000),
(404,	314,	96,	1,	'Color:Blue',	250000),
(405,	315,	96,	3,	'Size:31,Color:Blue',	250000),
(406,	316,	96,	1,	'Color:Green',	250000),
(407,	317,	57,	1,	'Color:Green,المقاسات:كبير,الالوان:اصفر',	3300),
(408,	317,	68,	1,	'Color:Green,المقاسات:متوسط,الالوان:احمر',	2300),
(409,	317,	100,	1,	'Color:Green,المقاسات:كبير,الالوان:احمر',	100),
(410,	318,	97,	1,	'Color:Red,المقاسات:صغير',	50),
(411,	319,	50,	1,	'',	350),
(412,	320,	57,	1,	'Color:Red,المقاسات:متوسط,الالوان:اصفر',	3300),
(413,	321,	105,	1,	'Color:Gray',	3000),
(414,	322,	97,	1,	'Color:Red,المقاسات:صغير',	50),
(415,	323,	105,	1,	'Color:Red',	3000),
(416,	323,	102,	1,	'Color:Red,المقاسات:صغير,الالوان:ازرق',	80),
(417,	324,	57,	1,	'Color:Green,المقاسات:متوسط,الالوان:احمر',	3300),
(418,	325,	57,	1,	'Color:Green,المقاسات:متوسط,الالوان:احمر',	3300),
(419,	326,	104,	1,	'',	145),
(420,	327,	104,	1,	'',	145),
(421,	328,	103,	1,	'',	300),
(422,	329,	100,	1,	'Color:Green,المقاسات:كبير,الالوان:احمر',	100),
(423,	330,	100,	1,	'Color:Green,المقاسات:كبير,الالوان:ازرق',	100),
(424,	331,	105,	1,	'Color:Blue',	3000),
(425,	332,	57,	1,	'Color:Red,المقاسات:صغير,الالوان:احمر',	3300),
(426,	333,	104,	1,	'',	145),
(427,	334,	107,	1,	'Color:Red',	250),
(428,	335,	107,	1,	'Color:Red',	250),
(429,	336,	107,	1,	'Color:Red',	250),
(430,	337,	107,	1,	'Color:Red',	250),
(431,	338,	96,	1,	'Size:31,Color:Green',	250000),
(432,	339,	96,	1,	'Size:31,Color:Green',	250000),
(433,	340,	96,	1,	'Size:31,Color:Green',	250000),
(434,	341,	96,	1,	'Size:31,Color:Green',	250000),
(435,	342,	96,	1,	'Size:31,Color:Green',	250000),
(436,	343,	96,	1,	'Size:31,Color:Green',	250000),
(437,	344,	96,	1,	'Size:31,Color:Green',	250000),
(438,	345,	96,	1,	'Size:31,Color:Green',	250000),
(439,	346,	76,	1,	'',	290),
(440,	347,	68,	1,	'Color:Red,المقاسات:متوسط,الالوان:ازرق',	2300),
(441,	348,	75,	1,	'',	120),
(442,	349,	75,	1,	'',	120),
(443,	350,	75,	1,	'',	120),
(447,	352,	110,	1,	'',	70),
(448,	353,	97,	1,	'Color:Red,المقاسات:صغير',	50),
(449,	354,	76,	1,	'',	290),
(450,	355,	39,	4,	'',	150),
(451,	356,	110,	1,	'',	70),
(452,	357,	110,	4,	'',	70),
(453,	357,	105,	3,	'Color:Green,المقاسات:كبير,الالوان:اصفر',	3000),
(454,	358,	110,	1,	'',	70),
(455,	359,	110,	1,	'',	70),
(456,	360,	110,	1,	'',	70),
(457,	361,	76,	4,	'',	290),
(458,	361,	50,	5,	'',	350),
(459,	362,	110,	1,	'',	70),
(460,	363,	105,	1,	'Color:Pink,المقاسات:متوسط,الالوان:ازرق',	3000),
(461,	364,	102,	1,	'Color:Green,المقاسات:متوسط,الالوان:ازرق',	80);

CREATE TABLE `order_group` (
  `group_code` varchar(255) NOT NULL DEFAULT '',
  `total` float DEFAULT NULL,
  `dateCreated` datetime DEFAULT NULL,
  `account_id` varchar(255) DEFAULT NULL,
  `isRead` tinyint(1) DEFAULT '1',
  PRIMARY KEY (`group_code`)
) ENGINE=InnoDB DEFAULT CHARSET=utf8;

INSERT INTO `order_group` (`group_code`, `total`, `dateCreated`, `account_id`, `isRead`) VALUES
('0000630214',	330000,	'2019-03-26 15:10:38',	'1553500214',	0),
('00287DC624',	100,	'2019-04-09 12:29:29',	'1553596624',	1),
('02FB612060',	250000,	'2019-10-15 09:24:01',	'1568083060',	0),
('044A623657',	750000,	'2019-10-22 09:18:38',	'1571728657',	0),
('045E2A1252',	100,	'2019-04-17 14:44:35',	'1555364252',	0),
('04DA87B865',	70,	'2019-10-30 21:36:55',	'1557231865',	0),
('054D53E072',	5780,	'2019-10-16 10:57:21',	'1565688072',	0),
('0727AC0252',	100,	'2019-05-19 15:46:04',	'1555364252',	1),
('072B8AD397',	419.9,	'2018-01-12 06:48:31',	'1515714397',	1),
('07DF9C0651',	3300,	'2019-10-22 10:26:41',	'1570109651',	1),
('08DC46C214',	24,	'2019-04-18 06:02:01',	'1553500214',	1),
('09C7F68592',	35.2,	'2017-05-11 16:45:18',	'1488516592',	1),
('0B02332060',	250000,	'2019-10-15 11:33:19',	'1568083060',	0),
('0C4F7C4624',	50,	'2019-10-15 22:21:37',	'1553596624',	1),
('0CD321E542',	35.2,	'2017-08-16 10:04:26',	'1500535542',	1),
('0D4B9CE756',	120,	'2019-10-23 19:50:19',	'1571838756',	1),
('0DB18B2072',	45,	'2019-08-13 11:53:44',	'1565688072',	1),
('0EE4129624',	150000,	'2019-03-27 05:56:08',	'1553596624',	1),
('0F228C9116',	250,	'2019-10-23 04:52:10',	'1571742116',	0),
('105229F757',	170.5,	'2017-08-09 16:42:28',	'1432968757',	1),
('1082B9B462',	55,	'2017-09-21 19:28:22',	'1505936462',	1),
('121A37F865',	80,	'2019-10-30 21:38:01',	'1557231865',	0),
('1276EC1257',	40000,	'2019-03-26 17:01:08',	'1553500257',	0),
('14D7294757',	35.2,	'2018-01-17 23:34:17',	'1432968757',	1),
('14E7C46010',	133.1,	'2016-12-13 08:38:24',	'1481529010',	1),
('1505AD8240',	119.9,	'2018-03-12 19:38:31',	'1520858240',	1),
('15B0A39751',	242.9,	'2018-07-01 02:14:35',	'1530385751',	1),
('168F89F542',	170.5,	'2017-08-15 16:30:48',	'1500535542',	1),
('16A838E765',	50,	'2019-10-16 14:13:52',	'1557254765',	1),
('1732847711',	279.4,	'2017-08-02 08:36:44',	'1501583711',	1),
('1761877252',	100,	'2019-04-26 15:40:02',	'1555364252',	0),
('176801B717',	35.2,	'2017-08-09 17:00:59',	'1502266717',	1),
('17BBE5F624',	100,	'2019-05-18 19:52:04',	'1553596624',	1),
('1852D62214',	24,	'2019-04-18 05:03:14',	'1553500214',	1),
('185936D542',	35.2,	'2017-08-15 17:32:00',	'1500535542',	1),
('1A118CC214',	24,	'2019-04-18 05:00:44',	'1553500214',	1),
('1A27858880',	170.5,	'2018-02-19 18:57:48',	'1519039880',	1),
('1ADDD22542',	35.2,	'2017-08-18 11:30:28',	'1500535542',	1),
('1B9A170728',	293.5,	'2018-11-23 08:35:06',	'1538987728',	1),
('1D1FD70717',	119.9,	'2017-08-09 16:46:35',	'1502266717',	1),
('1DC6BE8717',	35.2,	'2017-08-09 17:05:59',	'1502266717',	1),
('1E92157757',	170.5,	'2017-04-28 17:46:39',	'1432968757',	1),
('1EAEFEF195',	1549.9,	'2017-08-17 20:12:36',	'1502975195',	1),
('2041929701',	100,	'2019-04-06 10:54:08',	'1554540701',	1),
('206D327214',	50055,	'2019-04-18 06:09:50',	'1553500214',	1),
('2093539542',	35.2,	'2017-08-16 09:35:48',	'1500535542',	1),
('21BAA04542',	35.2,	'2017-08-18 11:25:28',	'1500535542',	1),
('21E3B9D060',	250000,	'2019-10-15 11:33:48',	'1568083060',	0),
('22F6232257',	250000,	'2019-10-22 04:39:39',	'1553500257',	1),
('237D3EE865',	3080,	'2019-10-22 11:07:51',	'1557231865',	1),
('2385183257',	210000,	'2019-03-26 09:55:25',	'1553500257',	1),
('25288F3678',	100,	'2019-04-27 22:36:03',	'1554821678',	0),
('2533A5A214',	24,	'2019-04-18 12:20:51',	'1553500214',	1),
('255AA48624',	330000,	'2019-03-31 20:03:09',	'1553596624',	1),
('25A3083865',	100,	'2019-10-22 15:26:10',	'1557231865',	1),
('25E71FE757',	107.8,	'2017-05-25 18:56:14',	'1432968757',	1),
('25F826D865',	70,	'2019-10-30 21:12:10',	'1557231865',	1),
('26D05D6651',	2300,	'2019-10-06 13:13:23',	'1570109651',	1),
('27D3112865',	100,	'2019-10-22 15:26:44',	'1557231865',	1),
('27F18F5393',	489.5,	'2018-02-22 15:33:38',	'1519288393',	1),
('280C42D757',	2204.16,	'2017-05-26 13:09:59',	'1432968757',	1),
('29213C2865',	70,	'2019-10-30 21:09:59',	'1557231865',	1),
('29A9498542',	119.9,	'2017-08-21 08:51:22',	'1500535542',	1),
('29E0E05214',	24,	'2019-04-18 04:56:53',	'1553500214',	1),
('2A4FE76624',	600,	'2019-10-29 04:10:49',	'1553596624',	1),
('2B8E514807',	250000,	'2019-10-15 09:57:31',	'1570610807',	0),
('2CC3FE9757',	119.9,	'2017-07-26 15:15:51',	'1432968757',	1),
('2D79E72807',	250000,	'2019-10-22 08:35:09',	'1570610807',	0),
('2EBD2BF757',	170.5,	'2017-08-09 16:42:05',	'1432968757',	1),
('2F3AE3B060',	250000,	'2019-10-22 04:42:47',	'1568083060',	0),
('315521D257',	445,	'2019-10-09 10:11:00',	'1553500257',	1),
('31E71CA624',	290,	'2019-10-27 23:44:14',	'1553596624',	1),
('32A6503542',	35.2,	'2017-08-18 11:22:40',	'1500535542',	1),
('32FD310252',	3300,	'2019-10-16 15:54:39',	'1557252252',	1),
('3350341',	0,	'2019-04-03 10:35:32',	NULL,	1),
('352C09B060',	250000,	'2019-10-15 11:35:15',	'1568083060',	0),
('374E32F783',	171.6,	'2017-10-21 18:39:13',	'1508585783',	1),
('375EB99807',	250000,	'2019-10-17 06:07:57',	'1570610807',	1),
('37ED6D8257',	10000000,	'2019-10-03 12:39:15',	'1553500257',	1),
('3834C4E214',	2782,	'2019-08-12 11:32:30',	'1553500214',	1),
('3B057F2214',	24,	'2019-04-18 12:00:37',	'1553500214',	1),
('3CC9C1A728',	144.1,	'2018-11-22 16:19:05',	'1538987728',	1),
('3CFA8C6827',	246,	'2017-11-25 13:00:04',	'1511583827',	1),
('3D3F848807',	250000,	'2019-10-23 11:16:57',	'1570610807',	0),
('3E66615060',	250000,	'2019-10-15 10:27:29',	'1568083060',	0),
('401CB43195',	1355.2,	'2017-08-17 20:10:44',	'1502975195',	1),
('411B463214',	24,	'2019-04-18 05:59:15',	'1553500214',	1),
('41EA4CA624',	50,	'2019-10-15 22:23:19',	'1553596624',	1),
('43AFE6C757',	170.5,	'2017-08-09 16:45:21',	'1432968757',	1),
('43BB780060',	250123,	'2019-10-15 11:48:26',	'1568083060',	0),
('443DE78257',	190,	'2019-05-27 17:56:44',	'1553500257',	1),
('44A1C68624',	100,	'2019-04-17 16:41:56',	'1553596624',	1),
('4528C38624',	10000000,	'2019-10-03 13:33:48',	'1553596624',	1),
('460B070807',	250000,	'2019-10-15 05:25:16',	'1570610807',	1),
('4639DAC542',	35.2,	'2017-08-18 11:43:00',	'1500535542',	1),
('4776A6A624',	100,	'2019-05-18 16:23:25',	'1553596624',	1),
('491513A214',	330000,	'2019-03-26 15:18:03',	'1553500214',	0),
('4A366EC542',	122.1,	'2017-08-21 08:32:57',	'1500535542',	1),
('4B34BB1934',	9280,	'2019-10-30 12:17:46',	'1572044934',	1),
('4B9193D827',	123,	'2017-11-25 11:39:02',	'1511583827',	1),
('4C196C3757',	621.6,	'2017-05-25 22:44:25',	'1432968757',	1),
('4C6A904257',	24,	'2019-03-26 17:06:24',	'1553500257',	1),
('4CD5A24542',	35.2,	'2017-08-18 11:46:12',	'1500535542',	1),
('4CDC192934',	70,	'2019-10-30 12:08:09',	'1572044934',	1),
('4F1DFB2214',	330000,	'2019-03-26 15:10:00',	'1553500214',	0),
('504526D661',	300,	'2017-07-20 09:47:27',	'1500518661',	1),
('504E618473',	469.9,	'2017-07-20 10:02:53',	'1500519473',	1),
('52A8C09214',	24,	'2019-04-18 05:02:45',	'1553500214',	1),
('557152D116',	250,	'2019-10-23 04:53:30',	'1571742116',	0),
('5586274462',	144.1,	'2017-09-22 17:36:41',	'1505936462',	1),
('56D9507252',	145,	'2019-05-19 15:10:57',	'1555364252',	0),
('5736C5F624',	50,	'2019-10-22 11:00:39',	'1553596624',	1),
('588FD3F757',	1454.3,	'2017-05-25 22:59:30',	'1432968757',	1),
('599B046257',	7582,	'2019-08-12 04:37:05',	'1553500257',	1),
('5BBFBA7807',	250000,	'2019-10-23 11:50:19',	'1570610807',	0),
('5C52041717',	20,	'2017-08-09 15:56:59',	'1502266717',	1),
('5D9E502865',	3300,	'2019-10-22 15:21:31',	'1557231865',	1),
('5DCB739624',	200,	'2019-10-17 11:09:33',	'1553596624',	1),
('5E07FEC865',	3000,	'2019-10-22 15:42:30',	'1557231865',	1),
('5E25A31865',	145,	'2019-10-22 15:25:01',	'1557231865',	1),
('5EB8127252',	145,	'2019-05-19 14:54:54',	'1555364252',	0),
('5FA25C9757',	2204.16,	'2017-05-26 13:09:39',	'1432968757',	1),
('62117E4252',	145,	'2019-10-16 15:55:21',	'1557252252',	1),
('6227199214',	24,	'2019-04-18 04:57:41',	'1553500214',	1),
('6271760807',	250000,	'2019-10-23 11:34:06',	'1570610807',	0),
('64C7D3C701',	100,	'2019-04-19 13:07:01',	'1554540701',	1),
('653C810592',	20,	'2017-03-03 11:51:35',	'1488516592',	1),
('65BC490651',	70,	'2019-10-26 01:46:55',	'1570109651',	1),
('663E744807',	5700,	'2019-10-22 09:25:29',	'1570610807',	1),
('669120F667',	123,	'2017-08-11 13:39:11',	'1488452667',	1),
('669FB6E667',	194.7,	'2017-08-11 12:00:13',	'1488452667',	1),
('66A413A060',	250000,	'2019-10-15 10:26:53',	'1568083060',	0),
('6761A57757',	2046,	'2017-05-25 19:21:28',	'1432968757',	1),
('68965CE757',	635.2,	'2017-11-06 22:41:05',	'1432968757',	1),
('6984E17701',	100,	'2019-04-27 14:07:24',	'1554540701',	1),
('69870E8478',	218.7,	'2017-08-21 12:18:28',	'1503292478',	1),
('69EB23E257',	300,	'2019-08-12 04:28:37',	'1553500257',	1),
('69F381E994',	175.5,	'2017-08-16 08:17:58',	'1501859994',	1),
('6AA0358848',	279.4,	'2018-02-21 05:49:34',	'1519166848',	1),
('6C13F6D756',	120,	'2019-10-23 19:47:38',	'1571838756',	1),
('6D4BD3F010',	1200,	'2016-12-13 08:38:58',	'1481529010',	1),
('6EAC67B678',	100,	'2019-04-15 22:29:37',	'1554821678',	1),
('6EADB71193',	20,	'2017-01-18 14:17:48',	'1484715193',	1),
('6F52BD7257',	55,	'2019-05-27 17:56:06',	'1553500257',	1),
('72B35C9257',	330000,	'2019-03-26 13:59:11',	'1553500257',	1),
('73C43F0060',	250000,	'2019-10-15 10:34:15',	'1568083060',	0),
('75E9925060',	250000,	'2019-10-18 05:24:39',	'1568083060',	0),
('7617EC4807',	250000,	'2019-10-23 11:34:31',	'1570610807',	0),
('778FE8B865',	2300,	'2019-10-23 14:25:08',	'1557231865',	1),
('77C8752060',	250000,	'2019-10-22 05:18:04',	'1568083060',	0),
('77CDDB1711',	228.8,	'2017-08-01 17:38:01',	'1501583711',	1),
('77E89CA624',	100,	'2019-04-04 02:47:50',	'1553596624',	1),
('786C05D865',	145,	'2019-10-22 15:24:04',	'1557231865',	1),
('7972999060',	250000,	'2019-10-22 04:22:14',	'1568083060',	0),
('7AD9EDD462',	144.1,	'2017-09-21 19:24:28',	'1505936462',	1),
('7B85D49116',	250,	'2019-10-23 04:52:41',	'1571742116',	0),
('7BB52C0257',	55,	'2019-04-18 12:16:22',	'1553500257',	1),
('7C29AC5060',	123,	'2019-10-14 16:04:23',	'1568083060',	0),
('7D16C6E657',	250000,	'2019-10-22 09:24:45',	'1571728657',	0),
('7D89B40624',	2910,	'2019-10-30 21:35:43',	'1553596624',	1),
('7D98565010',	293.7,	'2016-12-13 08:36:22',	'1481529010',	1),
('7DCEC6D757',	170.5,	'2017-05-29 18:05:48',	'1432968757',	1),
('7F4AA2D214',	24,	'2019-04-18 06:02:26',	'1553500214',	1),
('7FAD3D4363',	1046,	'2018-03-13 06:37:15',	'1520836363',	1),
('80C201C667',	219.9,	'2017-08-11 13:34:54',	'1488452667',	1),
('80ED2AE651',	3300,	'2019-10-03 16:57:13',	'1570109651',	1),
('82F48FF252',	100,	'2019-05-12 01:48:35',	'1555364252',	0),
('83D2F1B807',	250000,	'2019-10-23 11:33:01',	'1570610807',	0),
('83E5D05624',	330000,	'2019-04-17 16:44:53',	'1553596624',	1),
('856A3AA060',	250000,	'2019-10-15 11:26:00',	'1568083060',	0),
('86FAC43257',	40000,	'2019-03-26 16:58:03',	'1553500257',	1),
('8731A95651',	2300,	'2019-10-17 03:59:12',	'1570109651',	1),
('8778D75757',	246,	'2017-05-29 18:07:59',	'1432968757',	1),
('87C036E807',	250000,	'2019-10-23 11:48:47',	'1570610807',	0),
('89187A9257',	210048,	'2019-04-03 11:18:55',	'1553500257',	1),
('8A8994B542',	35.2,	'2017-08-21 08:44:00',	'1500535542',	1),
('8CCF3DB252',	380,	'2019-05-12 01:47:21',	'1555364252',	1),
('8EB5108624',	100,	'2019-04-17 16:43:56',	'1553596624',	1),
('8ED3E2E717',	119.9,	'2017-08-09 16:44:44',	'1502266717',	1),
('91DFAFF624',	3300,	'2019-09-22 23:23:38',	'1553596624',	1),
('91E150B010',	797.5,	'2016-12-13 08:37:45',	'1481529010',	1),
('922B219252',	100,	'2019-04-17 16:46:28',	'1555364252',	0),
('93DC468060',	500000,	'2019-10-15 10:28:05',	'1568083060',	1),
('945EBC6393',	123,	'2018-02-22 15:36:24',	'1519288393',	1),
('948C640708',	250000,	'2019-10-22 09:01:35',	'1571027708',	0),
('94BFDD7629',	300,	'2017-09-19 14:26:38',	'1505805629',	1),
('956ED64678',	100,	'2019-04-26 15:33:44',	'1554821678',	0),
('957662C542',	35.2,	'2017-08-18 11:29:48',	'1500535542',	1),
('962EB59757',	330000,	'2019-03-26 19:11:33',	'1432968757',	0),
('968A9BF257',	145,	'2019-10-15 06:30:43',	'1553500257',	1),
('96D76EA257',	330000,	'2019-03-26 17:08:10',	'1553500257',	0),
('9744880624',	145,	'2019-10-09 23:19:58',	'1553596624',	1),
('98A3122757',	119.9,	'2017-03-11 00:59:48',	'1432968757',	1),
('997BFBE214',	24,	'2019-04-18 05:57:43',	'1553500214',	1),
('999AD2D164',	350,	'2019-05-16 05:09:39',	'1557252164',	1),
('99CA36D116',	250,	'2019-10-23 04:53:02',	'1571742116',	0),
('9A2E24A',	0,	'2019-04-18 05:03:39',	NULL,	1),
('9AC60BD757',	246,	'2017-05-29 18:08:19',	'1432968757',	1),
('9B1FC99062',	300,	'2017-11-13 23:18:21',	'1510589062',	1),
('9B8350D701',	410000,	'2019-04-13 14:51:08',	'1554540701',	0),
('9BCB194807',	250000,	'2019-10-23 11:30:19',	'1570610807',	0),
('9C664DE214',	24,	'2019-04-18 05:59:42',	'1553500214',	1),
('9CAA492060',	250000,	'2019-10-18 05:28:41',	'1568083060',	0),
('9CC5F03542',	35.2,	'2017-08-15 17:34:59',	'1500535542',	1),
('9D01956257',	210000,	'2019-04-18 12:14:35',	'1553500257',	1),
('9D0478Amin',	20,	'2017-07-20 03:50:16',	'admin',	1),
('9D112A0193',	119.9,	'2017-01-18 14:19:34',	'1484715193',	1),
('9E99703214',	400,	'2019-08-12 12:08:42',	'1553500214',	1),
('9E9E738',	0,	'2019-04-18 05:58:07',	NULL,	1),
('9FB27E3624',	50,	'2019-10-26 01:49:41',	'1553596624',	1),
('9FCF145651',	2300,	'2019-10-15 22:25:41',	'1570109651',	1),
('A03C365624',	100,	'2019-04-03 14:57:16',	'1553596624',	1),
('A4154B7922',	119.9,	'2018-03-06 20:31:09',	'1520342922',	1),
('A48A7B1060',	250000,	'2019-10-15 11:05:09',	'1568083060',	0),
('A61FE65624',	350,	'2019-10-22 10:08:34',	'1553596624',	1),
('A660FB8252',	100,	'2019-04-18 21:05:04',	'1555364252',	0),
('A7AFD4F062',	300,	'2017-11-13 23:18:15',	'1510589062',	1),
('A90832A214',	24,	'2019-04-18 04:59:15',	'1553500214',	1),
('AA4D8F2072',	3300,	'2019-10-16 08:48:22',	'1565688072',	1),
('AA6AB2E',	0,	'2019-04-03 10:37:14',	NULL,	1),
('AB7656E',	0,	'2019-04-18 05:52:39',	NULL,	1),
('ACE22B0562',	3300,	'2019-10-10 14:09:36',	'1557252562',	1),
('AD815FC252',	100,	'2019-04-17 17:02:18',	'1555364252',	0),
('ADC221F865',	145,	'2019-10-22 15:45:31',	'1557231865',	1),
('ADF38C9807',	250000,	'2019-10-23 11:27:52',	'1570610807',	0),
('AEE416E757',	734.72,	'2017-05-26 13:19:24',	'1432968757',	1),
('AEF3D08214',	990000,	'2019-04-03 10:29:36',	'1553500214',	0),
('B130E4F035',	3300,	'2019-10-22 13:21:26',	'1571743035',	0),
('B4DBB07214',	24,	'2019-04-18 05:02:47',	'1553500214',	1),
('B6C79BD678',	100,	'2019-04-18 15:38:18',	'1554821678',	0),
('B783517757',	968.9,	'2017-05-25 19:25:02',	'1432968757',	1),
('B906EF1757',	489.5,	'2018-01-17 23:35:47',	'1432968757',	1),
('B9A06AA728',	250000,	'2019-10-14 12:31:52',	'1538987728',	1),
('B9E2B31624',	100,	'2019-04-03 21:12:41',	'1553596624',	1),
('BBC4B92214',	24,	'2019-04-18 05:58:39',	'1553500214',	1),
('BC342A1542',	300,	'2017-08-18 14:07:41',	'1500535542',	1),
('BDA9EF3542',	97.9,	'2017-08-21 08:37:44',	'1500535542',	1),
('BDCCABF757',	1240.96,	'2017-05-26 13:45:21',	'1432968757',	1),
('BE1A85B624',	100,	'2019-04-17 16:42:07',	'1553596624',	1),
('BE9C86E252',	80,	'2019-10-16 15:56:11',	'1557252252',	1),
('BED1CCA316',	3000,	'2019-10-20 13:01:58',	'1557252316',	1),
('BF853DD010',	423,	'2016-12-12 16:27:01',	'1481529010',	1),
('BFBED9D542',	35.2,	'2017-08-16 08:54:03',	'1500535542',	1),
('C013A9B624',	50,	'2019-10-15 15:02:16',	'1553596624',	1),
('C0F9A3A462',	119.9,	'2017-09-21 19:26:10',	'1505936462',	1),
('C11A8A7624',	10000400,	'2019-10-08 01:06:03',	'1553596624',	1),
('C13004D252',	145,	'2019-05-19 15:00:28',	'1555364252',	0),
('C2C25A4865',	300,	'2019-10-22 15:25:36',	'1557231865',	1),
('C31872B257',	48,	'2019-04-03 10:25:07',	'1553500257',	1),
('C3862A7',	0,	'2019-04-03 10:35:48',	NULL,	1),
('C446A77651',	3000,	'2019-10-22 10:48:52',	'1570109651',	1),
('C6CD7D6542',	35.2,	'2017-08-18 14:06:29',	'1500535542',	1),
('C6E9358462',	170.5,	'2017-09-21 02:43:19',	'1505936462',	1),
('C6EA5B2624',	100,	'2019-04-19 12:02:56',	'1553596624',	1),
('C7063FC757',	119.9,	'2018-01-17 23:44:33',	'1432968757',	1),
('C7A573A060',	250000,	'2019-10-15 10:25:14',	'1568083060',	0),
('CA41241252',	300,	'2019-10-16 15:55:43',	'1557252252',	1),
('CAFD0BD193',	20,	'2017-01-18 14:13:11',	'1484715193',	1),
('CB262B1757',	734.72,	'2017-05-26 13:21:41',	'1432968757',	1),
('CB57820257',	58000,	'2019-05-27 17:55:36',	'1553500257',	1),
('CCC64C2651',	5600,	'2019-10-03 16:59:29',	'1570109651',	1),
('CD5AB5C624',	2300,	'2019-10-17 03:57:51',	'1553596624',	1),
('CDC987F214',	24,	'2019-04-18 05:52:26',	'1553500214',	1),
('CE28ECA214',	24,	'2019-04-18 05:06:11',	'1553500214',	1),
('CEC3665214',	24,	'2019-04-18 05:59:37',	'1553500214',	1),
('CED526B711',	894.1,	'2017-08-01 17:57:17',	'1501583711',	1),
('D118A03624',	50,	'2019-10-22 09:53:38',	'1553596624',	1),
('D175A9F757',	300,	'2017-02-20 18:05:20',	'1432968757',	1),
('D1FD81B624',	150,	'2019-10-17 03:55:00',	'1553596624',	1),
('D2079DA060',	123,	'2019-10-10 07:07:20',	'1568083060',	0),
('D25E522757',	2204.16,	'2017-05-26 12:59:15',	'1432968757',	1),
('D337264060',	250000,	'2019-10-15 10:33:51',	'1568083060',	0),
('D36D5B8708',	250000,	'2019-10-18 05:12:49',	'1571027708',	1),
('D50AD1D542',	35.2,	'2017-08-15 17:56:28',	'1500535542',	1),
('D5E57B0060',	250000,	'2019-10-15 11:32:29',	'1568083060',	0),
('D785696214',	330000,	'2019-03-26 15:16:25',	'1553500214',	0),
('D7E54EC193',	280,	'2017-01-18 14:39:42',	'1484715193',	1),
('D8D0A96651',	80,	'2019-10-17 14:40:25',	'1570109651',	1),
('DA4608F808',	35.2,	'2017-03-03 08:56:26',	'1488505808',	1),
('DC7D69D717',	55,	'2017-08-09 16:01:16',	'1502266717',	1),
('DCD449A728',	250000,	'2019-10-02 11:04:47',	'1538987728',	1),
('DD23703252',	145,	'2019-05-19 15:31:15',	'1555364252',	0),
('DD573E0757',	2046,	'2017-05-25 18:59:11',	'1432968757',	1),
('DED174C257',	48,	'2019-04-03 10:29:45',	'1553500257',	1),
('DF0B1F1542',	35.2,	'2017-08-18 11:33:44',	'1500535542',	1),
('DF0E9CB757',	170.5,	'2017-07-17 13:26:46',	'1432968757',	1),
('E14134A624',	330000,	'2019-04-17 16:43:02',	'1553596624',	1),
('E17CEC5060',	250000,	'2019-10-22 05:07:05',	'1568083060',	0),
('E19801A542',	170.5,	'2017-08-15 17:30:55',	'1500535542',	1),
('E1D2D72624',	50,	'2019-10-17 11:06:57',	'1553596624',	1),
('E359E02214',	24,	'2019-04-18 05:02:42',	'1553500214',	1),
('E3CF5FD252',	100,	'2019-04-17 13:53:29',	'1555364252',	0),
('E46922E807',	250000,	'2019-10-15 10:00:00',	'1570610807',	1),
('E47EBE2462',	35.2,	'2017-09-21 02:42:25',	'1505936462',	1),
('E5C13C7728',	250000,	'2019-10-14 12:41:07',	'1538987728',	1),
('E5E4F01678',	100,	'2019-04-14 18:05:22',	'1554821678',	1),
('E80160A624',	100,	'2019-04-09 11:50:20',	'1553596624',	1),
('E8AC375542',	35.2,	'2017-08-15 17:36:14',	'1500535542',	1),
('E8C3A51542',	35.2,	'2017-08-21 08:30:04',	'1500535542',	1),
('E917F22010',	170.5,	'2016-12-13 08:35:14',	'1481529010',	1),
('ED1305B624',	290,	'2019-10-23 14:15:00',	'1553596624',	1),
('ED917F7252',	3000,	'2019-10-16 15:53:43',	'1557252252',	1),
('EDD9E3B542',	1754.5,	'2017-08-21 08:47:16',	'1500535542',	1),
('EE4CC8A214',	24,	'2019-04-18 05:02:18',	'1553500214',	1),
('EE63D97909',	653.4,	'2017-05-17 15:16:35',	'1495008909',	1),
('EEE5639060',	250000,	'2019-10-15 11:34:14',	'1568083060',	0),
('EF4C787193',	20,	'2017-01-18 14:18:05',	'1484715193',	1),
('F08555E060',	250000,	'2019-10-15 09:21:28',	'1568083060',	0),
('F1D0DC1624',	100,	'2019-04-09 04:12:19',	'1553596624',	1),
('F1FF482660',	59.4,	'2017-08-02 08:53:41',	'1494497660',	1),
('F2B54FB542',	35.2,	'2017-08-16 08:43:56',	'1500535542',	1),
('F3B5E25214',	24,	'2019-04-18 04:58:08',	'1553500214',	1),
('F4B19CD624',	50,	'2019-10-12 14:42:42',	'1553596624',	1),
('F5891A6195',	1355.2,	'2017-08-17 20:10:13',	'1502975195',	1),
('F60006C865',	3000,	'2019-10-30 21:37:29',	'1557231865',	0),
('F6343FC542',	170.5,	'2017-08-15 17:49:32',	'1500535542',	1),
('F6B3ED3651',	100,	'2019-10-15 22:26:58',	'1570109651',	1),
('F776D6F252',	100,	'2019-05-19 15:45:19',	'1555364252',	1),
('F78EBC3252',	100,	'2019-04-17 17:03:01',	'1555364252',	0),
('F879EF1214',	24,	'2019-04-17 13:06:09',	'1553500214',	1),
('F90AE14807',	250000,	'2019-10-15 03:49:02',	'1570610807',	0),
('F9AA15F624',	145,	'2019-10-20 13:12:56',	'1553596624',	1),
('FA32E8D880',	600,	'2018-02-19 19:06:24',	'1519039880',	1),
('FA7527A865',	70,	'2019-10-30 21:11:54',	'1557231865',	1),
('FADE108922',	1469.44,	'2018-03-11 21:53:27',	'1520342922',	1),
('FB309A5462',	277.2,	'2017-09-21 02:45:28',	'1505936462',	1),
('FBAC569717',	20,	'2017-08-09 16:30:51',	'1502266717',	1),
('FBBF859994',	170.5,	'2017-08-16 08:19:16',	'1501859994',	1),
('FE15801252',	100,	'2019-04-18 12:38:38',	'1555364252',	0),
('FEA2C36865',	3300,	'2019-10-22 15:45:08',	'1557231865',	1),
('FF69CF0252',	100,	'2019-04-15 23:59:50',	'1555364252',	1),
('FFAA6EA214',	890000,	'2019-04-03 10:39:03',	'1553500214',	0),
('FFB1DB3756',	120,	'2019-10-23 19:48:21',	'1571838756',	1);

CREATE TABLE `order_total` (
  `id` int(11) NOT NULL AUTO_INCREMENT,
  `orderId` varchar(255) DEFAULT NULL,
  `total` float DEFAULT NULL,
  `tax` double DEFAULT NULL,
  `shipping` double DEFAULT NULL,
  `grandTotal` double DEFAULT NULL,
  `dateCreated` datetime DEFAULT NULL,
  PRIMARY KEY (`id`)
) ENGINE=InnoDB DEFAULT CHARSET=utf8;

INSERT INTO `order_total` (`id`, `orderId`, `total`, `tax`, `shipping`, `grandTotal`, `dateCreated`) VALUES
(1,	'1',	423,	0,	0,	423,	'2017-06-29 15:28:07'),
(3,	'3',	145,	14.5,	11,	170.5,	'2016-12-13 08:35:14'),
(4,	'4',	257,	25.7,	11,	293.7,	'2016-12-13 08:36:22'),
(5,	'5',	725,	72.5,	0,	797.5,	'2016-12-13 08:37:45'),
(6,	'6',	110,	12.1,	11,	133.1,	'2016-12-13 14:41:12'),
(7,	'7',	1200,	0,	0,	1200,	'2016-12-13 14:43:00'),
(8,	'8',	20,	0,	0,	20,	'2017-01-18 14:13:11'),
(9,	'9',	20,	0,	0,	20,	'2017-01-18 14:17:48'),
(10,	'10',	20,	0,	0,	20,	'2017-01-18 14:18:05'),
(11,	'11',	99,	9.9,	11,	119.9,	'2017-01-18 14:19:34'),
(12,	'12',	280,	0,	0,	280,	'2017-01-18 14:39:42'),
(13,	'13',	300,	0,	0,	300,	'2017-02-20 18:05:20'),
(14,	'14',	22,	2.2,	11,	35.2,	'2017-03-03 08:56:26'),
(15,	'15',	20,	0,	0,	20,	'2017-03-03 11:51:35'),
(16,	'16',	99,	9.9,	11,	119.9,	'2017-03-11 00:59:48'),
(17,	'17',	145,	14.5,	11,	170.5,	'2017-04-28 17:46:39'),
(18,	'18',	22,	2.2,	11,	35.2,	'2017-05-11 16:45:18'),
(19,	'19',	594,	59.4,	0,	653.4,	'2017-05-17 15:16:35'),
(20,	'20',	88,	8.8,	11,	107.8,	'2017-05-25 18:56:14'),
(21,	'21',	2046,	0,	0,	2046,	'2017-05-25 18:59:11'),
(22,	'22',	2046,	0,	0,	2046,	'2017-05-25 19:21:28'),
(23,	'23',	769,	76.9,	0,	845.9,	'2017-05-25 19:25:02'),
(24,	'24',	123,	0,	0,	123,	'2017-05-25 19:25:02'),
(25,	'25',	140,	0,	0,	140,	'2017-05-25 22:44:25'),
(26,	'26',	246,	24.6,	11,	281.6,	'2017-05-25 22:44:25'),
(27,	'27',	200,	0,	0,	200,	'2017-05-25 22:44:25'),
(28,	'28',	633,	63.3,	0,	696.3,	'2017-05-25 22:59:30'),
(29,	'29',	423,	0,	0,	423,	'2017-05-25 22:59:30'),
(30,	'30',	330,	0,	0,	330,	'2017-05-25 22:59:30'),
(31,	'31',	5,	0,	0,	5,	'2017-05-25 22:59:30'),
(33,	'33',	1968,	236.16,	0,	2204.16,	'2017-05-26 13:05:33'),
(34,	'34',	1968,	236.16,	0,	2204.16,	'2017-05-26 13:12:57'),
(35,	'35',	1968,	236.16,	0,	2204.16,	'2017-05-26 13:11:09'),
(36,	'36',	656,	78.72,	0,	734.72,	'2017-05-26 13:29:57'),
(37,	'37',	656,	78.72,	0,	734.72,	'2017-05-26 13:26:06'),
(38,	'38',	1108,	132.96,	0,	1240.96,	'2017-05-26 13:46:21'),
(40,	'40',	145,	14.5,	11,	170.5,	'2017-05-29 18:05:48'),
(41,	'41',	246,	0,	0,	246,	'2017-05-29 18:07:59'),
(42,	'42',	246,	0,	0,	246,	'2017-05-29 18:08:19'),
(43,	'43',	145,	14.5,	11,	170.5,	'2017-07-17 13:26:46'),
(44,	'44',	20,	0,	0,	20,	'2017-07-20 03:50:16'),
(45,	'45',	300,	0,	0,	300,	'2017-07-20 09:47:27'),
(46,	'46',	99,	9.9,	11,	119.9,	'2017-07-20 10:02:53'),
(47,	'47',	50,	0,	0,	50,	'2017-07-20 10:02:53'),
(48,	'48',	300,	0,	0,	300,	'2017-07-20 10:02:53'),
(49,	'49',	99,	9.9,	11,	119.9,	'2017-07-26 15:15:51'),
(50,	'50',	198,	19.8,	11,	228.8,	'2017-08-01 17:38:01'),
(51,	'51',	701,	70.1,	0,	771.1,	'2017-08-01 17:57:17'),
(52,	'52',	123,	0,	0,	123,	'2017-08-01 17:57:17'),
(53,	'53',	244,	24.4,	11,	279.4,	'2017-08-02 08:36:44'),
(54,	'54',	44,	4.4,	11,	59.4,	'2017-08-02 08:53:41'),
(58,	'58',	20,	0,	0,	20,	'2017-08-09 15:56:59'),
(59,	'59',	55,	0,	0,	55,	'2017-08-09 16:01:16'),
(73,	'73',	20,	0,	0,	20,	'2017-08-09 16:30:51'),
(74,	'74',	145,	14.5,	11,	170.5,	'2017-08-09 16:42:05'),
(75,	'75',	145,	14.5,	11,	170.5,	'2017-08-09 16:42:28'),
(76,	'76',	99,	9.9,	11,	119.9,	'2017-08-09 16:44:44'),
(77,	'77',	145,	14.5,	11,	170.5,	'2017-08-09 16:45:21'),
(78,	'78',	99,	9.9,	11,	119.9,	'2017-08-09 16:46:35'),
(79,	'79',	22,	2.2,	11,	35.2,	'2017-08-09 17:00:59'),
(80,	'80',	22,	2.2,	11,	35.2,	'2017-08-09 17:05:59'),
(81,	'81',	167,	16.7,	11,	194.7,	'2017-08-11 12:00:13'),
(82,	'82',	99,	9.9,	11,	119.9,	'2017-08-11 13:34:54'),
(83,	'83',	100,	0,	0,	100,	'2017-08-11 13:34:54'),
(84,	'84',	123,	0,	0,	123,	'2017-08-11 13:39:11'),
(85,	'85',	145,	14.5,	11,	170.5,	'2017-08-15 16:30:48'),
(86,	'86',	145,	14.5,	11,	170.5,	'2017-08-15 17:30:55'),
(87,	'87',	22,	2.2,	11,	35.2,	'2017-08-15 17:32:00'),
(88,	'88',	22,	2.2,	11,	35.2,	'2017-08-15 17:34:59'),
(89,	'89',	22,	2.2,	11,	35.2,	'2017-08-15 17:36:14'),
(90,	'90',	145,	14.5,	11,	170.5,	'2017-08-15 17:49:32'),
(91,	'91',	22,	2.2,	11,	35.2,	'2017-08-15 17:56:28'),
(92,	'92',	145,	14.5,	11,	170.5,	'2017-08-16 08:17:58'),
(93,	'93',	5,	0,	0,	5,	'2017-08-16 08:17:58'),
(94,	'94',	145,	14.5,	11,	170.5,	'2017-08-16 08:19:16'),
(95,	'95',	22,	2.2,	11,	35.2,	'2017-08-16 08:43:56'),
(96,	'96',	22,	2.2,	11,	35.2,	'2017-08-16 08:54:03'),
(97,	'97',	22,	2.2,	11,	35.2,	'2017-08-16 09:35:48'),
(98,	'98',	22,	2.2,	11,	35.2,	'2017-08-16 10:04:26'),
(99,	'99',	1210,	145.2,	0,	1355.2,	'2017-08-17 20:10:13'),
(100,	'100',	1210,	145.2,	0,	1355.2,	'2017-08-17 20:10:44'),
(101,	'101',	1210,	145.2,	0,	1355.2,	'2017-08-17 20:12:36'),
(102,	'102',	167,	16.7,	11,	194.7,	'2017-08-17 20:12:36'),
(103,	'103',	22,	2.2,	11,	35.2,	'2017-08-18 11:22:40'),
(104,	'104',	22,	2.2,	11,	35.2,	'2017-08-18 11:25:28'),
(105,	'105',	22,	2.2,	11,	35.2,	'2017-08-18 11:29:48'),
(106,	'106',	22,	2.2,	11,	35.2,	'2017-08-18 11:30:28'),
(107,	'107',	22,	2.2,	11,	35.2,	'2017-08-18 11:33:44'),
(108,	'108',	22,	2.2,	11,	35.2,	'2017-08-18 11:43:00'),
(109,	'109',	22,	2.2,	11,	35.2,	'2017-08-18 11:46:12'),
(110,	'110',	22,	2.2,	11,	35.2,	'2017-08-18 14:06:29'),
(111,	'111',	300,	0,	0,	300,	'2017-08-18 14:07:41'),
(112,	'112',	22,	2.2,	11,	35.2,	'2017-08-21 08:30:04'),
(113,	'113',	101,	10.1,	11,	122.1,	'2017-08-21 08:32:57'),
(114,	'114',	79,	7.9,	11,	97.9,	'2017-08-21 08:37:44'),
(115,	'115',	22,	2.2,	11,	35.2,	'2017-08-21 08:44:00'),
(116,	'116',	1595,	159.5,	0,	1754.5,	'2017-08-21 08:47:16'),
(117,	'117',	99,	9.9,	11,	119.9,	'2017-08-21 08:51:22'),
(118,	'118',	167,	16.7,	11,	194.7,	'2017-08-21 12:18:28'),
(119,	'119',	24,	0,	0,	24,	'2017-08-21 12:18:28'),
(120,	'120',	300,	0,	0,	300,	'2017-09-19 14:26:38'),
(121,	'121',	22,	2.2,	11,	35.2,	'2017-09-21 02:42:25'),
(122,	'122',	145,	14.5,	11,	170.5,	'2017-09-21 02:43:19'),
(123,	'123',	242,	24.2,	11,	277.2,	'2017-09-21 02:45:28'),
(124,	'124',	121,	12.1,	11,	144.1,	'2017-09-21 19:24:28'),
(125,	'125',	99,	9.9,	11,	119.9,	'2017-09-21 19:26:10'),
(126,	'126',	55,	0,	0,	55,	'2017-09-21 19:28:22'),
(127,	'127',	121,	12.1,	11,	144.1,	'2017-09-22 17:36:41'),
(128,	'128',	145,	15.6,	11,	171.6,	'2017-10-21 21:13:04'),
(129,	'129',	22,	2.2,	11,	35.2,	'2017-11-06 22:41:05'),
(130,	'130',	600,	0,	0,	600,	'2017-11-06 22:41:05'),
(131,	'131',	300,	0,	0,	300,	'2017-11-13 23:18:15'),
(132,	'132',	300,	0,	0,	300,	'2017-11-13 23:18:21'),
(133,	'133',	123,	0,	0,	123,	'2017-11-25 11:39:02'),
(134,	'134',	246,	0,	0,	246,	'2017-11-25 13:00:04'),
(135,	'135',	99,	9.9,	11,	119.9,	'2018-01-12 06:48:31'),
(136,	'136',	300,	0,	0,	300,	'2018-01-12 06:48:31'),
(137,	'137',	22,	2.2,	11,	35.2,	'2018-01-17 23:34:17'),
(138,	'138',	435,	43.5,	11,	489.5,	'2018-01-17 23:35:47'),
(139,	'139',	99,	9.9,	11,	119.9,	'2018-01-17 23:44:33'),
(140,	'140',	145,	14.5,	11,	170.5,	'2018-02-19 18:57:48'),
(141,	'141',	600,	0,	0,	600,	'2018-02-19 19:06:24'),
(142,	'142',	244,	24.4,	11,	279.4,	'2018-02-21 05:49:34'),
(143,	'143',	435,	43.5,	11,	489.5,	'2018-02-22 15:33:38'),
(144,	'144',	123,	0,	0,	123,	'2018-02-22 15:36:24'),
(145,	'145',	99,	9.9,	11,	119.9,	'2018-03-06 20:31:09'),
(146,	'146',	1312,	157.44,	0,	1469.44,	'2018-03-11 21:53:27'),
(147,	'147',	99,	9.9,	11,	119.9,	'2018-03-12 19:38:31'),
(148,	'148',	1046,	0,	0,	1046,	'2018-03-13 06:37:15'),
(149,	'149',	99,	9.9,	11,	119.9,	'2018-07-01 02:14:35'),
(150,	'150',	123,	0,	0,	123,	'2018-07-01 02:14:35'),
(151,	'151',	121,	12.1,	11,	144.1,	'2018-11-22 16:19:05'),
(152,	'152',	123,	0,	0,	123,	'2018-11-23 08:35:06'),
(153,	'153',	145,	14.5,	11,	170.5,	'2018-11-23 08:35:06'),
(154,	'154',	210000,	0,	0,	210000,	'2019-03-26 09:55:25'),
(155,	'155',	330000,	0,	0,	330000,	'2019-03-26 13:59:11'),
(156,	'156',	330000,	0,	0,	330000,	'2019-03-26 15:10:00'),
(157,	'157',	330000,	0,	0,	330000,	'2019-03-26 15:10:38'),
(158,	'158',	330000,	0,	0,	330000,	'2019-03-26 15:16:25'),
(159,	'159',	330000,	0,	0,	330000,	'2019-03-26 15:18:03'),
(160,	'160',	40000,	0,	0,	40000,	'2019-03-26 16:58:03'),
(161,	'161',	40000,	0,	0,	40000,	'2019-03-26 17:01:08'),
(162,	'162',	24,	0,	0,	24,	'2019-03-26 17:06:24'),
(163,	'163',	330000,	0,	0,	330000,	'2019-03-26 17:08:10'),
(164,	'164',	330000,	0,	0,	330000,	'2019-03-26 19:11:33'),
(165,	'165',	150000,	0,	0,	150000,	'2019-03-27 05:56:08'),
(166,	'166',	330000,	0,	0,	330000,	'2019-03-31 20:03:09'),
(167,	'167',	990000,	0,	0,	990000,	'2019-04-03 10:29:36'),
(168,	'168',	48,	0,	0,	48,	'2019-04-03 10:25:07'),
(169,	'169',	48,	0,	0,	48,	'2019-04-03 10:29:45'),
(170,	'170',	890000,	0,	0,	890000,	'2019-04-03 10:39:03'),
(171,	'171',	210048,	0,	0,	210048,	'2019-04-03 11:18:55'),
(172,	'172',	100,	0,	0,	100,	'2019-04-03 14:57:16'),
(173,	'173',	100,	0,	0,	100,	'2019-04-03 21:12:41'),
(174,	'174',	100,	0,	0,	100,	'2019-04-04 02:47:50'),
(175,	'175',	100,	0,	0,	100,	'2019-04-27 17:56:15'),
(176,	'176',	100,	0,	0,	100,	'2019-04-09 04:12:19'),
(177,	'177',	100,	0,	0,	100,	'2019-04-09 11:50:20'),
(178,	'178',	100,	0,	0,	100,	'2019-04-09 12:29:29'),
(179,	'179',	410000,	0,	0,	410000,	'2019-04-13 14:51:08'),
(180,	'180',	100,	0,	0,	100,	'2019-04-14 18:10:18'),
(181,	'181',	100,	0,	0,	100,	'2019-04-15 22:32:07'),
(182,	'182',	100,	0,	0,	100,	'2019-04-16 00:00:55'),
(183,	'183',	24,	0,	0,	24,	'2019-04-17 13:06:09'),
(184,	'184',	100,	0,	0,	100,	'2019-04-17 13:53:29'),
(185,	'185',	100,	0,	0,	100,	'2019-04-17 14:44:35'),
(186,	'186',	100,	0,	0,	100,	'2019-04-17 16:41:56'),
(187,	'187',	100,	0,	0,	100,	'2019-04-17 16:42:07'),
(188,	'188',	330000,	0,	0,	330000,	'2019-04-17 16:43:02'),
(189,	'189',	100,	0,	0,	100,	'2019-04-17 16:43:56'),
(190,	'190',	330000,	0,	0,	330000,	'2019-04-17 16:44:53'),
(191,	'191',	100,	0,	0,	100,	'2019-04-17 16:46:28'),
(192,	'192',	100,	0,	0,	100,	'2019-04-17 17:02:18'),
(193,	'193',	100,	0,	0,	100,	'2019-04-17 17:03:01'),
(194,	'194',	24,	0,	0,	24,	'2019-04-18 04:56:53'),
(195,	'195',	24,	0,	0,	24,	'2019-04-18 04:57:41'),
(196,	'196',	24,	0,	0,	24,	'2019-04-18 04:58:08'),
(197,	'197',	24,	0,	0,	24,	'2019-04-18 04:59:15'),
(198,	'198',	24,	0,	0,	24,	'2019-04-18 05:00:44'),
(199,	'199',	24,	0,	0,	24,	'2019-04-18 05:02:18'),
(200,	'200',	24,	0,	0,	24,	'2019-04-18 05:02:42'),
(201,	'201',	24,	0,	0,	24,	'2019-04-18 05:02:45'),
(202,	'202',	24,	0,	0,	24,	'2019-04-18 05:02:47'),
(203,	'203',	24,	0,	0,	24,	'2019-04-18 05:03:14'),
(204,	'204',	24,	0,	0,	24,	'2019-04-18 05:06:11'),
(205,	'205',	24,	0,	0,	24,	'2019-04-18 05:52:26'),
(206,	'206',	24,	0,	0,	24,	'2019-04-18 05:57:43'),
(207,	'207',	24,	0,	0,	24,	'2019-04-18 05:58:39'),
(208,	'208',	24,	0,	0,	24,	'2019-04-18 05:59:15'),
(209,	'209',	24,	0,	0,	24,	'2019-04-18 05:59:37'),
(210,	'210',	24,	0,	0,	24,	'2019-04-18 05:59:42'),
(211,	'211',	24,	0,	0,	24,	'2019-04-18 06:02:01'),
(212,	'212',	24,	0,	0,	24,	'2019-04-18 06:02:26'),
(213,	'213',	50055,	0,	0,	50055,	'2019-04-18 06:09:50'),
(214,	'214',	24,	0,	0,	24,	'2019-04-18 12:00:37'),
(215,	'215',	210000,	0,	0,	210000,	'2019-04-18 12:14:35'),
(216,	'216',	55,	0,	0,	55,	'2019-04-18 12:16:22'),
(217,	'217',	24,	0,	0,	24,	'2019-04-18 12:20:51'),
(218,	'218',	100,	0,	0,	100,	'2019-04-18 12:38:38'),
(219,	'219',	100,	0,	0,	100,	'2019-04-18 15:38:18'),
(220,	'220',	100,	0,	0,	100,	'2019-04-18 21:05:04'),
(221,	'221',	100,	0,	0,	100,	'2019-04-19 12:02:56'),
(222,	'222',	100,	0,	0,	100,	'2019-04-27 17:55:33'),
(223,	'223',	100,	0,	0,	100,	'2019-04-26 15:33:44'),
(224,	'224',	100,	0,	0,	100,	'2019-04-26 15:40:02'),
(225,	'225',	100,	0,	0,	100,	'2019-04-27 17:54:34'),
(226,	'226',	100,	0,	0,	100,	'2019-04-27 22:36:03'),
(227,	'227',	380,	0,	0,	380,	'2019-05-12 01:47:21'),
(228,	'228',	100,	0,	0,	100,	'2019-05-12 01:48:35'),
(229,	'229',	350,	0,	0,	350,	'2019-05-16 05:11:20'),
(230,	'230',	100,	0,	0,	100,	'2019-05-18 16:23:25'),
(231,	'231',	100,	0,	0,	100,	'2019-05-18 19:52:04'),
(232,	'232',	145,	0,	0,	145,	'2019-05-19 14:54:54'),
(233,	'233',	145,	0,	0,	145,	'2019-05-19 15:00:28'),
(234,	'234',	145,	0,	0,	145,	'2019-05-19 15:10:57'),
(235,	'235',	145,	0,	0,	145,	'2019-05-19 15:31:15'),
(236,	'236',	100,	0,	0,	100,	'2019-05-19 15:45:19'),
(237,	'237',	100,	0,	0,	100,	'2019-05-19 15:46:04'),
(238,	'238',	58000,	0,	0,	58000,	'2019-05-27 17:55:36'),
(239,	'239',	55,	0,	0,	55,	'2019-05-27 17:56:06'),
(240,	'240',	190,	0,	0,	190,	'2019-05-27 17:56:44'),
(241,	'241',	300,	0,	0,	300,	'2019-08-12 04:28:37'),
(242,	'242',	7582,	0,	0,	7582,	'2019-08-12 04:37:05'),
(243,	'243',	2782,	0,	0,	2782,	'2019-08-12 11:32:30'),
(244,	'244',	400,	0,	0,	400,	'2019-08-12 12:08:42'),
(245,	'245',	45,	0,	0,	45,	'2019-08-13 11:53:44'),
(246,	'246',	3300,	0,	0,	3300,	'2019-09-22 23:23:38'),
(247,	'247',	250000,	0,	0,	250000,	'2019-10-02 11:04:47'),
(248,	'248',	10000000,	0,	0,	10000000,	'2019-10-03 12:39:15'),
(249,	'249',	10000000,	0,	0,	10000000,	'2019-10-03 13:33:48'),
(250,	'250',	3300,	0,	0,	3300,	'2019-10-03 16:57:13'),
(251,	'251',	5600,	0,	0,	5600,	'2019-10-03 16:59:29'),
(252,	'252',	2300,	0,	0,	2300,	'2019-10-06 13:13:23'),
(253,	'253',	10000400,	0,	0,	10000374,	'2019-10-08 01:06:03'),
(254,	'254',	445,	0,	0,	445,	'2019-10-09 10:11:00'),
(255,	'255',	145,	0,	0,	145,	'2019-10-09 23:19:58'),
(256,	'256',	123,	0,	0,	123,	'2019-10-10 07:07:20'),
(257,	'257',	3300,	0,	0,	3300,	'2019-10-10 14:09:36'),
(258,	'258',	50,	0,	0,	50,	'2019-10-12 14:44:41'),
(259,	'259',	250000,	0,	0,	250000,	'2019-10-14 12:31:52'),
(260,	'260',	250000,	0,	0,	250000,	'2019-10-14 12:41:07'),
(261,	'261',	123,	0,	0,	123,	'2019-10-14 16:04:23'),
(262,	'262',	250000,	0,	0,	250000,	'2019-10-15 03:49:02'),
(263,	'263',	250000,	0,	0,	250000,	'2019-10-15 05:25:16'),
(264,	'264',	145,	0,	0,	145,	'2019-10-15 06:30:43'),
(265,	'265',	250000,	0,	0,	250000,	'2019-10-15 09:21:28'),
(266,	'266',	250000,	0,	0,	250000,	'2019-10-15 09:24:01'),
(267,	'267',	250000,	0,	0,	250000,	'2019-10-15 09:57:31'),
(268,	'268',	250000,	0,	0,	250000,	'2019-10-15 10:00:00'),
(269,	'269',	250000,	0,	0,	250000,	'2019-10-15 10:25:14'),
(270,	'270',	250000,	0,	0,	250000,	'2019-10-15 10:26:53'),
(271,	'271',	250000,	0,	0,	250000,	'2019-10-15 10:27:29'),
(272,	'272',	500000,	0,	0,	500000,	'2019-10-15 10:28:05'),
(273,	'273',	250000,	0,	0,	250000,	'2019-10-15 10:33:51'),
(274,	'274',	250000,	0,	0,	250000,	'2019-10-15 10:34:15'),
(275,	'275',	250000,	0,	0,	250000,	'2019-10-15 11:05:09'),
(276,	'276',	250000,	0,	0,	250000,	'2019-10-15 11:26:00'),
(277,	'277',	250000,	0,	0,	250000,	'2019-10-15 11:32:29'),
(278,	'278',	250000,	0,	0,	250000,	'2019-10-15 11:33:19'),
(279,	'279',	250000,	0,	0,	250000,	'2019-10-15 11:33:48'),
(280,	'280',	250000,	0,	0,	250000,	'2019-10-15 11:34:14'),
(281,	'281',	250000,	0,	0,	250000,	'2019-10-15 11:35:15'),
(282,	'282',	250123,	0,	0,	250123,	'2019-10-15 11:48:26'),
(283,	'283',	50,	0,	0,	50,	'2019-10-15 15:02:16'),
(284,	'284',	50,	0,	0,	50,	'2019-10-15 22:21:37'),
(285,	'285',	50,	0,	0,	50,	'2019-10-15 22:23:19'),
(286,	'286',	2300,	0,	0,	2300,	'2019-10-15 22:25:41'),
(287,	'287',	100,	0,	0,	100,	'2019-10-15 22:26:58'),
(288,	'288',	3300,	0,	0,	3300,	'2019-10-16 08:48:22'),
(289,	'289',	5780,	0,	0,	5780,	'2019-10-16 10:57:21'),
(290,	'290',	50,	0,	0,	50,	'2019-10-16 14:13:52'),
(291,	'291',	3000,	0,	0,	3000,	'2019-10-16 15:53:43'),
(292,	'292',	3300,	0,	0,	3300,	'2019-10-16 15:54:39'),
(293,	'293',	145,	0,	0,	145,	'2019-10-16 15:55:21'),
(294,	'294',	300,	0,	0,	300,	'2019-10-16 15:55:43'),
(295,	'295',	80,	0,	0,	80,	'2019-10-16 15:56:11'),
(296,	'296',	150,	0,	0,	150,	'2019-10-17 03:55:00'),
(297,	'297',	2300,	0,	0,	2300,	'2019-10-17 03:57:51'),
(298,	'298',	2300,	0,	0,	2300,	'2019-10-17 03:59:12'),
(299,	'299',	250000,	0,	0,	250000,	'2019-10-17 06:07:57'),
(300,	'300',	50,	0,	0,	50,	'2019-10-17 11:06:57'),
(301,	'301',	200,	0,	0,	200,	'2019-10-17 11:09:33'),
(302,	'302',	80,	0,	0,	80,	'2019-10-17 14:40:25'),
(303,	'303',	250000,	0,	0,	250000,	'2019-10-18 05:12:49'),
(304,	'304',	250000,	0,	0,	250000,	'2019-10-18 05:24:39'),
(305,	'305',	250000,	0,	0,	250000,	'2019-10-18 05:28:41'),
(306,	'306',	3000,	0,	0,	3000,	'2019-10-20 13:01:58'),
(307,	'307',	145,	0,	0,	145,	'2019-10-20 13:12:56'),
(308,	'308',	250000,	0,	0,	250000,	'2019-10-22 04:22:14'),
(309,	'309',	250000,	0,	0,	250000,	'2019-10-22 04:39:39'),
(310,	'310',	250000,	0,	0,	250000,	'2019-10-22 04:42:47'),
(311,	'311',	250000,	0,	0,	250000,	'2019-10-22 05:07:05'),
(312,	'312',	250000,	0,	0,	250000,	'2019-10-22 05:18:04'),
(313,	'313',	250000,	0,	0,	250000,	'2019-10-22 08:35:09'),
(314,	'314',	250000,	0,	0,	250000,	'2019-10-22 09:01:35'),
(315,	'315',	750000,	0,	0,	750000,	'2019-10-22 09:18:38'),
(316,	'316',	250000,	0,	0,	250000,	'2019-10-22 09:24:45'),
(317,	'317',	5700,	0,	0,	5700,	'2019-10-22 09:25:29'),
(318,	'318',	50,	0,	0,	50,	'2019-10-22 09:53:38'),
(319,	'319',	350,	0,	0,	350,	'2019-10-22 10:08:34'),
(320,	'320',	3300,	0,	0,	3300,	'2019-10-22 10:26:41'),
(321,	'321',	3000,	0,	0,	3000,	'2019-10-22 10:48:52'),
(322,	'322',	50,	0,	0,	50,	'2019-10-22 11:00:39'),
(323,	'323',	3080,	0,	0,	3080,	'2019-10-22 11:07:51'),
(324,	'324',	3300,	0,	0,	3300,	'2019-10-22 13:21:26'),
(325,	'325',	3300,	0,	0,	3300,	'2019-10-22 15:21:31'),
(326,	'326',	145,	0,	0,	145,	'2019-10-22 15:24:04'),
(327,	'327',	145,	0,	0,	145,	'2019-10-22 15:25:01'),
(328,	'328',	300,	0,	0,	300,	'2019-10-22 15:25:36'),
(329,	'329',	100,	0,	0,	100,	'2019-10-22 15:26:10'),
(330,	'330',	100,	0,	0,	100,	'2019-10-22 15:26:44'),
(331,	'331',	3000,	0,	0,	3000,	'2019-10-22 15:42:30'),
(332,	'332',	3300,	0,	0,	3300,	'2019-10-22 15:45:08'),
(333,	'333',	145,	0,	0,	145,	'2019-10-22 15:45:31'),
(334,	'334',	250,	0,	0,	250,	'2019-10-23 04:52:10'),
(335,	'335',	250,	0,	0,	250,	'2019-10-23 04:52:41'),
(336,	'336',	250,	0,	0,	250,	'2019-10-23 04:53:02'),
(337,	'337',	250,	0,	0,	250,	'2019-10-23 04:53:30'),
(338,	'338',	250000,	0,	0,	250000,	'2019-10-23 11:16:57'),
(339,	'339',	250000,	0,	0,	250000,	'2019-10-23 11:27:52'),
(340,	'340',	250000,	0,	0,	250000,	'2019-10-23 11:30:19'),
(341,	'341',	250000,	0,	0,	250000,	'2019-10-23 11:33:01'),
(342,	'342',	250000,	0,	0,	250000,	'2019-10-23 11:34:06'),
(343,	'343',	250000,	0,	0,	250000,	'2019-10-23 11:34:31'),
(344,	'344',	250000,	0,	0,	250000,	'2019-10-23 11:48:47'),
(345,	'345',	250000,	0,	0,	250000,	'2019-10-23 11:50:19'),
(346,	'346',	290,	0,	0,	290,	'2019-10-23 14:15:00'),
(347,	'347',	2300,	0,	0,	2300,	'2019-10-23 14:25:08'),
(348,	'348',	120,	0,	0,	120,	'2019-10-23 19:47:38'),
(349,	'349',	120,	0,	0,	120,	'2019-10-23 19:48:21'),
(350,	'350',	120,	0,	0,	120,	'2019-10-23 19:50:19'),
(352,	'352',	70,	0,	0,	70,	'2019-10-26 01:46:55'),
(353,	'353',	50,	0,	0,	50,	'2019-10-26 01:49:41'),
(354,	'354',	290,	0,	0,	290,	'2019-10-27 23:44:14'),
(355,	'355',	600,	0,	0,	600,	'2019-10-29 04:10:49'),
(356,	'356',	70,	0,	0,	70,	'2019-10-30 12:08:09'),
(357,	'357',	9280,	0,	0,	9280,	'2019-10-30 12:17:46'),
(358,	'358',	70,	0,	0,	70,	'2019-10-30 21:09:59'),
(359,	'359',	70,	0,	0,	70,	'2019-10-30 21:11:54'),
(360,	'360',	70,	0,	0,	70,	'2019-10-30 21:12:10'),
(361,	'361',	2910,	0,	0,	2910,	'2019-10-30 21:35:43'),
(362,	'362',	70,	0,	0,	70,	'2019-10-30 21:36:55'),
(363,	'363',	3000,	0,	0,	3000,	'2019-10-30 21:37:29'),
(364,	'364',	80,	0,	0,	80,	'2019-10-30 21:38:01');

CREATE TABLE `payment_information` (
  `id` int(11) NOT NULL AUTO_INCREMENT,
  `account_id` varchar(30) NOT NULL,
  `full_name` varchar(200) NOT NULL,
  `address` varchar(200) NOT NULL,
  `city` varchar(200) NOT NULL,
  `state` varchar(200) NOT NULL,
  `zip_code` varchar(200) NOT NULL,
  `country` varchar(200) NOT NULL,
  `bank_account` varchar(200) NOT NULL,
  `account_number` varchar(200) NOT NULL,
  `swift_code` varchar(200) NOT NULL,
  `bank_name` varchar(200) NOT NULL,
  `bank_country` varchar(200) NOT NULL,
  `paypal_address` varchar(200) NOT NULL,
  PRIMARY KEY (`id`)
) ENGINE=InnoDB DEFAULT CHARSET=utf8;

INSERT INTO `payment_information` (`id`, `account_id`, `full_name`, `address`, `city`, `state`, `zip_code`, `country`, `bank_account`, `account_number`, `swift_code`, `bank_name`, `bank_country`, `paypal_address`) VALUES
(1,	'1397811111',	'dan',	'5433456',	'Bangalore',	'N/A',	'4656',	'N/A',	'N/A',	'N/A',	'N/A',	'N/A',	'N/A',	'N/A'),
(2,	'1479096677',	'Hicom Piizaa',	'Address 16',	'Sydney',	'N/A',	'100000',	'N/A',	'N/A',	'N/A',	'N/A',	'N/A',	'N/A',	'N/A'),
(3,	'1',	'Chris Ho',	'696969696',	'Sydney',	'Sydney',	'4656',	'Au',	'hicom',	'79797979',	'9899',	'Au Bank',	'Au Bank',	'N/A'),
(4,	'1481339406',	'Pham Dan Truong',	'the address of Dan Truong',	'City',	'state',	'zip code',	'country',	'bank account',	'account number',	'swift code',	'bank name',	'bank country',	'dantruong@gmail.com'),
(5,	'1481344864',	'a',	'a',	'a',	'N/A',	'a',	'N/A',	'N/A',	'N/A',	'N/A',	'N/A',	'N/A',	'N/A'),
(6,	'1481353138',	'a',	'a',	'a',	'N/A',	'a',	'N/A',	'N/A',	'N/A',	'N/A',	'N/A',	'N/A',	'N/A'),
(7,	'1481612156',	'Thomas',	'Unit 2/66, Blackburn Road, Blackburn',	'Melbourne',	'N/A',	'3130',	'N/A',	'N/A',	'N/A',	'N/A',	'N/A',	'N/A',	'N/A'),
(8,	'1481615705',	'Linda',	'Unit 5/66, Blackburn Road',	'Melbourne',	'N/A',	'3130',	'N/A',	'N/A',	'N/A',	'N/A',	'N/A',	'N/A',	'N/A'),
(9,	'1481616699',	'Katarina',	'68 Blackburn Road',	'Melbourne',	'N/A',	'3130',	'N/A',	'N/A',	'N/A',	'N/A',	'N/A',	'N/A',	'N/A'),
(10,	'1481623122',	'Linda',	'68 Blackburn Road',	'Melbourne',	'N/A',	'3130',	'N/A',	'N/A',	'N/A',	'N/A',	'N/A',	'N/A',	'N/A'),
(11,	'1488516592',	'Phạm Điệp',	'address',	'Bangalore',	'N/A',	'10000',	'N/A',	'N/A',	'N/A',	'N/A',	'N/A',	'N/A',	'N/A'),
(12,	'1492576113',	'Troncoso ',	'333',	'333',	'N/A',	'333',	'N/A',	'N/A',	'N/A',	'N/A',	'N/A',	'N/A',	'N/A'),
(13,	'1495775393',	'Lwifunyo Mangula',	'Dar es Salaam, Salasala',	'Dar es Salaam',	'N/A',	'255',	'N/A',	'N/A',	'N/A',	'N/A',	'N/A',	'N/A',	'N/A'),
(14,	'1500488406',	'jean-philip',	'pv',	'Port-au-Prince',	'N/A',	'509',	'N/A',	'N/A',	'N/A',	'N/A',	'N/A',	'N/A',	'N/A'),
(15,	'1500495019',	'Carl-Hens Fievre',	'Delmas',	'Port-au-Prince',	'N/A',	'3131',	'N/A',	'N/A',	'N/A',	'N/A',	'N/A',	'N/A',	'N/A'),
(16,	'1502848852',	'Son Hoang',	'abciiiw',	'Bangalore',	'N/A',	'18884',	'N/A',	'N/A',	'N/A',	'N/A',	'N/A',	'N/A',	'N/A'),
(17,	'1502940999',	'ejemplo',	'dirección de ejmplo',	'Bangalore',	'N/A',	'00009',	'N/A',	'N/A',	'N/A',	'N/A',	'N/A',	'N/A',	'N/A'),
(18,	'1505805629',	'ebeano',	'ebeano',	'Banjul',	'N/A',	'33333',	'N/A',	'N/A',	'N/A',	'N/A',	'N/A',	'N/A',	'N/A'),
(19,	'1512502161',	'angiekew',	'11 Roxburghe Dale',	'leeds',	'N/A',	'wf6 1ul',	'N/A',	'N/A',	'N/A',	'N/A',	'N/A',	'N/A',	'N/A'),
(20,	'1553596624',	'Mohamed',	'22Rathlyon park',	'Banjul',	'N/A',	'123',	'N/A',	'N/A',	'N/A',	'N/A',	'N/A',	'N/A',	'N/A'),
(21,	'1557230723',	'Ema',	'22rathloyn',	'Banjul',	'N/A',	'123',	'N/A',	'N/A',	'N/A',	'N/A',	'N/A',	'N/A',	'N/A'),
(22,	'1563414537',	'Trinh Luan',	'307 pham van dong , xuan dinh,bac tu liem',	'Ha noi',	'N/A',	'11908',	'N/A',	'N/A',	'N/A',	'N/A',	'N/A',	'N/A',	'N/A'),
(23,	'1563415542',	'hicomdev',	'sydney, sydney',	'Sydney',	'N/A',	'2000',	'N/A',	'N/A',	'N/A',	'N/A',	'N/A',	'N/A',	'N/A'),
(24,	'1563791517',	'LU',	'sss',	's',	'N/A',	'200',	'N/A',	'N/A',	'N/A',	'N/A',	'N/A',	'N/A',	'N/A'),
(25,	'1564469547',	'Hicom solution',	'sydney',	'sydney',	'N/A',	'2000',	'N/A',	'N/A',	'N/A',	'N/A',	'N/A',	'N/A',	'N/A'),
(26,	'1565688072',	'Mohamed',	'22rathloyn',	'Banjul',	'N/A',	'D24Y2HY',	'N/A',	'N/A',	'N/A',	'N/A',	'N/A',	'N/A',	'N/A'),
(27,	'1553500257',	'Aloha',	'Hicom',	'Banjul',	'N/A',	'2356',	'N/A',	'N/A',	'N/A',	'N/A',	'N/A',	'N/A',	'N/A'),
(28,	'1570694668',	'KaiKai1',	'djjs',	'jsisi',	'N/A',	'6565',	'N/A',	'N/A',	'N/A',	'N/A',	'N/A',	'N/A',	'N/A'),
(29,	'1570695049',	'jdjjdkf',	'hdj',	'hdjd',	'N/A',	'9868',	'N/A',	'N/A',	'N/A',	'N/A',	'N/A',	'N/A',	'N/A'),
(30,	'1570109651',	'Gege Ahmed ',	'33Apt February ',	'Bangaze',	'N/A',	'123',	'N/A',	'N/A',	'N/A',	'N/A',	'N/A',	'N/A',	'N/A'),
(31,	'1557252562',	'Dive',	'22rathloyn',	'Banjul',	'N/A',	'123',	'N/A',	'N/A',	'N/A',	'N/A',	'N/A',	'N/A',	'N/A'),
(32,	'1571026891',	'hdjdjdj',	'hdhdh',	'hdhd',	'N/A',	'6565',	'N/A',	'N/A',	'N/A',	'N/A',	'N/A',	'N/A',	'N/A'),
(33,	'1571026654',	'jaja',	'hdhdh',	'hdhd',	'N/A',	'6565',	'N/A',	'N/A',	'N/A',	'N/A',	'N/A',	'N/A',	'N/A'),
(34,	'1571026157',	'ooooo',	'qwer',	'wwe',	'N/A',	'556',	'N/A',	'N/A',	'N/A',	'N/A',	'N/A',	'N/A',	'N/A'),
(35,	'1568083060',	'kaikai',	'tokyo',	'ho',	'N/A',	'1111',	'N/A',	'N/A',	'N/A',	'N/A',	'N/A',	'N/A',	'N/A'),
(36,	'1570610807',	'Hicom Bruce',	'Hicom',	'Hicom',	'N/A',	'123456789',	'N/A',	'N/A',	'N/A',	'N/A',	'N/A',	'N/A',	'N/A'),
(37,	'1571019883',	'dudy',	'jfififi',	'u',	'N/A',	'685',	'N/A',	'N/A',	'N/A',	'N/A',	'N/A',	'N/A',	'N/A'),
(38,	'1571027708',	'qwterrwr',	'sfgh',	'dggshs df',	'N/A',	'556646',	'N/A',	'N/A',	'N/A',	'N/A',	'N/A',	'N/A',	'N/A'),
(39,	'1557252316',	'علي يوسف',	'22rathloyn',	'Banjul',	'N/A',	'123',	'N/A',	'N/A',	'N/A',	'N/A',	'N/A',	'N/A',	'N/A'),
(40,	'1571300266',	'Ppppppdp',	'Pfpf',	'Dlld',	'N/A',	'56866',	'N/A',	'N/A',	'N/A',	'N/A',	'N/A',	'N/A',	'N/A'),
(41,	'1557231865',	'Ema Mohamed',	'22rathloyn',	'Banjul',	'N/A',	'123',	'N/A',	'N/A',	'N/A',	'N/A',	'N/A',	'N/A',	'N/A'),
(42,	'1557254765',	'rame ahmed',	'22rathloyn',	'Banjul',	'N/A',	'123',	'N/A',	'N/A',	'N/A',	'N/A',	'N/A',	'N/A',	'N/A'),
(43,	'1571742116',	'Ali Mohamed',	'22 Rathloyn ',	'Banjul',	'N/A',	'123',	'N/A',	'N/A',	'N/A',	'N/A',	'N/A',	'N/A',	'N/A'),
(44,	'1571743035',	'Nosa Mohamed',	'22 Rathloyn ',	'Banjul',	'N/A',	'123',	'N/A',	'N/A',	'N/A',	'N/A',	'N/A',	'N/A',	'N/A'),
(45,	'1557252252',	'ربيع احمد',	'22rathloyn',	'Banjul',	'N/A',	'123',	'N/A',	'N/A',	'N/A',	'N/A',	'N/A',	'N/A',	'N/A'),
(46,	'1493275818',	'Perla Troncoso',	'Bvld. Durango 116',	'Durango',	'N/A',	'34116',	'N/A',	'N/A',	'N/A',	'N/A',	'N/A',	'N/A',	'N/A'),
(47,	'1538987728',	'mon',	'gGba',	'vVV',	'N/A',	'gGzg',	'N/A',	'N/A',	'N/A',	'N/A',	'N/A',	'N/A',	'N/A'),
(48,	'1571827162',	'Aloha',	'Pppp',	'Ppp',	'N/A',	'369',	'N/A',	'N/A',	'N/A',	'N/A',	'N/A',	'N/A',	'N/A'),
(49,	'1571827499',	'Lpopp',	'Opopp',	'Popp',	'N/A',	'369258',	'N/A',	'N/A',	'N/A',	'N/A',	'N/A',	'N/A',	'N/A'),
(50,	'1571838756',	'Emma',	'22 emma',	'Banjul',	'N/A',	'123',	'N/A',	'N/A',	'N/A',	'N/A',	'N/A',	'N/A',	'N/A'),
(51,	'1571861134',	'Rode',	'Rode',	'Banjul',	'N/A',	'123',	'N/A',	'N/A',	'N/A',	'N/A',	'N/A',	'N/A',	'N/A');

CREATE TABLE `promotion` (
  `promotion_id` int(10) NOT NULL AUTO_INCREMENT,
  `promotion_code` varchar(30) CHARACTER SET utf8 NOT NULL,
  `promotion_name` varchar(300) CHARACTER SET utf8 NOT NULL,
  `shop_id` int(11) DEFAULT NULL,
  `promotion_desc` text CHARACTER SET utf8 NOT NULL,
  `promotion_image` varchar(255) CHARACTER SET utf8 NOT NULL,
  `percent_discount` float NOT NULL DEFAULT '0',
  `start_date` date NOT NULL,
  `end_date` date DEFAULT NULL,
  `end_time` time DEFAULT NULL,
  `status` tinyint(1) DEFAULT '0',
  `lang` tinyint(1) DEFAULT NULL,
  PRIMARY KEY (`promotion_id`)
) ENGINE=InnoDB DEFAULT CHARSET=utf8 COLLATE=utf8_unicode_ci;

INSERT INTO `promotion` (`promotion_id`, `promotion_code`, `promotion_name`, `shop_id`, `promotion_desc`, `promotion_image`, `percent_discount`, `start_date`, `end_date`, `end_time`, `status`, `lang`) VALUES
(1,	'ABCD999',	'Open',	38,	'Open promotion',	'1426304455.jpg',	20,	'2015-06-02',	'2015-09-30',	'02:45:00',	1,	NULL),
(2,	'ABCD9997654',	'Open',	39,	'1234',	'1423295410.jpg',	10,	'2015-02-07',	'2015-02-28',	'03:00:00',	1,	NULL),
(3,	'66',	'car',	63,	'good car ',	'1572040973.png',	50,	'0000-00-00',	'0000-00-00',	'00:00:00',	1,	NULL);

CREATE TABLE `request` (
  `id` int(11) NOT NULL AUTO_INCREMENT,
  `user_id` varchar(255) NOT NULL,
  `shop_name` varchar(255) DEFAULT NULL,
  `category_description` text,
  `city_id` int(11) DEFAULT NULL,
  `shop_owner_name` varchar(255) DEFAULT NULL,
  `phone` varchar(255) DEFAULT NULL,
  `created` datetime DEFAULT NULL,
  PRIMARY KEY (`id`)
) ENGINE=InnoDB DEFAULT CHARSET=utf8;

INSERT INTO `request` (`id`, `user_id`, `shop_name`, `category_description`, `city_id`, `shop_owner_name`, `phone`, `created`) VALUES
(20,	'1480934455',	NULL,	NULL,	NULL,	NULL,	NULL,	'2016-12-05 17:40:55'),
(22,	'1493275818',	NULL,	NULL,	NULL,	NULL,	NULL,	'2017-04-27 13:50:18'),
(23,	'1493385143',	NULL,	NULL,	NULL,	NULL,	NULL,	'2017-04-28 20:12:23'),
(24,	'1504151352',	NULL,	NULL,	NULL,	NULL,	NULL,	'2017-08-31 10:49:12'),
(107,	'1538987728',	'doodi',	'psos',	16,	'spps',	'76376',	'2019-10-23 12:29:51'),
(108,	'1571827162',	'pdpd',	'xpdp',	16,	' ppdp',	'7673373',	'2019-10-23 12:39:55'),
(109,	'1571827499',	'ppppp',	'ppop',	24,	'lllpp',	'6699',	'2019-10-23 12:46:10'),
(110,	'1571838756',	'Emma  Shop ',	'Cars ',	32,	'Emma Mohamed ',	'123456',	'2019-10-23 15:53:49'),
(111,	'1572044934',	'محل بيان',	'فساتين ',	16,	'بيان محمد ',	'123456',	'2019-10-28 15:15:59');

CREATE TABLE `settings` (
  `setting_id` int(10) unsigned NOT NULL,
  `setting_key` varchar(60) NOT NULL,
  `setting_value` varchar(255) DEFAULT NULL,
  `setting_data` text,
  `setting_bankinfo` text,
  `setting_currency` varchar(10) DEFAULT NULL,
  `location_latitude` varchar(20) NOT NULL,
  `location_longitude` varchar(20) NOT NULL,
  PRIMARY KEY (`setting_id`)
) ENGINE=InnoDB DEFAULT CHARSET=utf8;

INSERT INTO `settings` (`setting_id`, `setting_key`, `setting_value`, `setting_data`, `setting_bankinfo`, `setting_currency`, `location_latitude`, `location_longitude`) VALUES
(1382069043,	'SYSTEM_EMAIL',	'1382069043',	'{\"host\":\"smtp.gmail.com\",\"username\":\"fruity.tester@gmail.com\",\"password\":\"cuongdeptrai\",\"port\":\"465\",\"encryption\":\"tls\"}',	'<p>Bank Infomation Restaurant</p>\r\n',	'$',	'-37.838857512335295',	'144.93730490200187'),
(1382069044,	'SETTING_SYSTEM',	'{\"fcm_server_key\":\"AIzaSyCGq3m6E_fr9tk_zM1cC1nAuKBZGCRvnoA\",\"commission\":\"10\",\"subscription\":\"0\",\"have_paypal\":\"0\",\"have_cash_on_delivery\":\"1\",\"have_wire_transfer\":\"0\",\"currency\":\"1\",\"days\":\"10\"}',	'{\"host\":\"smtp.gmail.com\",\"username\":\"fruity.tester@gmail.com\",\"password\":\"trollerlvlmax\",\"port\":\"465\",\"encryption\":\"tls\"}',	'<p>Bank Infomation Restaurant</p>\r\n',	'$',	'0',	'0');

CREATE TABLE `transaction` (
  `id` int(11) NOT NULL AUTO_INCREMENT,
  `order_id` int(11) NOT NULL,
  `shop_id` int(11) NOT NULL,
  `buyer_id` varchar(30) NOT NULL,
  `account_id` varchar(30) NOT NULL,
  `earn` double NOT NULL,
  `commission` double NOT NULL,
  `amount` double NOT NULL,
  `payment_method` int(1) NOT NULL,
  `transaction_id` varchar(100) NOT NULL,
  `created` datetime NOT NULL,
  `action` int(1) NOT NULL,
  `status` int(1) NOT NULL,
  PRIMARY KEY (`id`)
) ENGINE=InnoDB DEFAULT CHARSET=utf8;

INSERT INTO `transaction` (`id`, `order_id`, `shop_id`, `buyer_id`, `account_id`, `earn`, `commission`, `amount`, `payment_method`, `transaction_id`, `created`, `action`, `status`) VALUES
(30,	0,	0,	'0',	'1397811111',	0,	0,	500,	2,	'EC-2G938940LD740794F',	'2016-12-01 09:53:43',	3,	0),
(33,	0,	0,	'0',	'1397811111',	0,	0,	30,	4,	'',	'2016-12-02 17:50:05',	1,	2),
(49,	1,	40,	'1481529010',	'1397811111',	380.7,	42.3,	0,	2,	'',	'2016-12-12 16:27:01',	0,	2),
(50,	3,	38,	'1481529010',	'1397811111',	153.45,	17.05,	0,	2,	'',	'2016-12-13 08:35:14',	0,	2),
(51,	4,	38,	'1481529010',	'1397811111',	264.33,	29.37,	0,	2,	'',	'2016-12-13 08:36:22',	0,	2),
(52,	5,	38,	'1481529010',	'1397811111',	717.75,	79.75,	0,	2,	'',	'2016-12-13 08:37:45',	0,	2),
(53,	6,	38,	'1481529010',	'1397811111',	118.8,	13.2,	0,	2,	'',	'2016-12-13 08:38:24',	0,	2),
(54,	7,	40,	'1481529010',	'1397811111',	1080,	120,	0,	2,	'',	'2016-12-13 08:38:58',	0,	2),
(55,	0,	0,	'0',	'1481612156',	0,	0,	1000,	2,	'EC-79019939F0997425F',	'2016-12-13 13:57:48',	3,	0),
(56,	0,	0,	'0',	'1481612156',	0,	0,	30,	4,	'',	'2016-12-13 14:18:48',	1,	2),
(57,	0,	0,	'0',	'1481615705',	0,	0,	1000,	2,	'EC-43889658UM4697219',	'2016-12-13 14:57:02',	3,	0),
(58,	0,	0,	'0',	'1481615705',	0,	0,	30,	4,	'',	'2016-12-13 14:58:38',	1,	2),
(59,	0,	0,	'0',	'1481616699',	0,	0,	1000,	2,	'EC-7EX053289T497733A',	'2016-12-13 15:14:26',	3,	0),
(60,	0,	0,	'0',	'1481616699',	0,	0,	30,	4,	'',	'2016-12-13 15:15:20',	1,	2),
(61,	0,	0,	'0',	'1481623122',	0,	0,	1000,	2,	'EC-5XU15995CA206914V',	'2016-12-13 17:00:32',	3,	0),
(62,	0,	0,	'0',	'1481623122',	0,	0,	30,	4,	'',	'2016-12-13 17:01:28',	1,	2),
(63,	6,	38,	'1481529010',	'1397811111',	0,	0,	132,	5,	'',	'2016-12-13 17:22:09',	5,	2),
(64,	8,	51,	'1484715193',	'1481623122',	18,	2,	0,	2,	'',	'2017-01-18 14:13:12',	0,	2),
(65,	9,	51,	'1484715193',	'1481623122',	18,	2,	0,	2,	'',	'2017-01-18 14:17:48',	0,	2),
(66,	10,	51,	'1484715193',	'1481623122',	18,	2,	0,	2,	'',	'2017-01-18 14:18:05',	0,	2),
(67,	11,	38,	'1484715193',	'1397811111',	107.91,	11.99,	0,	2,	'',	'2017-01-18 14:19:34',	0,	2),
(68,	12,	50,	'1484715193',	'1481616699',	252,	28,	0,	2,	'',	'2017-01-18 14:39:42',	0,	2),
(69,	0,	0,	'0',	'1397811111',	0,	0,	9999999999,	2,	'EC-56W45483LG941984X',	'2017-02-09 17:17:06',	3,	0),
(70,	0,	0,	'0',	'1397811111',	0,	0,	9999999999999,	2,	'EC-5EC74460BA7452724',	'2017-02-09 17:18:06',	3,	0),
(71,	0,	0,	'0',	'1397811111',	0,	0,	9000000000,	2,	'EC-91022215EE6706945',	'2017-02-09 17:20:33',	3,	0),
(72,	0,	0,	'0',	'1397811111',	0,	0,	10000,	2,	'EC-8SX76706LA2100353',	'2017-02-09 17:21:57',	3,	2),
(73,	0,	0,	'0',	'1397811111',	0,	0,	100000,	2,	'EC-4X418587BF1226745',	'2017-02-09 17:22:29',	3,	2),
(74,	0,	0,	'0',	'1397811111',	0,	0,	1000000,	2,	'EC-1T582465PY512742S',	'2017-02-09 17:23:02',	3,	2),
(75,	0,	0,	'0',	'1397811111',	0,	0,	30,	4,	'',	'2017-02-09 18:04:21',	1,	2),
(76,	14,	38,	'1488505808',	'1397811111',	31.68,	3.52,	0,	2,	'',	'2017-03-03 08:56:26',	0,	2),
(77,	15,	51,	'1488516592',	'1481623122',	18,	2,	0,	2,	'',	'2017-03-03 11:51:35',	0,	2),
(78,	16,	38,	'1432968757',	'1397811111',	107.91,	11.99,	0,	2,	'',	'2017-03-11 00:59:49',	0,	2),
(79,	0,	0,	'0',	'1492576113',	0,	0,	1000,	2,	'EC-4HK27443X28039748',	'2017-04-19 11:33:47',	3,	0),
(80,	0,	0,	'0',	'1492576113',	0,	0,	300,	4,	'',	'2017-04-27 12:23:27',	1,	2),
(81,	18,	38,	'1488516592',	'1397811111',	35.2,	0,	0,	2,	'',	'2017-05-11 16:45:18',	0,	2),
(82,	19,	38,	'1495008909',	'1397811111',	653.4,	0,	0,	2,	'',	'2017-05-17 15:16:35',	0,	2),
(83,	20,	38,	'1432968757',	'1397811111',	107.8,	0,	0,	2,	'',	'2017-05-25 18:56:14',	0,	2),
(84,	23,	38,	'1432968757',	'1397811111',	845.9,	0,	0,	2,	'',	'2017-05-25 19:25:02',	0,	2),
(85,	24,	40,	'1432968757',	'1397811111',	968.9,	0,	0,	2,	'',	'2017-05-25 19:25:02',	0,	2),
(86,	25,	53,	'1432968757',	'1397811111',	140,	0,	0,	2,	'',	'2017-05-25 22:44:25',	0,	2),
(87,	26,	38,	'1432968757',	'1397811111',	421.6,	0,	0,	2,	'',	'2017-05-25 22:44:25',	0,	2),
(88,	27,	51,	'1432968757',	'1481623122',	621.6,	0,	0,	2,	'',	'2017-05-25 22:44:25',	0,	2),
(89,	0,	0,	'0',	'1495775393',	0,	0,	200,	2,	'EC-0X214689HT606733M',	'2017-05-26 12:13:12',	3,	0),
(90,	0,	0,	'0',	'1495775393',	0,	0,	50,	4,	'',	'2017-05-26 12:23:18',	1,	2),
(91,	32,	57,	'1432968757',	'1495775393',	4686.08,	200,	0,	2,	'',	'2017-05-26 12:52:33',	0,	1),
(92,	0,	0,	'0',	'1397811111',	0,	0,	50,	4,	'',	'2017-05-26 15:17:13',	1,	2),
(100,	40,	38,	'1432968757',	'1397811111',	170.5,	0,	0,	2,	'',	'2017-05-29 18:05:48',	0,	2),
(101,	0,	0,	'0',	'1397811111',	0,	0,	50,	4,	'',	'2017-06-15 15:58:00',	1,	2),
(102,	0,	0,	'0',	'1397811111',	0,	0,	50,	4,	'',	'2017-07-16 11:27:25',	1,	2),
(103,	43,	38,	'1432968757',	'1397811111',	170.5,	0,	0,	2,	'',	'2017-07-17 13:26:46',	0,	2),
(104,	44,	51,	'admin',	'1481623122',	20,	0,	0,	2,	'',	'2017-07-20 03:50:16',	0,	2),
(105,	45,	40,	'1500518661',	'1397811111',	300,	0,	0,	2,	'',	'2017-07-20 09:47:27',	0,	2),
(106,	46,	38,	'1500519473',	'1397811111',	119.9,	0,	0,	2,	'',	'2017-07-20 10:02:53',	0,	2),
(107,	47,	52,	'1500519473',	'1397811111',	169.9,	0,	0,	2,	'',	'2017-07-20 10:02:53',	0,	2),
(108,	48,	40,	'1500519473',	'1397811111',	469.9,	0,	0,	2,	'',	'2017-07-20 10:02:53',	0,	2),
(109,	50,	38,	'1501583711',	'1397811111',	228.8,	0,	0,	2,	'',	'2017-08-01 17:38:01',	0,	2),
(110,	51,	38,	'1501583711',	'1397811111',	771.1,	0,	0,	2,	'',	'2017-08-01 17:57:17',	0,	2),
(111,	52,	40,	'1501583711',	'1397811111',	894.1,	0,	0,	2,	'',	'2017-08-01 17:57:17',	0,	2),
(112,	0,	0,	'0',	'1397811111',	0,	0,	50,	4,	'',	'2017-08-06 21:30:45',	1,	2),
(113,	73,	51,	'1502266717',	'1481623122',	20,	0,	0,	2,	'',	'2017-08-09 16:30:51',	0,	2),
(114,	77,	38,	'1432968757',	'1397811111',	170.5,	0,	0,	2,	'',	'2017-08-09 16:45:21',	0,	2),
(115,	80,	38,	'1502266717',	'1397811111',	35.2,	0,	0,	2,	'',	'2017-08-09 17:05:59',	0,	2),
(116,	89,	38,	'1500535542',	'1397811111',	35.2,	0,	0,	2,	'',	'2017-08-15 17:36:14',	0,	2),
(117,	96,	38,	'1500535542',	'1397811111',	35.2,	0,	0,	2,	'',	'2017-08-16 08:54:03',	0,	2),
(118,	0,	0,	'0',	'1502940999',	0,	0,	5,	2,	'EC-6KH61301L59269744',	'2017-08-17 10:44:12',	3,	0),
(119,	103,	38,	'1500535542',	'1397811111',	35.2,	0,	0,	2,	'',	'2017-08-18 11:22:40',	0,	2),
(120,	0,	0,	'0',	'1397811111',	0,	0,	50,	4,	'',	'2017-09-19 18:44:49',	1,	2),
(121,	123,	38,	'1505936462',	'1397811111',	277.2,	0,	0,	2,	'',	'2017-09-21 02:45:29',	0,	2),
(122,	0,	0,	'0',	'1397811111',	0,	0,	50,	4,	'',	'2017-10-06 15:13:26',	1,	2),
(123,	129,	38,	'1432968757',	'1397811111',	35.2,	0,	0,	2,	'',	'2017-11-06 22:41:05',	0,	2),
(124,	130,	60,	'1432968757',	'1397811111',	635.2,	34,	0,	2,	'',	'2017-11-06 22:41:05',	0,	2),
(125,	0,	0,	'0',	'1397811111',	0,	0,	0,	4,	'',	'2017-11-18 15:54:27',	1,	2),
(126,	0,	0,	'0',	'1397811111',	0,	0,	0,	4,	'',	'2017-12-05 19:56:14',	1,	2),
(127,	0,	0,	'0',	'1397811111',	0,	0,	0,	4,	'',	'2018-01-04 03:58:09',	1,	2),
(128,	138,	38,	'1432968757',	'1397811111',	440.55,	48.95,	0,	2,	'',	'2018-01-17 23:35:47',	0,	2),
(129,	0,	0,	'0',	'1397811111',	0,	0,	0,	4,	'',	'2018-02-19 17:30:05',	1,	2),
(130,	142,	38,	'1519166848',	'1397811111',	251.46,	27.94,	0,	2,	'',	'2018-02-21 05:49:35',	0,	2),
(131,	0,	0,	'0',	'1397811111',	0,	0,	0,	4,	'',	'2018-03-01 07:59:07',	1,	2),
(132,	0,	0,	'0',	'1397811111',	0,	0,	0,	4,	'',	'2018-04-25 17:53:54',	1,	2),
(133,	0,	0,	'0',	'1397811111',	0,	0,	0,	4,	'',	'2018-05-01 04:50:23',	1,	2),
(134,	0,	0,	'0',	'1397811111',	0,	0,	0,	4,	'',	'2018-06-05 01:07:04',	1,	2),
(135,	0,	0,	'0',	'1397811111',	0,	0,	0,	4,	'',	'2018-07-10 00:55:31',	1,	2),
(136,	0,	0,	'0',	'1397811111',	0,	0,	0,	4,	'',	'2018-09-14 13:20:35',	1,	2),
(137,	0,	0,	'0',	'1397811111',	0,	0,	0,	4,	'',	'2018-10-04 03:16:47',	1,	2),
(138,	0,	0,	'0',	'1397811111',	0,	0,	0,	4,	'',	'2019-03-25 11:33:51',	1,	2),
(139,	0,	0,	'0',	'1432968757',	0,	0,	0,	4,	'',	'2019-03-25 14:45:55',	1,	2),
(140,	0,	0,	'0',	'1553596624',	0,	0,	0,	4,	'',	'2019-03-27 23:11:00',	1,	2),
(141,	0,	0,	'0',	'1432968757',	0,	0,	0,	4,	'',	'2019-04-03 11:40:29',	1,	2),
(142,	172,	64,	'1553596624',	'1553596624',	90,	10,	0,	2,	'',	'2019-04-03 14:57:17',	0,	2),
(143,	0,	0,	'0',	'1553596624',	0,	0,	0,	4,	'',	'2019-04-09 17:18:05',	1,	2),
(144,	0,	0,	'0',	'1397811111',	0,	0,	0,	4,	'',	'2019-04-17 06:23:00',	1,	2),
(145,	0,	0,	'0',	'1397811111',	0,	0,	0,	4,	'',	'2019-05-03 06:53:42',	1,	2),
(146,	0,	0,	'0',	'1553596624',	0,	0,	0,	4,	'',	'2019-05-03 14:47:05',	1,	2),
(147,	0,	0,	'0',	'1432968757',	0,	0,	0,	4,	'',	'2019-05-06 12:12:53',	1,	2),
(148,	0,	0,	'0',	'1481616699',	0,	0,	0,	4,	'',	'2019-05-14 14:46:16',	1,	2),
(149,	0,	0,	'0',	'1563415542',	0,	0,	0,	4,	'',	'2019-07-22 12:17:43',	1,	2),
(150,	0,	0,	'0',	'1553596624',	0,	0,	0,	4,	'',	'2019-08-13 16:34:20',	1,	2),
(151,	0,	0,	'0',	'1553500257',	0,	0,	0,	4,	'',	'2019-10-08 04:08:48',	1,	2),
(152,	0,	0,	'0',	'1553596624',	0,	0,	0,	4,	'',	'2019-10-23 23:49:33',	1,	2);

CREATE TABLE `user_shop` (
  `id` int(11) NOT NULL AUTO_INCREMENT,
  `shopId` int(11) NOT NULL,
  `accountId` varchar(30) CHARACTER SET utf8 NOT NULL,
  `order_count` int(11) DEFAULT '0',
  PRIMARY KEY (`id`)
) ENGINE=InnoDB DEFAULT CHARSET=latin1;

INSERT INTO `user_shop` (`id`, `shopId`, `accountId`, `order_count`) VALUES
(5,	38,	'1432968757',	41),
(6,	41,	'1414741099',	7),
(7,	40,	'1414741099',	8),
(15,	41,	'1397811111',	1),
(16,	40,	'1397811111',	1),
(37,	39,	'1432968757',	1),
(44,	48,	'1432968757',	3),
(45,	40,	'1481529010',	2),
(46,	38,	'1414741099',	1),
(47,	38,	'1481529010',	4),
(48,	51,	'1484715193',	3),
(49,	38,	'1484715193',	1),
(50,	50,	'1484715193',	1),
(51,	40,	'1432968757',	7),
(52,	38,	'1488505808',	1),
(53,	51,	'1488516592',	1),
(54,	38,	'1488516592',	1),
(55,	38,	'1495008909',	1),
(56,	53,	'1432968757',	1),
(57,	51,	'1432968757',	1),
(58,	55,	'1432968757',	1),
(59,	54,	'1432968757',	1),
(60,	57,	'1432968757',	8),
(61,	51,	'admin',	1),
(62,	40,	'1500518661',	1),
(63,	38,	'1500519473',	1),
(64,	52,	'1500519473',	1),
(65,	40,	'1500519473',	1),
(66,	38,	'1501583711',	3),
(67,	40,	'1501583711',	1),
(68,	38,	'1494497660',	1),
(69,	38,	'1502266717',	18),
(70,	51,	'1502266717',	2),
(71,	55,	'1502266717',	1),
(72,	38,	'1488452667',	2),
(73,	40,	'1488452667',	2),
(74,	38,	'1500535542',	25),
(75,	38,	'1501859994',	2),
(76,	54,	'1501859994',	1),
(77,	57,	'1502975195',	3),
(78,	38,	'1502975195',	1),
(79,	40,	'1500535542',	1),
(80,	38,	'1503292478',	1),
(81,	59,	'1503292478',	1),
(82,	40,	'1505805629',	1),
(83,	38,	'1505936462',	6),
(84,	55,	'1505936462',	1),
(85,	38,	'1508585783',	1),
(86,	60,	'1432968757',	1),
(87,	40,	'1510589062',	2),
(88,	40,	'1511583827',	2),
(89,	38,	'1515714397',	1),
(90,	40,	'1515714397',	1),
(91,	38,	'1519039880',	1),
(92,	40,	'1519039880',	1),
(93,	38,	'1519166848',	1),
(94,	38,	'1519288393',	1),
(95,	40,	'1519288393',	1),
(96,	38,	'1520342922',	1),
(97,	57,	'1520342922',	1),
(98,	38,	'1520858240',	1),
(99,	40,	'1520836363',	1),
(100,	38,	'1530385751',	1),
(101,	40,	'1530385751',	1),
(102,	38,	'1538987728',	2),
(103,	40,	'1538987728',	1),
(104,	59,	'1553500257',	6),
(105,	63,	'1553500257',	6),
(106,	63,	'1553500214',	6),
(107,	63,	'1432968757',	1),
(108,	62,	'1553596624',	7),
(109,	63,	'1553596624',	6),
(110,	64,	'1553596624',	12),
(111,	64,	'1554540701',	3),
(112,	63,	'1554540701',	1),
(113,	64,	'1554821678',	5),
(114,	64,	'1555364252',	16),
(115,	59,	'1553500214',	22),
(116,	55,	'1553500214',	1),
(117,	55,	'1553500257',	3),
(118,	59,	'1555364252',	1),
(119,	62,	'1557252164',	1),
(120,	61,	'1553500257',	1),
(121,	69,	'1553500257',	2),
(122,	69,	'1553500214',	1),
(123,	71,	'1553500214',	1),
(124,	64,	'1565688072',	1),
(125,	81,	'1538987728',	3),
(126,	78,	'1553500257',	1),
(127,	78,	'1553596624',	2),
(128,	63,	'1570109651',	10),
(129,	88,	'1568083060',	2),
(130,	63,	'1557252562',	1),
(131,	87,	'1553596624',	8),
(132,	81,	'1570610807',	14),
(133,	81,	'1568083060',	22),
(134,	63,	'1565688072',	2),
(135,	87,	'1557254765',	1),
(136,	63,	'1557252252',	5),
(137,	60,	'1553596624',	1),
(138,	81,	'1571027708',	2),
(139,	63,	'1557252316',	1),
(140,	61,	'1553596624',	1),
(141,	81,	'1553500257',	1),
(142,	81,	'1571728657',	2),
(143,	63,	'1570610807',	1),
(144,	63,	'1557231865',	17),
(145,	63,	'1571743035',	1),
(146,	63,	'1571742116',	4),
(147,	64,	'1571838756',	4),
(148,	63,	'1572044934',	2);

-- 2020-01-07 06:01:58
